INSERT INTO `payed` VALUES (10066,60000,10000,1,20,2000,'2025-06-01',2000,50000,60000,50000,'2025-06-01 03:00:00.000000','2025-07-01 00:00:00.000000','2025-07-30 00:00:00.000000',7,'0',23,'GENERAL MANAGER','Bamwebaze','Kellen','','','Cash',1160,'ONESMUS ESTATES','residential','RM18','Kemigisha','Marion','','256256708657648','',0,60000,NULL,NULL,30,0,3000,'Ambrose',130,0,163,'2025-07-05 15:23:34.000000',506,1,5);
INSERT INTO `payed` VALUES (10067,60000,60000,1,20,12000,'2025-06-01',12000,0,60000,0,'2025-06-01 00:00:00.000000','2025-07-01 00:00:00.000000',NULL,7,'0',29,'ACCOUNTS ASSISTANT','RODGERS','TURYAHEBWA','','','Cash',1210,'BASHIR MARKET CELL','commercial','RM7','Mr','Stephen ','','256744311275','',0,60000,NULL,NULL,30,0,18000,'TURYAHEBWA RODGERS',NULL,0,139,'2025-07-05 16:11:35.000000',1300,1,5);
INSERT INTO `payed` VALUES (10068,130000,50000,1,20,10000,'2025-07-01',16000,0,130000,0,'2025-07-06 03:00:00.000000','2025-08-06 00:00:00.000000','2025-07-15 00:00:00.000000',7,'0',29,'ACCOUNTS ASSISTANT','RODGERS','TURYAHEBWA','','','cash',1238,'ELLY VIP','residential','RM13','Komujuni','Jackline','','256750887560','',0,130000,NULL,NULL,30,0,15000,'crane',NULL,0,159,'2025-07-12 10:01:53.000000',2244,1,5);
INSERT INTO `payed` VALUES (10069,80000,20000,1,20,4000,'2025-06-01',4000,60000,80000,60000,'2025-06-13 03:00:00.000000','2025-07-13 00:00:00.000000','2025-07-30 00:00:00.000000',7,'0',23,'GENERAL MANAGER','Bamwebaze','Kellen','','','Cash',1171,'GORDON ESTATES','residential','RM29','BAHIRWA','BENIUS','','256779253121','',0,80000,NULL,NULL,30,0,6000,'Ambrose',147,0,163,'2025-07-06 14:12:38.000000',1013,1,5);
INSERT INTO `payed` VALUES (10070,50000,50000,1,20,10000,'2025-07-01',10000,0,50000,0,'2025-07-01 00:00:00.000000','2025-08-01 00:00:00.000000',NULL,7,'0',23,'GENERAL MANAGER','Bamwebaze','Kellen','','','Cash',1198,'JB JESUS CARE ','commercial','CH5','Ampaire','Lavin','','256778786480','',0,50000,NULL,NULL,30,0,15000,'Ambrose',143,0,163,'2025-07-06 14:54:57.000000',1869,1,5);
INSERT INTO `payed` VALUES (10071,300000,200000,1,20,40000,'2025-06-01',40000,100000,300000,100000,'2025-06-01 03:00:00.000000','2025-07-01 00:00:00.000000','2025-07-30 00:00:00.000000',7,'0',23,'GENERAL MANAGER','Bamwebaze','Kellen','','','Cash',1198,'JB JESUS CARE ','commercial','RM6','ATUKWATSE','EDITH','','256779412034','',0,250000,NULL,NULL,30,0,60000,'Ambrose',143,0,163,'2025-07-06 15:05:01.000000',813,1,5);
INSERT INTO `payed` VALUES (10072,60000,60000,1,15,9000,'2025-05-01',9000,0,60000,0,'2025-05-17 00:00:00.000000','2025-06-17 00:00:00.000000',NULL,7,'0',23,'GENERAL MANAGER','Bamwebaze','Kellen','','','Cash',1299,'Kintu kateera estate','residential','RM14','Ssempira ','Bashir','','256780498315','',0,60000,NULL,NULL,30,0,18000,'Ambrose',NULL,0,163,'2025-07-06 16:57:03.000000',2114,1,5);
INSERT INTO `payed` VALUES (10073,80000,80000,1,20,16000,'2025-06-01',16000,0,80000,0,'2025-06-27 00:00:00.000000','2025-07-27 00:00:00.000000',NULL,7,'0',23,'GENERAL MANAGER','Bamwebaze','Kellen','','','Cash',1209,'CHRISTOPHER ESTATES','commercial','RM9','Kiiza','Hilly','','256787184881','',0,80000,NULL,NULL,30,0,24000,'Ambrose',NULL,0,163,'2025-07-06 17:53:21.000000',1196,1,5);
INSERT INTO `payed` VALUES (10074,200000,200000,1,14.6,29200,'2025-05-01',29200,0,200000,0,'2025-05-15 00:00:00.000000','2025-06-15 00:00:00.000000',NULL,7,'0',29,'ACCOUNTS ASSISTANT','RODGERS','TURYAHEBWA','','','Cash',1165,'PHILEMON ESTATES','commercial','HOUSE5','SABIITI','KENNETH','','256705834415','+256778446810',0,200000,NULL,NULL,15,0,30000,'TURYAHEBWA RODGERS',142,0,139,'2025-07-07 18:59:54.000000',548,1,5);
INSERT INTO `payed` VALUES (10075,80000,40000,1,15,6000,'2025-06-01',6000,40000,80000,40000,'2025-06-05 03:00:00.000000','2025-07-05 00:00:00.000000','2025-07-21 00:00:00.000000',7,'0',29,'ACCOUNTS ASSISTANT','RODGERS','TURYAHEBWA','','','Cash',1166,'JB KATETE CENTRAL','residential','RM2','NAMANYA ','PETER','','256752730724','',0,80000,NULL,NULL,30,0,12000,'crane',143,0,159,'2025-07-07 19:35:15.000000',1879,1,5);
INSERT INTO `payed` VALUES (10076,100000,100000,1,15,15000,'2025-06-01',15000,0,100000,0,'2025-06-01 00:00:00.000000','2025-07-01 00:00:00.000000',NULL,7,'0',23,'GENERAL MANAGER','Bamwebaze','Kellen','','','Cash',1222,'SILVER ESTATES','commercial','H1','Mutabaazi','Praise','','256789154199','',0,100000,NULL,NULL,15,0,15000,'Ambrose',NULL,0,163,'2025-07-07 10:59:36.000000',1311,1,5);
INSERT INTO `payed` VALUES (10077,100000,100000,1,15,15000,'2025-05-01',15000,0,100000,0,'2025-05-01 00:00:00.000000','2025-06-01 00:00:00.000000',NULL,7,'0',23,'GENERAL MANAGER','Bamwebaze','Kellen','','','Cash',1222,'SILVER ESTATES','commercial','RM2','Kaweesa','Sulaiman','','256704336107','',0,100000,NULL,NULL,15,0,15000,'Ambrose',NULL,0,163,'2025-07-07 11:06:20.000000',999,1,5);
INSERT INTO `payed` VALUES (10078,250000,250000,1,10,25000,'2025-06-01',25000,0,250000,0,'2025-06-15 00:00:00.000000','2025-07-15 00:00:00.000000',NULL,7,'0',29,'ACCOUNTS ASSISTANT','RODGERS','TURYAHEBWA','','','Cash',1193,'BASIIME VIP','commercial','U','NTEREIRA','SHIMON','','256703187197','',0,250000,NULL,NULL,30,0,75000,'TURYAHEBWA RODGERS',NULL,0,139,'2025-07-07 11:12:39.000000',1842,1,5);
INSERT INTO `payed` VALUES (10079,120000,120000,1,20,24000,'2025-07-01',24000,0,120000,0,'2025-07-07 00:00:00.000000','2025-08-07 00:00:00.000000',NULL,7,'0',29,'ACCOUNTS ASSISTANT','RODGERS','TURYAHEBWA','','','Cash',1234,'Fulge estates','commercial','RM10','AMUTUHAIRE','DOREEN','','256788563910','',0,120000,NULL,NULL,30,0,36000,'crane',NULL,0,159,'2025-07-07 11:48:01.000000',1085,1,5);
INSERT INTO `payed` VALUES (10080,300000,300000,1,20,60000,'2025-06-01',60000,0,300000,0,'2025-06-01 00:00:00.000000','2025-07-01 00:00:00.000000',NULL,7,'0',29,'ACCOUNTS ASSISTANT','RODGERS','TURYAHEBWA','','','Cash',1197,'JOHN BOSCO MILE 4','commercial','RM19','ASIIMA','EDNAH','','256757787706','',0,300000,NULL,NULL,30,0,90000,'TURYAHEBWA RODGERS',143,0,139,'2025-07-07 12:16:09.000000',799,1,5);
INSERT INTO `payed` VALUES (10081,60000,60000,1,20,12000,'2025-07-01',12000,0,60000,0,'2025-07-03 00:00:00.000000','2025-08-03 00:00:00.000000',NULL,7,'0',23,'GENERAL MANAGER','Bamwebaze','Kellen','','','Cash',1302,'Isaac estates katete','residential','RM4','Ninsiima','Susan ','','256760922048','',0,60000,NULL,NULL,30,0,18000,'crane',NULL,0,159,'2025-07-07 13:04:03.000000',2157,1,5);
INSERT INTO `payed` VALUES (10082,120000,140000,2,15,21000,'2025-05-01',10500,100000,240000,100000,'2025-05-09 03:00:00.000000','2025-07-09 00:00:00.000000','2025-07-26 00:00:00.000000',7,'0',29,'ACCOUNTS ASSISTANT','RODGERS','TURYAHEBWA','','','Cash',1172,'JB Rwemirinzi','residential','RM5','BIRAARO','DARIAS','','256700411418','',10000,120000,NULL,NULL,30,0,42000,'TURYAHEBWA RODGERS',143,0,139,'2025-07-07 13:12:20.000000',606,1,5);
INSERT INTO `payed` VALUES (10083,130000,130000,1,20,26000,'2025-07-01',26000,0,130000,0,'2025-07-06 00:00:00.000000','2025-08-06 00:00:00.000000',NULL,7,'0',23,'GENERAL MANAGER','Bamwebaze','Kellen','','','Cash',1238,'ELLY VIP','residential','RM8','Amupeire ','Julian','','256744918493','',0,130000,NULL,NULL,30,0,39000,'crane',NULL,0,159,'2025-07-07 13:14:52.000000',2198,1,5);
INSERT INTO `payed` VALUES (10084,130000,130000,1,20,26000,'2025-06-01',26000,0,130000,0,'2025-06-14 00:00:00.000000','2025-07-14 00:00:00.000000',NULL,7,'0',23,'GENERAL MANAGER','Bamwebaze','Kellen','','','Cash',1238,'ELLY VIP','residential','RM14','Nemigisha','Annet','','256762252259','',0,130000,NULL,NULL,30,0,39000,'crane',NULL,0,159,'2025-07-07 13:17:21.000000',1713,1,5);
INSERT INTO `payed` VALUES (10085,300000,300000,1,10,30000,'2025-05-01',30000,0,300000,0,'2025-05-01 00:00:00.000000','2025-06-01 00:00:00.000000',NULL,7,'0',29,'ACCOUNTS ASSISTANT','RODGERS','TURYAHEBWA','','','Cash',1251,'KANANURA MARTIN','residential','E','LUBEGA','PHAISAL','','256701213555','',0,300000,NULL,NULL,30,0,90000,'TURYAHEBWA RODGERS',NULL,0,139,'2025-07-07 13:49:46.000000',1258,1,5);
INSERT INTO `payed` VALUES (10086,150000,150000,1,18,27000,'2025-06-01',27000,0,150000,0,'2025-06-06 00:00:00.000000','2025-07-06 00:00:00.000000',NULL,7,'0',23,'GENERAL MANAGER','Bamwebaze','Kellen','','','Cash',1162,'JACENTA ESTATE','commercial','COMMERCIAL1','Mwesigye','Paul','','256777664579','',0,150000,NULL,NULL,30,0,45000,'Ambrose',128,0,163,'2025-07-07 14:21:22.000000',1168,1,5);
INSERT INTO `payed` VALUES (10087,50000,50000,1,20,10000,'2025-07-01',10000,0,50000,0,'2025-07-06 00:00:00.000000','2025-08-06 00:00:00.000000',NULL,9,'0',23,'GENERAL MANAGER','Bamwebaze','Kellen','','','Bank Transfer',1301,'Patrick ordinary ','residential','RM4','Nyeitera','Jameriah','','256761652304','',0,50000,NULL,NULL,30,0,15000,'Ambrose',NULL,0,163,'2025-07-07 14:22:25.000000',2154,1,5);
INSERT INTO `payed` VALUES (10088,60000,20000,1,15,3000,'2025-05-01',3000,20000,60000,20000,'2025-05-23 03:00:00.000000','2025-06-23 00:00:00.000000','2025-07-30 00:00:00.000000',7,'0',23,'GENERAL MANAGER','Bamwebaze','Kellen','','','cash',1299,'Kintu kateera estate','residential','RM9','Akandwanaho','Edwin','','256784699940','',0,60000,NULL,NULL,30,0,6000,'Ambrose',NULL,0,163,'2025-07-12 12:46:35.000000',2080,1,5);
INSERT INTO `payed` VALUES (10089,60000,60000,1,20,12000,'2025-06-01',12000,0,60000,0,'2025-06-20 00:00:00.000000','2025-07-20 00:00:00.000000',NULL,7,'0',29,'ACCOUNTS ASSISTANT','RODGERS','TURYAHEBWA','','','Cash',1205,'BASHIR TANKHILL','commercial','RM8','MUGIGA','JACKSON ','','256782864611','',0,60000,NULL,NULL,30,0,18000,'TURYAHEBWA RODGERS',NULL,0,139,'2025-07-07 14:43:11.000000',1637,1,5);
INSERT INTO `payed` VALUES (10090,100000,30000,1,20,6000,'2025-07-01',14000,0,100000,0,'2025-07-01 03:00:00.000000','2025-08-01 00:00:00.000000','2025-07-19 00:00:00.000000',7,'0',29,'ACCOUNTS ASSISTANT','RODGERS','TURYAHEBWA','','','cash',1210,'BASHIR MARKET CELL','commercial','CM10','SAILUS','MUYAMBI','','256706494780','',0,100000,NULL,NULL,30,0,9000,'TURYAHEBWA RODGERS',NULL,0,139,'2025-07-11 12:23:35.000000',2148,1,5);
INSERT INTO `payed` VALUES (10091,60000,60000,1,20,12000,'2025-06-01',12000,0,60000,0,'2025-06-20 00:00:00.000000','2025-07-20 00:00:00.000000',NULL,7,'0',23,'GENERAL MANAGER','Bamwebaze','Kellen','','','Cash',1160,'ONESMUS ESTATES','residential','RM6','sedrak','James','','256752520464','',0,60000,NULL,NULL,30,0,18000,'Ambrose',130,0,163,'2025-07-07 14:55:11.000000',2161,1,5);
INSERT INTO `payed` VALUES (10092,60000,60000,1,18.5,11100,'2025-07-01',11100,0,60000,0,'2025-07-02 00:00:00.000000','2025-08-02 00:00:00.000000',NULL,7,'0',29,'ACCOUNTS ASSISTANT','RODGERS','TURYAHEBWA','','','Cash',1286,'Banywana estate 2','residential','RM4','ASASIRA','LAZARUS ','','256703309240','',0,60000,NULL,NULL,30,0,18000,'TURYAHEBWA RODGERS',NULL,0,139,'2025-07-07 15:24:16.000000',2281,1,5);
INSERT INTO `payed` VALUES (10093,150000,150000,1,20,30000,'2025-07-01',30000,0,150000,0,'2025-07-01 00:00:00.000000','2025-08-01 00:00:00.000000',NULL,7,'0',23,'GENERAL MANAGER','Bamwebaze','Kellen','','','Cash',1180,'BRIDGET ROAD ','commercial','CH4','TUMUSIIME','RODGERS','','256783942124','',0,150000,NULL,NULL,30,0,45000,'crane',130,0,159,'2025-07-07 15:37:39.000000',655,1,5);
INSERT INTO `payed` VALUES (10094,50000,50000,1,20,10000,'2025-06-01',10000,0,50000,0,'2025-06-01 00:00:00.000000','2025-07-01 00:00:00.000000',NULL,7,'0',29,'ACCOUNTS ASSISTANT','RODGERS','TURYAHEBWA','','','Cash',1294,'Bonny estates ','residential','RM 3 ','Ainomugisha','Abel','','256744516914','',0,50000,NULL,NULL,30,0,15000,'TURYAHEBWA RODGERS',NULL,0,139,'2025-07-07 15:54:01.000000',1871,1,5);
INSERT INTO `payed` VALUES (10095,100000,100000,1,20,20000,'2025-07-01',20000,0,100000,0,'2025-07-01 00:00:00.000000','2025-08-01 00:00:00.000000',NULL,7,'0',23,'GENERAL MANAGER','Bamwebaze','Kellen','','','Cash',1291,'Kemirembe Florence estates ','residential','ROOM 3','Bakashaba ','Prosper ','','256706970953','',0,100000,NULL,NULL,30,0,30000,'crane',NULL,0,159,'2025-07-07 16:23:30.000000',1907,1,5);
INSERT INTO `payed` VALUES (10096,150000,150000,1,15,22500,'2025-07-01',22500,0,150000,0,'2025-07-03 00:00:00.000000','2025-08-03 00:00:00.000000',NULL,7,'0',29,'ACCOUNTS ASSISTANT','RODGERS','TURYAHEBWA','','','Cash',1172,'JB Rwemirinzi','commercial','CH1','JUSTUS','OBOTEY','','256702762065','',0,150000,NULL,NULL,30,0,45000,'TURYAHEBWA RODGERS',143,0,139,'2025-07-08 09:13:09.000000',2010,1,5);
INSERT INTO `payed` VALUES (10097,120000,120000,1,17.6,21120,'2025-06-01',21120,0,120000,0,'2025-06-28 00:00:00.000000','2025-07-28 00:00:00.000000',NULL,7,'0',29,'ACCOUNTS ASSISTANT','RODGERS','TURYAHEBWA','','','Cash',1220,'KILIMAN ESTATES','commercial','RM5','BYARUHANGA','GODFREY','','256706353674','',0,120000,NULL,NULL,30,0,36000,'TURYAHEBWA RODGERS',NULL,0,139,'2025-07-08 09:57:19.000000',972,1,5);
INSERT INTO `payed` VALUES (10098,50000,35000,1,20,7000,'2025-06-01',7000,15000,50000,15000,'2025-06-10 03:00:00.000000','2025-07-10 00:00:00.000000','2025-07-26 00:00:00.000000',7,'0',29,'ACCOUNTS ASSISTANT','RODGERS','TURYAHEBWA','','','Cash',1295,'Bonny estate 2','residential','RM2','Gumisiriza','Edwin','','256760075188','',0,50000,NULL,NULL,30,0,10500,'TURYAHEBWA RODGERS',NULL,0,139,'2025-07-08 10:05:37.000000',1829,1,5);
INSERT INTO `payed` VALUES (10099,80000,50000,1,20,10000,'2025-06-01',10000,30000,80000,30000,'2025-06-20 03:00:00.000000','2025-07-20 00:00:00.000000','2025-07-30 00:00:00.000000',7,'0',23,'GENERAL MANAGER','Bamwebaze','Kellen','','','Cash',1171,'GORDON ESTATES','residential','RM4','Usamba','Faizo','','256701924202','',0,70000,NULL,NULL,30,0,15000,'Ambrose',147,0,163,'2025-07-08 10:12:15.000000',2135,1,5);
INSERT INTO `payed` VALUES (10100,80000,160000,2,20,32000,'2025-07-01',16000,0,160000,0,'2025-07-06 00:00:00.000000','2025-09-06 00:00:00.000000',NULL,7,'0',23,'GENERAL MANAGER','Bamwebaze','Kellen','','','Cash',1171,'GORDON ESTATES','residential','RM22','TUSIIME','DORAH','KELLEN','256780469095','',0,80000,NULL,NULL,30,0,48000,'Ambrose',147,0,163,'2025-07-08 10:15:17.000000',1206,1,5);
INSERT INTO `payed` VALUES (10101,200000,200000,1,11.6,23200,'2025-07-01',23200,0,200000,0,'2025-07-06 00:00:00.000000','2025-08-06 00:00:00.000000',NULL,7,'0',29,'ACCOUNTS ASSISTANT','RODGERS','TURYAHEBWA','','','Cash',1265,'TUMUSIIME DEUS ESTATES','commercial','CM3','Batamuriza','Kellen','','256256708555074','',0,200000,NULL,NULL,0,0,0,'TURYAHEBWA RODGERS',NULL,0,139,'2025-07-08 10:47:17.000000',1502,1,5);
INSERT INTO `payed` VALUES (10102,200000,200000,1,11.6,23200,'2025-07-01',23200,0,200000,0,'2025-07-06 00:00:00.000000','2025-08-06 00:00:00.000000',NULL,7,'0',29,'ACCOUNTS ASSISTANT','RODGERS','TURYAHEBWA','','','Cash',1265,'TUMUSIIME DEUS ESTATES','commercial','CM1','Nuwatuhaire','Florence','','256703652843','',0,200000,NULL,NULL,0,0,0,'TURYAHEBWA RODGERS',NULL,0,139,'2025-07-08 10:49:22.000000',1663,1,5);
INSERT INTO `payed` VALUES (10103,50000,50000,1,20,10000,'2025-07-01',10000,0,50000,0,'2025-07-01 00:00:00.000000','2025-08-01 00:00:00.000000',NULL,7,'0',29,'','','','','','Cash',1255,'MAKATU ESTATES','residential','RM7','NINYESIGA','JULIANA','','256756570106','',0,50000,NULL,NULL,30,0,15000,'TURYAHEBWA RODGERS',NULL,0,139,'2025-07-08 11:05:34.000000',2191,1,5);
INSERT INTO `payed` VALUES (10104,50000,50000,1,20,10000,'2025-07-01',10000,0,50000,0,'2025-07-01 00:00:00.000000','2025-08-01 00:00:00.000000',NULL,7,'0',29,'ACCOUNTS ASSISTANT','RODGERS','TURYAHEBWA','','','Cash',1255,'MAKATU ESTATES','commercial','CH2','MWINE','ELIAS','','256757509204','',0,50000,NULL,NULL,30,0,15000,'TURYAHEBWA RODGERS',NULL,0,139,'2025-07-08 11:07:32.000000',1985,1,5);
INSERT INTO `payed` VALUES (10105,120000,70000,1,20,14000,'2025-06-01',14000,50000,120000,50000,'2025-06-01 03:00:00.000000','2025-07-01 00:00:00.000000','2025-07-26 00:00:00.000000',7,'0',29,'ACCOUNTS ASSISTANT','RODGERS','TURYAHEBWA','','','Cash',1210,'BASHIR MARKET CELL','commercial','RM5','ASHA','OMAARI','','256754751544','',0,120000,NULL,NULL,30,0,21000,'TURYAHEBWA RODGERS',NULL,0,139,'2025-07-08 11:20:09.000000',919,1,5);
INSERT INTO `payed` VALUES (10106,120000,120000,1,17.6,21120,'2025-05-01',21120,0,120000,0,'2025-05-01 00:00:00.000000','2025-06-01 00:00:00.000000',NULL,7,'0',29,'ACCOUNTS ASSISTANT','RODGERS','TURYAHEBWA','','','Cash',1220,'KILIMAN ESTATES','commercial','RM7','MAAMA','CARO','','256742895860','',0,120000,NULL,NULL,30,0,36000,'TURYAHEBWA RODGERS',NULL,0,139,'2025-07-08 11:30:53.000000',974,1,5);
INSERT INTO `payed` VALUES (10107,400000,100000,1,20,20000,'2025-07-01',20000,300000,400000,300000,'2025-07-01 03:00:00.000000','2025-08-01 00:00:00.000000','2025-07-26 00:00:00.000000',7,'0',29,'ACCOUNTS ASSISTANT','RODGERS','TURYAHEBWA','','','Cash',1208,'PATRICK ESTATES','commercial','CH1','Nuwagaba ','Felix','','256702798428','',0,300000,NULL,NULL,30,0,30000,'TURYAHEBWA RODGERS',NULL,0,139,'2025-07-08 11:40:33.000000',1333,1,5);
INSERT INTO `payed` VALUES (10108,150000,10000,1,20,2000,'2025-08-01',2000,140000,150000,140000,'2025-08-01 03:00:00.000000','2025-09-01 00:00:00.000000','2025-07-19 00:00:00.000000',7,'0',29,'ACCOUNTS ASSISTANT','RODGERS','TURYAHEBWA','','','Cash',1208,'PATRICK ESTATES','commercial','RM2','CATHERINE ','ATUHEIRE','','256256756903399','',0,80000,NULL,NULL,30,0,3000,'TURYAHEBWA RODGERS',NULL,0,139,'2025-07-08 11:48:57.000000',894,1,5);
INSERT INTO `payed` VALUES (10109,150000,100000,1,20,20000,'2025-07-01',20000,50000,150000,50000,'2025-07-01 03:00:00.000000','2025-08-01 00:00:00.000000','2025-07-26 00:00:00.000000',7,'0',29,'ACCOUNTS ASSISTANT','RODGERS','TURYAHEBWA','','','Cash',1208,'PATRICK ESTATES','commercial','RM4','NYAKATO','JACENTA','','256782948563','',0,80000,NULL,NULL,30,0,30000,'TURYAHEBWA RODGERS',NULL,0,139,'2025-07-08 11:51:48.000000',896,1,5);
INSERT INTO `payed` VALUES (10110,60000,30000,1,20,6000,'2025-06-01',6000,30000,60000,30000,'2025-06-01 03:00:00.000000','2025-07-01 00:00:00.000000','2025-07-26 00:00:00.000000',7,'0',29,'ACCOUNTS ASSISTANT','RODGERS','TURYAHEBWA','','','Cash',1160,'ONESMUS ESTATES','residential','RM5','Muhammad','Ssenyonga','','256751644833','',0,60000,NULL,NULL,30,0,9000,'TURYAHEBWA RODGERS',130,0,139,'2025-07-08 11:58:29.000000',495,1,5);
INSERT INTO `payed` VALUES (10111,60000,50000,1,20,10000,'2025-07-01',10000,10000,60000,10000,'2025-07-01 03:00:00.000000','2025-08-01 00:00:00.000000','2025-07-19 00:00:00.000000',7,'0',29,'ACCOUNTS ASSISTANT','RODGERS','TURYAHEBWA','','','Cash',1160,'ONESMUS ESTATES','residential','RM1','ATUHEIRE','ADRINE','','256783292413','',0,60000,NULL,NULL,30,0,15000,'TURYAHEBWA RODGERS',130,0,139,'2025-07-08 11:59:59.000000',491,1,5);
INSERT INTO `payed` VALUES (10112,250000,50000,1,20,10000,'2025-06-01',10000,200000,250000,200000,'2025-06-02 03:00:00.000000','2025-07-02 00:00:00.000000','2025-07-30 00:00:00.000000',7,'0',23,'GENERAL MANAGER','Bamwebaze','Kellen','','','Cash',1209,'CHRISTOPHER ESTATES','commercial','RM3','Tukundane','Innocent','','256786266615','',0,200000,NULL,NULL,30,0,15000,'Ambrose',NULL,0,163,'2025-07-08 12:06:42.000000',1543,1,5);
INSERT INTO `payed` VALUES (10113,40000,40000,1,15,6000,'2025-06-01',6000,0,40000,0,'2025-06-01 00:00:00.000000','2025-07-01 00:00:00.000000',NULL,7,'0',29,'ACCOUNTS ASSISTANT','RODGERS','TURYAHEBWA','','','Cash',1187,'ELSON ESTATE','commercial','RM13','Kimba','John bosco ','','2567446823267','',0,40000,NULL,NULL,30,0,12000,'TURYAHEBWA RODGERS',NULL,0,139,'2025-07-08 12:16:12.000000',1257,1,5);
INSERT INTO `payed` VALUES (10114,120000,50000,1,0,0,'2025-04-01',0,70000,120000,70000,'2025-04-01 03:00:00.000000','2025-05-01 00:00:00.000000','2025-07-30 00:00:00.000000',7,'0',23,'GENERAL MANAGER','Bamwebaze','Kellen','','','Cash',1203,'C.O.U ESTATE 2','commercial','RM3','ORISHABA','HAPPY','','256774245453','',0,120000,NULL,NULL,0,0,0,'Ambrose',NULL,0,163,'2025-07-08 12:26:34.000000',869,1,5);
INSERT INTO `payed` VALUES (10115,60000,60000,1,20,12000,'2025-03-01',12000,0,60000,0,'2025-03-01 00:00:00.000000','2025-04-01 00:00:00.000000',NULL,7,'0',23,'GENERAL MANAGER','Bamwebaze','Kellen','','','Cash',1160,'ONESMUS ESTATES','residential','RM16','KANYESIGYE','JORDAN','','256758533796','',0,60000,NULL,NULL,30,0,18000,'Ambrose',130,0,163,'2025-07-08 13:14:14.000000',503,1,5);
INSERT INTO `payed` VALUES (10116,70000,70000,1,18,12600,'2025-06-01',12600,0,70000,0,'2025-06-05 00:00:00.000000','2025-07-05 00:00:00.000000',NULL,7,'0',23,'GENERAL MANAGER','Bamwebaze','Kellen','','','Cash',1162,'JACENTA ESTATE','residential','RM12','kintu','Muhammad','','256753786628','',0,70000,NULL,NULL,30,0,21000,'Ambrose',128,0,163,'2025-07-08 13:33:29.000000',2155,1,5);
INSERT INTO `payed` VALUES (10117,150000,50000,1,18,9000,'2025-06-01',18000,0,150000,0,'2025-06-20 03:00:00.000000','2025-07-20 00:00:00.000000','2025-07-30 00:00:00.000000',7,'0',23,'GENERAL MANAGER','Bamwebaze','Kellen','','','cash',1162,'JACENTA ESTATE','commercial','COMMERCIAL1','Turyasingura','Kenneth','','256700332318','',0,150000,NULL,NULL,30,0,15000,'Ambrose',128,0,163,'2025-07-13 15:37:06.000000',512,1,5);
INSERT INTO `payed` VALUES (10118,70000,70000,1,18,12600,'2025-05-01',12600,0,70000,0,'2025-05-01 00:00:00.000000','2025-06-01 00:00:00.000000',NULL,7,'0',23,'GENERAL MANAGER','Bamwebaze','Kellen','','','Cash',1162,'JACENTA ESTATE','residential','RM8','Amumpe','Lewis','','256701259100','',0,70000,NULL,NULL,30,0,21000,'Ambrose',128,0,163,'2025-07-08 13:45:03.000000',520,1,5);
INSERT INTO `payed` VALUES (10119,200000,200000,1,15,30000,'2025-07-01',30000,0,200000,0,'2025-07-09 00:00:00.000000','2025-08-09 00:00:00.000000',NULL,7,'',23,'GENERAL MANAGER','Bamwebaze','Kellen','','','Cash',1258,' TAYEBWA WILLIAM AND FAMILY ESTATES','residential','RM3','Mwesigye','Fred','','256707865980',NULL,0,NULL,NULL,NULL,30,0,60000,'Ambrose',NULL,0,163,'2025-07-08 14:01:53.000000',2323,1,5);
INSERT INTO `payed` VALUES (10120,150000,150000,1,20,30000,'2025-05-01',30000,0,150000,0,'2025-05-15 00:00:00.000000','2025-06-15 00:00:00.000000',NULL,7,'0',23,'GENERAL MANAGER','Bamwebaze','Kellen','','','Cash',1171,'GORDON ESTATES','residential','RM1','NSEREKO ','EDSON','','256786079583','',0,150000,NULL,NULL,30,0,45000,'Ambrose',147,0,163,'2025-07-08 14:25:50.000000',615,1,5);
INSERT INTO `payed` VALUES (10121,200000,200000,1,15,30000,'2025-06-01',30000,0,200000,0,'2025-06-08 00:00:00.000000','2025-07-08 00:00:00.000000',NULL,7,'0',29,'ACCOUNTS ASSISTANT','RODGERS','TURYAHEBWA','','','Cash',1163,'KAFEERO ESTATES','residential','GROUND','ROBERT','MULANGIRA','','256752472366','',0,200000,NULL,NULL,30,0,60000,'TURYAHEBWA RODGERS',NULL,0,139,'2025-07-08 14:36:58.000000',1971,1,5);
INSERT INTO `payed` VALUES (10122,80000,30000,1,20,6000,'2025-06-01',10000,0,80000,0,'2025-06-27 03:00:00.000000','2025-07-27 00:00:00.000000','2025-07-26 00:00:00.000000',7,'0',29,'ACCOUNTS ASSISTANT','RODGERS','TURYAHEBWA','','','cash',1221,'FLORENCE ESTATES','commercial','RM16','KATO','JONAN','','256773066586','',0,80000,NULL,NULL,30,0,9000,'TURYAHEBWA RODGERS',NULL,0,139,'2025-07-14 10:51:33.000000',2092,1,5);
INSERT INTO `payed` VALUES (10123,80000,20000,1,20,4000,'2025-06-01',4000,60000,80000,60000,'2025-06-20 03:00:00.000000','2025-07-20 00:00:00.000000','2025-07-26 00:00:00.000000',7,'0',29,'ACCOUNTS ASSISTANT','RODGERS','TURYAHEBWA','','','Cash',1221,'FLORENCE ESTATES','commercial','RM7','KASULE','FRANCIS','','256740155983','',0,80000,NULL,NULL,30,0,6000,'TURYAHEBWA RODGERS',NULL,0,139,'2025-07-08 14:52:02.000000',1631,1,5);
INSERT INTO `payed` VALUES (10124,200000,200000,1,20,40000,'2025-07-01',40000,0,200000,0,'2025-07-06 00:00:00.000000','2025-08-06 00:00:00.000000',NULL,7,'',23,'GENERAL MANAGER','Bamwebaze','Kellen','','','Cash',1308,'NAYEBARE ESTATES','commercial','CH 2','Atuhaire','Lockline','Mama Royal','256764883307',NULL,0,NULL,NULL,NULL,30,0,60000,'Ambrose',NULL,0,163,'2025-07-08 14:58:34.000000',2324,1,5);
INSERT INTO `payed` VALUES (10125,80000,240000,3,20,48000,'2025-07-01',16000,0,240000,0,'2025-07-13 00:00:00.000000','2025-10-13 00:00:00.000000',NULL,7,'',23,'GENERAL MANAGER','Bamwebaze','Kellen','','','Cash',1171,'GORDON ESTATES','residential','RM21','Agaba','Abson','','256780229036',NULL,0,NULL,NULL,NULL,30,0,72000,'Ambrose',147,0,163,'2025-07-08 15:14:03.000000',2325,1,5);
INSERT INTO `payed` VALUES (10126,350000,350000,1,0,0,'2025-06-01',0,0,350000,0,'2025-06-01 00:00:00.000000','2025-07-01 00:00:00.000000',NULL,7,'0',23,'GENERAL MANAGER','Bamwebaze','Kellen','','','Cash',1204,'C.O.U ESTATE 3','commercial','RM2','NAYEBARE','WINNIE','','256778135110','',0,350000,NULL,NULL,0,0,0,'Ambrose',NULL,0,163,'2025-07-08 16:53:53.000000',874,1,5);
INSERT INTO `payed` VALUES (10127,80000,50000,1,20,10000,'2025-05-01',10000,30000,80000,30000,'2025-05-01 03:00:00.000000','2025-06-01 00:00:00.000000','2025-07-26 00:00:00.000000',7,'0',29,'ACCOUNTS ASSISTANT','RODGERS','TURYAHEBWA','','','Cash',1221,'FLORENCE ESTATES','commercial','RM1','NAYEBARE','YASIN','','256775272744','',0,80000,NULL,NULL,30,0,15000,'TURYAHEBWA RODGERS',NULL,0,139,'2025-07-09 18:21:03.000000',979,1,5);
INSERT INTO `payed` VALUES (10130,60000,60000,1,20,12000,'2025-05-01',12000,0,60000,0,'2025-05-16 00:00:00.000000','2025-06-16 00:00:00.000000',NULL,7,'0',29,'ACCOUNTS ASSISTANT','RODGERS','TURYAHEBWA','','','Cash',1288,'Lilian estates ','residential','RM8','Baguma ','Julius ','','256754505903','',0,60000,NULL,NULL,30,0,18000,'TURYAHEBWA RODGERS',NULL,0,139,'2025-07-09 19:02:01.000000',1769,1,5);
INSERT INTO `payed` VALUES (10131,60000,60000,1,20,12000,'2025-05-01',12000,0,60000,0,'2025-05-14 00:00:00.000000','2025-06-14 00:00:00.000000',NULL,7,'0',29,'ACCOUNTS ASSISTANT','RODGERS','TURYAHEBWA','','','Cash',1288,'Lilian estates ','residential','RM9','Baguma ','Julius','','256754505903','',0,60000,NULL,NULL,30,0,18000,'TURYAHEBWA RODGERS',NULL,0,139,'2025-07-09 19:04:03.000000',1770,1,5);
INSERT INTO `payed` VALUES (10132,250000,250000,1,12,30000,'2025-07-01',30000,0,250000,0,'2025-07-03 00:00:00.000000','2025-08-03 00:00:00.000000',NULL,7,'0',23,'GENERAL MANAGER','Bamwebaze','Kellen','','','Cash',1260,'MUTEBI ESTATES','commercial','CH2','TUGABIRWE','POLITE','','256704720783','',0,250000,NULL,NULL,30,0,75000,'Ambrose',NULL,0,163,'2025-07-09 09:06:07.000000',1420,1,5);
INSERT INTO `payed` VALUES (10133,30000,30000,1,20,6000,'2025-06-01',6000,0,30000,0,'2025-06-01 00:00:00.000000','2025-07-01 00:00:00.000000',NULL,7,'0',23,'GENERAL MANAGER','Bamwebaze','Kellen','','','Cash',1171,'GORDON ESTATES','residential','RM37','Mr','Pius','','2567033978420','',0,30000,NULL,NULL,30,0,9000,'Ambrose',147,0,163,'2025-07-09 09:38:15.000000',1563,1,5);
INSERT INTO `payed` VALUES (10134,150000,150000,1,20,30000,'2025-07-01',30000,0,150000,0,'2025-07-01 00:00:00.000000','2025-08-01 00:00:00.000000',NULL,7,'0',29,'ACCOUNTS ASSISTANT','RODGERS','TURYAHEBWA','','','Cash',1197,'JOHN BOSCO MILE 4','commercial','RM13','EMMANUEL','PASTOR','','256782657750','',0,150000,NULL,NULL,30,0,45000,'TURYAHEBWA RODGERS',143,0,139,'2025-07-09 10:47:24.000000',792,1,5);
INSERT INTO `payed` VALUES (10135,150000,150000,1,15,22500,'2025-06-01',22500,0,150000,0,'2025-06-10 00:00:00.000000','2025-07-10 00:00:00.000000',NULL,7,'0',23,'GENERAL MANAGER','Bamwebaze','Kellen','','','Cash',1172,'JB Rwemirinzi','commercial','CH2','BEINOMUGISHA','KENNETH ','','256702537689','',0,150000,NULL,NULL,30,0,45000,'Ambrose',143,0,163,'2025-07-09 10:56:38.000000',2029,1,5);
INSERT INTO `payed` VALUES (10136,60000,30000,1,20,6000,'2025-06-01',6000,30000,60000,30000,'2025-06-01 03:00:00.000000','2025-07-01 00:00:00.000000','2025-07-26 00:00:00.000000',7,'0',29,'ACCOUNTS ASSISTANT','RODGERS','TURYAHEBWA','','','Cash',1197,'JOHN BOSCO MILE 4','commercial','RM12','MUKUNDANE','PATRICK','','256256773944696','',0,60000,NULL,NULL,30,0,9000,'TURYAHEBWA RODGERS',143,0,139,'2025-07-09 11:02:58.000000',791,1,5);
INSERT INTO `payed` VALUES (10137,150000,100000,1,20,20000,'2025-06-01',20000,50000,150000,50000,'2025-06-20 03:00:00.000000','2025-07-20 00:00:00.000000','2025-07-30 00:00:00.000000',7,'0',23,'GENERAL MANAGER','Bamwebaze','Kellen','','','Cash',1215,'DENIS ESTATES','commercial','RM3','Aineamani','Justus','','256707915739','',0,150000,NULL,NULL,30,0,30000,'Ambrose',NULL,0,163,'2025-07-09 11:12:15.000000',2273,1,5);
INSERT INTO `payed` VALUES (10139,130000,130000,1,20,26000,'2025-07-01',26000,0,130000,0,'2025-07-04 00:00:00.000000','2025-08-04 00:00:00.000000',NULL,7,'0',29,'ACCOUNTS ASSISTANT','RODGERS','TURYAHEBWA','','','Cash',1238,'ELLY VIP','residential','RM10','Namutebi','Nasha','','256751304192','',0,130000,NULL,NULL,30,0,39000,'crane',NULL,0,159,'2025-07-09 11:59:15.000000',2194,1,5);
INSERT INTO `payed` VALUES (10140,60000,60000,1,20,12000,'2025-07-01',12000,0,60000,0,'2025-07-11 00:00:00.000000','2025-08-11 00:00:00.000000',NULL,7,'0',29,'ACCOUNTS ASSISTANT','RODGERS','TURYAHEBWA','','','Cash',1288,'Lilian estates ','residential','RM4','MUHANGUZI','INNOCENT ','','256743684370','',0,60000,NULL,NULL,30,0,18000,'TURYAHEBWA RODGERS',NULL,0,139,'2025-07-09 12:01:12.000000',2256,1,5);
INSERT INTO `payed` VALUES (10141,100000,10000,1,20,2000,'2025-07-01',4000,70000,100000,70000,'2025-07-06 00:00:00.000000','2025-08-06 00:00:00.000000','2025-07-30 00:00:00.000000',7,'',23,'GENERAL MANAGER','Bamwebaze','Kellen','','','cash',1308,'NAYEBARE ESTATES','residential','RM3','Kyamugina','Adrian','','256780996185',NULL,0,NULL,NULL,NULL,30,0,3000,'Ambrose',NULL,0,163,'2025-07-11 17:37:53.000000',2326,1,5);
INSERT INTO `payed` VALUES (10142,70000,70000,1,12.8,8960,'2025-06-01',8960,0,70000,0,'2025-06-01 00:00:00.000000','2025-07-01 00:00:00.000000',NULL,7,'0',29,'ACCOUNTS ASSISTANT','RODGERS','TURYAHEBWA','','','Cash',1257,'BASIIME KORANORYA','residential','I','TUSHEMEREIRWE','PROVIA','','256788363345','',0,70000,NULL,NULL,30,0,21000,'TURYAHEBWA RODGERS',NULL,0,139,'2025-07-09 12:51:42.000000',1355,1,5);
INSERT INTO `payed` VALUES (10143,120000,45000,1,15,6750,'2025-07-01',6750,75000,120000,75000,'2025-07-10 03:00:00.000000','2025-08-10 00:00:00.000000','2025-07-28 00:00:00.000000',7,'0',23,'GENERAL MANAGER','Bamwebaze','Kellen','','','Cash',1258,' TAYEBWA WILLIAM AND FAMILY ESTATES','residential','RM11','NUWAGABA','JOHN','','256783732943','',0,120000,NULL,NULL,30,0,13500,'Ambrose',NULL,0,163,'2025-07-09 13:35:35.000000',1400,1,5);
INSERT INTO `payed` VALUES (10144,200000,100000,1,20,20000,'2025-05-01',20000,100000,200000,100000,'2025-05-01 03:00:00.000000','2025-06-01 00:00:00.000000','2025-07-31 00:00:00.000000',7,'0',23,'GENERAL MANAGER','Bamwebaze','Kellen','','','Cash',1198,'JB JESUS CARE ','commercial','CH7','MUHWEZI','SIMON','','256758817872','',0,170000,NULL,NULL,30,0,30000,'Ambrose',143,0,163,'2025-07-09 13:51:42.000000',808,1,5);
INSERT INTO `payed` VALUES (10145,60000,30000,1,18.5,5550,'2025-05-01',5550,30000,60000,30000,'2025-05-22 03:00:00.000000','2025-06-22 00:00:00.000000','2025-07-19 00:00:00.000000',7,'0',29,'ACCOUNTS ASSISTANT','RODGERS','TURYAHEBWA','','','Cash',1286,'Banywana estate 2','residential','RM6','SANDE','RICHARD ','','256750511266','',0,60000,NULL,NULL,30,0,9000,'TURYAHEBWA RODGERS',NULL,0,139,'2025-07-09 14:27:16.000000',1847,1,5);
INSERT INTO `payed` VALUES (10146,60000,60000,1,18.5,11100,'2025-07-01',11100,0,60000,0,'2025-07-08 00:00:00.000000','2025-08-08 00:00:00.000000',NULL,7,'0',29,'ACCOUNTS ASSISTANT','RODGERS','TURYAHEBWA','','','Cash',1286,'Banywana estate 2','residential','RM2','ANOCK','MUSHABE','','256771478086','',0,60000,NULL,NULL,30,0,18000,'TURYAHEBWA RODGERS',NULL,0,139,'2025-07-09 14:57:39.000000',2260,1,5);
INSERT INTO `payed` VALUES (10147,60000,45000,1,20,9000,'2025-06-01',9000,15000,60000,15000,'2025-06-30 03:00:00.000000','2025-07-30 00:00:00.000000','2025-07-22 00:00:00.000000',7,'0',23,'GENERAL MANAGER','Bamwebaze','Kellen','','','Cash',1303,'LABAN ESTATE ','residential','RM9','Mwesigwa','Wilson','','256766308312','',5000,60000,NULL,NULL,30,0,13500,'crane',NULL,0,159,'2025-07-09 15:19:09.000000',2227,1,5);
INSERT INTO `payed` VALUES (10148,70000,70000,1,18,12600,'2025-07-01',12600,0,70000,0,'2025-07-04 00:00:00.000000','2025-08-04 00:00:00.000000',NULL,7,'0',23,'GENERAL MANAGER','Bamwebaze','Kellen','','','Cash',1162,'JACENTA ESTATE','residential','RM3','Shaffic','Shabon','','256707772618','+256774523081',0,70000,NULL,NULL,30,0,21000,'Ambrose',128,0,163,'2025-07-09 15:54:35.000000',2109,1,5);
INSERT INTO `payed` VALUES (10149,60000,20000,1,18.5,3700,'2025-07-01',3700,40000,60000,40000,'2025-07-05 03:00:00.000000','2025-08-05 00:00:00.000000','2025-07-26 00:00:00.000000',7,'0',29,'ACCOUNTS ASSISTANT','RODGERS','TURYAHEBWA','','','Cash',1286,'Banywana estate 2','residential','RM9','Katushabe','Angellah','','256782756153','',0,60000,NULL,NULL,30,0,6000,'TURYAHEBWA RODGERS',NULL,0,139,'2025-07-09 16:05:37.000000',1690,1,5);
INSERT INTO `payed` VALUES (10150,60000,60000,1,18.5,11100,'2025-06-01',11100,0,60000,0,'2025-06-20 00:00:00.000000','2025-07-20 00:00:00.000000',NULL,7,'0',29,'ACCOUNTS ASSISTANT','RODGERS','TURYAHEBWA','','','Cash',1286,'Banywana estate 2','residential','RM12','Mr','MUJURIZI','','256771031136','',0,60000,NULL,NULL,30,0,18000,'TURYAHEBWA RODGERS',NULL,0,139,'2025-07-09 16:06:24.000000',1741,1,5);
INSERT INTO `payed` VALUES (10151,80000,160000,2,15,24000,'2025-07-01',12000,0,160000,0,'2025-07-20 00:00:00.000000','2025-09-20 00:00:00.000000',NULL,7,'',23,'GENERAL MANAGER','Bamwebaze','Kellen','','','Cash',1173,'JB NYAMITANGA','residential','ROOM1','Agaba','Denis','','256256701126481',NULL,0,NULL,NULL,NULL,30,0,48000,'Ambrose',143,0,163,'2025-07-09 16:21:46.000000',2327,1,5);
INSERT INTO `payed` VALUES (10152,120000,120000,1,20,24000,'2025-05-01',24000,0,120000,0,'2025-05-20 00:00:00.000000','2025-06-20 00:00:00.000000',NULL,7,'0',23,'GENERAL MANAGER','Bamwebaze','Kellen','','','Cash',1234,'Fulge estates','commercial','RM6','PROSPER','EMMANUEL','','256756108638','',0,120000,NULL,NULL,30,0,36000,'crane',NULL,0,159,'2025-07-09 17:09:35.000000',1081,1,5);
INSERT INTO `payed` VALUES (10153,60000,120000,2,20,24000,'2025-07-01',12000,0,120000,0,'2025-07-07 00:00:00.000000','2025-09-07 00:00:00.000000',NULL,7,'',23,'GENERAL MANAGER','Bamwebaze','Kellen','','','Cash',1303,'LABAN ESTATE ','residential','RM11','Mr','Laban','','256774187230',NULL,0,NULL,NULL,NULL,30,0,36000,'crane',NULL,0,159,'2025-07-10 09:55:06.000000',2328,1,5);
INSERT INTO `payed` VALUES (10154,250000,250000,1,15,37500,'2025-05-01',37500,0,250000,0,'2025-05-23 03:00:00.000000','2025-06-23 00:00:00.000000',NULL,7,'0',23,'GENERAL MANAGER','Bamwebaze','Kellen','','','Cash',1161,'HELLEN','residential','RM1','Tauba','Fazil','','256766262092','',0,250000,NULL,NULL,30,0,75000,'Ambrose',138,0,163,'2025-07-10 10:19:19.000000',1832,1,5);
INSERT INTO `payed` VALUES (10155,150000,150000,1,20,30000,'2025-06-01',30000,0,150000,0,'2025-06-01 00:00:00.000000','2025-07-01 00:00:00.000000',NULL,7,'0',29,'ACCOUNTS ASSISTANT','RODGERS','TURYAHEBWA','','','Cash',1184,'GAUDIAS ORDINARY','residential','RM8','ANYEBEMBEIRE','AGNES','','256756339451','',30000,150000,NULL,NULL,30,0,45000,'TURYAHEBWA RODGERS',NULL,0,139,'2025-07-10 10:18:28.000000',664,1,5);
INSERT INTO `payed` VALUES (10156,300000,200000,1,14.6,29200,'2025-06-01',29200,100000,300000,100000,'2025-06-15 03:00:00.000000','2025-07-15 00:00:00.000000','2025-07-26 00:00:00.000000',7,'0',29,'ACCOUNTS ASSISTANT','RODGERS','TURYAHEBWA','','','Cash',1165,'PHILEMON ESTATES','residential','HOUSE3','KAMPAME','ASTON','','256777612114','+256703746585',0,300000,NULL,NULL,15,0,30000,'TURYAHEBWA RODGERS',142,0,139,'2025-07-10 10:32:02.000000',544,1,5);
INSERT INTO `payed` VALUES (10157,80000,160000,2,15,24000,'2025-07-01',12000,0,160000,0,'2025-07-13 00:00:00.000000','2025-09-13 00:00:00.000000',NULL,7,'',23,'GENERAL MANAGER','Bamwebaze','Kellen','','','Cash',1300,'Kintu rwizi estate ','residential','RM8','Akankunda','Rinnah','','256781575560',NULL,0,NULL,NULL,NULL,30,0,48000,'Ambrose',NULL,0,163,'2025-07-10 10:40:30.000000',2329,1,5);
INSERT INTO `payed` VALUES (10158,150000,70000,1,20,14000,'2025-06-01',14000,80000,150000,80000,'2025-06-16 03:00:00.000000','2025-07-16 00:00:00.000000','2025-07-26 00:00:00.000000',7,'0',29,'ACCOUNTS ASSISTANT','RODGERS','TURYAHEBWA','','','Cash',1184,'GAUDIAS ORDINARY','residential','RM6','KATUNGI','ALI','','256702747378','',30000,150000,NULL,NULL,30,0,21000,'TURYAHEBWA RODGERS',NULL,0,139,'2025-07-10 10:44:47.000000',662,1,5);
INSERT INTO `payed` VALUES (10159,80000,80000,1,20,16000,'2025-06-01',16000,0,80000,0,'2025-06-21 00:00:00.000000','2025-07-21 00:00:00.000000',NULL,7,'0',23,'GENERAL MANAGER','Bamwebaze','Kellen','','','Cash',1209,'CHRISTOPHER ESTATES','commercial','RM11','Katwaaza','Alozius','','256756254972','',0,80000,NULL,NULL,30,0,24000,'Ambrose',NULL,0,163,'2025-07-10 12:23:01.000000',1640,1,5);
INSERT INTO `payed` VALUES (10160,350000,350000,1,20,70000,'2025-07-01',70000,0,350000,0,'2025-07-01 00:00:00.000000','2025-08-01 00:00:00.000000',NULL,7,'0',23,'GENERAL MANAGER','Bamwebaze','Kellen','','','Cash',1179,'BRIDGET DRIVE','residential','RM2','MONDAY','ALEX','','256773947242','+256704563581',0,350000,NULL,NULL,30,0,105000,'crane',130,0,159,'2025-07-10 12:34:58.000000',1173,1,5);
INSERT INTO `payed` VALUES (10161,50000,50000,1,20,10000,'2025-07-01',10000,0,50000,0,'2025-07-04 00:00:00.000000','2025-08-04 00:00:00.000000',NULL,7,'0',29,'ACCOUNTS ASSISTANT','RODGERS','TURYAHEBWA','','','Cash',1256,'Clever makenke','residential','RM11','Mwebembezi ','Allan ','','256780370514','',0,50000,NULL,NULL,30,0,15000,'TURYAHEBWA RODGERS',NULL,0,139,'2025-07-10 12:56:43.000000',2241,1,5);
INSERT INTO `payed` VALUES (10162,150000,150000,1,20,30000,'2025-06-01',30000,0,150000,0,'2025-06-09 00:00:00.000000','2025-07-09 00:00:00.000000',NULL,7,'0',23,'GENERAL MANAGER','Bamwebaze','Kellen','','','Cash',1297,'Bwogi katete estate','residential','RM8','Tusasirwe','Henry','','256773413259','',0,150000,NULL,NULL,30,0,45000,'crane',NULL,0,159,'2025-07-10 13:01:05.000000',1881,1,5);
INSERT INTO `payed` VALUES (10163,80000,80000,1,15,12000,'2025-07-01',12000,0,80000,0,'2025-07-10 00:00:00.000000','2025-08-10 00:00:00.000000',NULL,7,'0',29,'ACCOUNTS ASSISTANT','RODGERS','TURYAHEBWA','','','Cash',1187,'ELSON ESTATE','commercial','RM6','BYOMUHANGI','GIDEON','','256256760418818','',0,80000,NULL,NULL,30,0,24000,'TURYAHEBWA RODGERS',NULL,0,139,'2025-07-10 14:14:11.000000',689,1,5);
INSERT INTO `payed` VALUES (10164,50000,100000,2,15,15000,'2025-06-01',7500,0,100000,0,'2025-06-13 00:00:00.000000','2025-08-13 00:00:00.000000',NULL,7,'0',29,'ACCOUNTS ASSISTANT','RODGERS','TURYAHEBWA','','','Cash',1187,'ELSON ESTATE','commercial','RM10','Byomuhangi','VICENT','','256778907916','',0,50000,NULL,NULL,30,0,30000,'TURYAHEBWA RODGERS',NULL,0,139,'2025-07-10 14:20:00.000000',686,1,5);
INSERT INTO `payed` VALUES (10165,200000,100000,1,15,15000,'2025-05-01',15000,100000,200000,100000,'2025-05-16 03:00:00.000000','2025-06-16 00:00:00.000000','2025-07-26 00:00:00.000000',7,'0',29,'ACCOUNTS ASSISTANT','RODGERS','TURYAHEBWA','','','Cash',1261,'NANTONGO ESTATES','commercial','CH4','MUSIIMENTA','MONICAH','','256777683655','',0,200000,NULL,NULL,30,0,30000,'TURYAHEBWA RODGERS',NULL,0,139,'2025-07-10 14:56:58.000000',1714,1,5);
INSERT INTO `payed` VALUES (10166,60000,45000,1,20,9000,'2025-07-01',9000,15000,60000,15000,'2025-07-01 03:00:00.000000','2025-08-01 00:00:00.000000','2025-07-30 00:00:00.000000',7,'0',23,'GENERAL MANAGER','Bamwebaze','Kellen','','','Cash',1160,'ONESMUS ESTATES','residential','RM11','Adye ','Scovia','','256759444938','',0,60000,NULL,NULL,30,0,13500,'Ambrose',130,0,163,'2025-07-10 15:16:04.000000',2090,1,5);
INSERT INTO `payed` VALUES (10167,40000,35000,1,15,5250,'2025-06-01',5250,5000,40000,5000,'2025-06-24 03:00:00.000000','2025-07-24 00:00:00.000000','2025-07-30 00:00:00.000000',7,'0',23,'GENERAL MANAGER','Bamwebaze','Kellen','','','Cash',1300,'Kintu rwizi estate ','residential','RM1','Tushabirwe ','Sarah ','','256781819630','',0,40000,NULL,NULL,30,0,10500,'Ambrose',NULL,0,163,'2025-07-10 15:18:57.000000',1960,1,5);
INSERT INTO `payed` VALUES (10168,100000,50000,1,20,10000,'2025-06-01',10000,50000,100000,50000,'2025-06-01 03:00:00.000000','2025-07-01 00:00:00.000000','2025-08-16 00:00:00.000000',7,'0',29,'ACCOUNTS ASSISTANT','RODGERS','TURYAHEBWA','','','Cash',1168,'ARTHUR ESTATES','residential','HOUSE2','Kiiza','Emmanuel','','256256702962697','',0,100000,NULL,NULL,30,0,15000,'TURYAHEBWA RODGERS',145,0,139,'2025-07-10 15:27:41.000000',566,1,5);
INSERT INTO `payed` VALUES (10169,60000,30000,1,20,6000,'2025-06-01',6000,30000,60000,30000,'2025-06-20 03:00:00.000000','2025-07-20 00:00:00.000000','2025-07-23 00:00:00.000000',7,'0',23,'GENERAL MANAGER','Bamwebaze','Kellen','','','Cash',1303,'LABAN ESTATE ','commercial','RM1','Atungire ','Alex','','256702704824','',5000,60000,NULL,NULL,30,0,9000,'crane',NULL,0,159,'2025-07-10 16:08:25.000000',2225,1,5);
INSERT INTO `payed` VALUES (10170,65000,65000,1,18.5,12025,'2025-07-01',12025,0,65000,0,'2025-07-01 00:00:00.000000','2025-08-01 00:00:00.000000',NULL,7,'0',23,'GENERAL MANAGER','Bamwebaze','Kellen','','','Cash',1285,'BANYWANA ESTATE 1','residential','RM007','ARINITWE','AMON','','256761714557','',0,60000,NULL,NULL,30,0,19500,'Ambrose',NULL,0,163,'2025-07-10 16:38:31.000000',1749,1,5);
INSERT INTO `payed` VALUES (10171,200000,200000,1,15,30000,'2025-07-01',30000,0,200000,0,'2025-07-06 03:00:00.000000','2025-08-06 00:00:00.000000',NULL,7,'0',29,'ACCOUNTS ASSISTANT','RODGERS','TURYAHEBWA','','','Cash',1172,'JB Rwemirinzi','commercial','CH5','TUMUHIMBISE ','EDSON','','256779872196','',0,200000,NULL,NULL,30,0,60000,'TURYAHEBWA RODGERS',143,0,139,'2025-07-10 16:56:16.000000',2199,1,5);
INSERT INTO `payed` VALUES (10172,100000,100000,1,20,20000,'2025-07-01',20000,0,100000,0,'2025-07-03 00:00:00.000000','2025-08-03 00:00:00.000000',NULL,7,'0',23,'GENERAL MANAGER','Bamwebaze','Kellen','','','Cash',1291,'Kemirembe Florence estates ','residential','ROOM 6','Nankunda','Angella','','256787655659','',0,100000,NULL,NULL,30,0,30000,'crane',NULL,0,159,'2025-07-10 17:53:23.000000',2229,1,5);
INSERT INTO `payed` VALUES (10173,120000,50000,1,15,7500,'2025-05-01',3000,50000,120000,50000,'2025-05-16 03:00:00.000000','2025-06-16 00:00:00.000000','2025-07-30 00:00:00.000000',7,'0',23,'GENERAL MANAGER','Bamwebaze','Kellen','','','cash',1258,' TAYEBWA WILLIAM AND FAMILY ESTATES','residential','RM7','Vubya','Paul','','256704450141','',0,120000,NULL,NULL,30,0,15000,'Ambrose',NULL,0,163,'2025-07-12 13:29:30.000000',1410,1,5);
INSERT INTO `payed` VALUES (10174,100000,60000,1,15,9000,'2025-07-01',9000,40000,100000,40000,'2025-07-16 03:00:00.000000','2025-08-16 00:00:00.000000','2025-07-26 00:00:00.000000',7,'0',29,'ACCOUNTS ASSISTANT','RODGERS','TURYAHEBWA','','','Cash',1166,'JB KATETE CENTRAL','residential','RM6','SSALI','LEVITICUS ','','256759844674','',0,100000,NULL,NULL,30,0,18000,'TURYAHEBWA RODGERS',143,0,139,'2025-07-11 18:57:33.000000',1917,1,5);
INSERT INTO `payed` VALUES (10175,150000,150000,1,20,30000,'2025-06-01',30000,0,150000,0,'2025-06-16 00:00:00.000000','2025-07-16 00:00:00.000000',NULL,7,'0',23,'GENERAL MANAGER','Bamwebaze','Kellen','','','Cash',1297,'Bwogi katete estate','residential','RM2','Owomuhangi','Emmanuel','','256785719026','',0,150000,NULL,NULL,30,0,45000,'Ambrose',NULL,0,163,'2025-07-11 09:49:03.000000',2110,1,5);
INSERT INTO `payed` VALUES (10176,70000,30000,1,20,6000,'2025-07-01',2000,20000,70000,20000,'2025-07-01 03:00:00.000000','2025-08-01 00:00:00.000000','2025-07-26 00:00:00.000000',7,'0',29,'ACCOUNTS ASSISTANT','RODGERS','TURYAHEBWA','','','cash',1201,'CLEVER KISENYI','commercial','RM3','MADAM','EMILY ','','256742413800','',0,70000,NULL,NULL,30,0,9000,'TURYAHEBWA RODGERS',NULL,0,139,'2025-07-13 11:48:46.000000',1665,1,5);
INSERT INTO `payed` VALUES (10177,80000,80000,1,20,16000,'2025-06-01',16000,0,80000,0,'2025-06-27 00:00:00.000000','2025-07-27 00:00:00.000000',NULL,7,'0',29,'ACCOUNTS ASSISTANT','RODGERS','TURYAHEBWA','','','Cash',1201,'CLEVER KISENYI','commercial','RM4','RUTH','GUMOSHABE','','256772746800','',0,80000,NULL,NULL,30,0,24000,'TURYAHEBWA RODGERS',NULL,0,139,'2025-07-11 10:10:24.000000',2007,1,5);
INSERT INTO `payed` VALUES (10178,250000,20000,1,15,3000,'2025-06-01',3000,230000,250000,230000,'2025-06-23 03:00:00.000000','2025-07-23 00:00:00.000000','2025-07-18 00:00:00.000000',7,'0',23,'GENERAL MANAGER','Bamwebaze','Kellen','','','Cash',1161,'HELLEN','residential','RM1','Tauba','Fazil','','256766262092','',0,250000,NULL,NULL,30,0,6000,'Ambrose',138,0,163,'2025-07-11 11:13:20.000000',1832,1,5);
INSERT INTO `payed` VALUES (10179,150000,150000,1,15,22500,'2025-05-01',22500,0,150000,0,'2025-05-15 00:00:00.000000','2025-06-15 00:00:00.000000',NULL,7,'0',29,'ACCOUNTS ASSISTANT','RODGERS','TURYAHEBWA','','','Cash',1172,'JB Rwemirinzi','commercial','CH2','MUJUNI','WELLEN','','256754861896','',10000,150000,NULL,NULL,30,0,45000,'TURYAHEBWA RODGERS',143,0,139,'2025-07-11 11:13:42.000000',1594,1,5);
INSERT INTO `payed` VALUES (10180,150000,20000,1,15,3000,'2025-06-01',3000,130000,150000,130000,'2025-06-01 03:00:00.000000','2025-07-01 00:00:00.000000','2025-07-23 00:00:00.000000',7,'0',23,'GENERAL MANAGER','Bamwebaze','Kellen','','','Cash',1222,'SILVER ESTATES','commercial','RM7','BAKAWERAYO','JOHN','','256782031316','',0,150000,NULL,NULL,15,0,3000,'Ambrose',NULL,0,163,'2025-07-11 11:38:12.000000',1004,1,5);
INSERT INTO `payed` VALUES (10181,50000,15000,1,25,3750,'2026-05-01',3750,35000,50000,35000,'2026-05-05 03:00:00.000000','2026-06-05 00:00:00.000000','2025-07-30 00:00:00.000000',7,'0',23,'GENERAL MANAGER','Bamwebaze','Kellen','','','Cash',1293,'Philemon alliance ','residential','RM5','Turyagumanawe','Rodgers','','256789781341','',0,50000,NULL,NULL,30,0,4500,'Ambrose',142,0,163,'2025-07-11 11:43:43.000000',1939,1,5);
INSERT INTO `payed` VALUES (10182,100000,100000,1,15,15000,'2025-06-01',15000,0,100000,0,'2025-06-01 00:00:00.000000','2025-07-01 00:00:00.000000',NULL,7,'0',23,'','','','','','Loading...',1222,'SILVER ESTATES','commercial','RM2','Kaweesa','Sulaiman','','256704336107','',0,100000,NULL,NULL,15,0,15000,'Ambrose',NULL,0,163,'2025-07-11 11:53:00.000000',999,1,5);
INSERT INTO `payed` VALUES (10184,100000,100000,1,20,20000,'2025-06-01',20000,0,100000,0,'2025-06-01 00:00:00.000000','2025-07-01 00:00:00.000000',NULL,7,'0',29,'ACCOUNTS ASSISTANT','RODGERS','TURYAHEBWA','','','Cash',1184,'GAUDIAS ORDINARY','residential','RM10','NYAMWIJA','JOSEPHINE','','256703896954','',30000,100000,NULL,NULL,30,0,30000,'TURYAHEBWA RODGERS',NULL,0,139,'2025-07-11 12:26:27.000000',666,1,5);
INSERT INTO `payed` VALUES (10185,120000,100000,1,15,15000,'2025-04-01',15000,20000,120000,20000,'2025-04-11 03:00:00.000000','2025-05-11 00:00:00.000000','2025-07-30 00:00:00.000000',8,'0',23,'GENERAL MANAGER','Bamwebaze','Kellen','','','Mobile Money',1258,' TAYEBWA WILLIAM AND FAMILY ESTATES','residential','RM15','MISS','SHALLOM','','256740201058','',0,120000,NULL,NULL,30,0,30000,'Ambrose',NULL,0,163,'2025-07-11 12:34:33.000000',1402,1,5);
INSERT INTO `payed` VALUES (10186,60000,60000,1,15,9000,'2025-07-01',9000,0,60000,0,'2025-07-01 00:00:00.000000','2025-08-01 00:00:00.000000',NULL,7,'0',23,'GENERAL MANAGER','Bamwebaze','Kellen','','','Loading...',1299,'Kintu kateera estate','residential','RM13','John','Eseno','','256751933125','',0,60000,NULL,NULL,30,0,18000,'Ambrose',NULL,0,163,'2025-07-11 12:46:48.000000',1981,1,5);
INSERT INTO `payed` VALUES (10187,120000,120000,1,15,18000,'2025-06-01',18000,0,120000,0,'2025-06-07 00:00:00.000000','2025-07-07 00:00:00.000000',NULL,7,'0',23,'GENERAL MANAGER','Bamwebaze','Kellen','','','Cash',1258,' TAYEBWA WILLIAM AND FAMILY ESTATES','residential','RM19','Taremwa','Emmanuel','','256786011091','',0,120000,NULL,NULL,30,0,36000,'Ambrose',NULL,0,163,'2025-07-11 13:11:04.000000',2051,1,5);
INSERT INTO `payed` VALUES (10188,60000,40000,1,15,6000,'2025-06-01',6000,20000,60000,20000,'2025-06-17 06:00:00.000000','2025-07-17 00:00:00.000000','2025-07-30 00:00:00.000000',7,'0',23,'GENERAL MANAGER','Bamwebaze','Kellen','','','Cash',1299,'Kintu kateera estate','residential','RM10','Miss','Moreen','','256770846480','',0,60000,NULL,NULL,30,0,12000,'Ambrose',NULL,0,163,'2025-07-11 13:34:20.000000',2174,1,5);
INSERT INTO `payed` VALUES (10189,80000,80000,1,20,16000,'2025-05-01',16000,0,80000,0,'2025-05-17 00:00:00.000000','2025-06-17 00:00:00.000000',NULL,7,'0',23,'GENERAL MANAGER','Bamwebaze','Kellen','','','Cash',1171,'GORDON ESTATES','residential','RM24','Nuwenyisiga','Praise','','256781479755','',0,80000,NULL,NULL,30,0,24000,'Ambrose',147,0,163,'2025-07-11 14:02:00.000000',1276,1,5);
INSERT INTO `payed` VALUES (10190,400000,200000,1,20,40000,'2025-07-01',40000,200000,400000,200000,'2025-07-01 03:00:00.000000','2025-08-01 00:00:00.000000','2025-07-26 00:00:00.000000',7,'0',29,'ACCOUNTS ASSISTANT','RODGERS','TURYAHEBWA','','','Cash',1208,'PATRICK ESTATES','commercial','CH2','KATUMWESIGYE','ONESMUS','','256752598144','',0,300000,NULL,NULL,30,0,60000,'TURYAHEBWA RODGERS',NULL,0,139,'2025-07-11 15:21:33.000000',889,1,5);
INSERT INTO `payed` VALUES (10191,60000,60000,1,15,9000,'2025-07-01',9000,0,60000,0,'2025-07-09 00:00:00.000000','2025-08-09 00:00:00.000000',NULL,7,'0',29,'ACCOUNTS ASSISTANT','RODGERS','TURYAHEBWA','','','Cash',1299,'Kintu kateera estate','residential','RM1','MUGUMYA ','BRIAN','','256780879940','',0,60000,NULL,NULL,30,0,18000,'TURYAHEBWA RODGERS',NULL,0,139,'2025-07-11 15:47:52.000000',1982,1,5);
INSERT INTO `payed` VALUES (10192,80000,80000,1,20,16000,'2025-05-01',16000,0,80000,0,'2025-05-25 00:00:00.000000','2025-06-25 00:00:00.000000',NULL,7,'0',23,'GENERAL MANAGER','Bamwebaze','Kellen','','','Loading...',1256,'Clever makenke','residential','RM20','MAHINDA','TITUS','','256761542612','',0,80000,NULL,NULL,30,0,24000,'Ambrose',NULL,0,163,'2025-07-11 16:15:27.000000',1932,1,5);
INSERT INTO `payed` VALUES (10193,60000,120000,2,20,24000,'2025-04-01',12000,0,120000,0,'2025-04-01 00:00:00.000000','2025-06-01 00:00:00.000000',NULL,7,'0',23,'GENERAL MANAGER','Bamwebaze','Kellen','','','Cash',1214,'RUBANYEGYEZA ESTATES','commercial','RM4','MUJURIZI','INNOCENT','','256707044009','',0,60000,NULL,NULL,30,0,36000,'Ambrose',NULL,0,163,'2025-07-11 16:52:18.000000',945,1,5);
INSERT INTO `payed` VALUES (10194,160000,160000,1,20,32000,'2025-06-01',32000,0,160000,0,'2025-06-01 00:00:00.000000','2025-07-01 00:00:00.000000',NULL,7,'0',29,'ACCOUNTS ASSISTANT','RODGERS','TURYAHEBWA','','','Cash',1197,'JOHN BOSCO MILE 4','commercial','CH1','Agaba','Nelson','','256700366210','',0,150000,NULL,NULL,30,0,48000,'TURYAHEBWA RODGERS',143,0,139,'2025-07-11 17:00:52.000000',1272,1,5);
INSERT INTO `payed` VALUES (10195,120000,120000,1,15,18000,'2025-07-01',18000,0,120000,0,'2025-07-01 00:00:00.000000','2025-08-01 00:00:00.000000',NULL,7,'0',23,'GENERAL MANAGER','Bamwebaze','Kellen','','','Cash',1172,'JB Rwemirinzi','residential','RM1','Makiba','Jaho','Jaffar','256706963509','+256770460022',0,120000,NULL,NULL,30,0,36000,'Ambrose',143,0,163,'2025-07-12 20:38:07.000000',2187,1,5);
INSERT INTO `payed` VALUES (10196,120000,120000,1,20,24000,'2025-07-01',24000,0,120000,0,'2025-07-05 00:00:00.000000','2025-08-05 00:00:00.000000',NULL,7,'0',22,'HEAD OF FINANCE','Nkalubo','Dickson','','','Cash',1188,'PASCAL KATETE CENTRAL','commercial','RM7','MWESIGWA','AMON','','256753880341','',0,120000,NULL,NULL,30,0,36000,'Uwimbabazi Hope',NULL,0,156,'2025-07-12 08:51:42.000000',2239,1,5);
INSERT INTO `payed` VALUES (10197,80000,50000,1,15,7500,'2025-06-01',7500,30000,80000,30000,'2025-06-01 03:00:00.000000','2025-07-01 00:00:00.000000','2025-07-21 00:00:00.000000',7,'0',23,'GENERAL MANAGER','Bamwebaze','Kellen','','','Cash',1166,'JB KATETE CENTRAL','residential','RM9','Olivias','Akansasira','','256256753321515','',0,80000,NULL,NULL,30,0,15000,'crane',143,0,159,'2025-07-12 10:16:24.000000',581,1,5);
INSERT INTO `payed` VALUES (10198,240000,480000,2,0,0,'2025-03-01',0,0,480000,0,'2025-03-01 00:00:00.000000','2025-05-01 00:00:00.000000',NULL,7,'0',23,'GENERAL MANAGER','Bamwebaze','Kellen','','','Cash',1202,'ESTATE 1','commercial','H5','MUSINGUZI','DAN','','256754961333','',0,240000,NULL,NULL,0,0,0,'Ambrose',NULL,0,163,'2025-07-12 10:47:51.000000',861,1,5);
INSERT INTO `payed` VALUES (10199,50000,50000,1,20,10000,'2025-06-01',10000,0,50000,0,'2025-06-07 00:00:00.000000','2025-07-07 00:00:00.000000',NULL,7,'',29,'ACCOUNTS ASSISTANT','RODGERS','TURYAHEBWA','','','Cash',1295,'Bonny estate 2','residential','RM 5','Ampumuza','Ivan','','256776785346','',0,50000,NULL,NULL,30,0,15000,'Uwimbabazi Hope',NULL,0,156,'2025-07-12 11:06:41.000000',1841,1,5);
INSERT INTO `payed` VALUES (10200,200000,200000,1,20,40000,'2025-06-01',40000,0,200000,0,'2025-06-01 00:00:00.000000','2025-07-01 00:00:00.000000',NULL,7,'0',23,'GENERAL MANAGER','Bamwebaze','Kellen','','','Cash',1198,'JB JESUS CARE ','commercial','CH2','NUWAHEREZA','IVO','','256702118330','',0,200000,NULL,NULL,30,0,60000,'Ambrose',143,0,163,'2025-07-12 11:16:33.000000',802,1,5);
INSERT INTO `payed` VALUES (10201,80000,40000,1,20,8000,'2025-07-01',8000,40000,80000,40000,'2025-07-12 03:00:00.000000','2025-08-12 00:00:00.000000','2025-07-30 00:00:00.000000',7,'0',23,'GENERAL MANAGER','Bamwebaze','Kellen','','','Cash',1209,'CHRISTOPHER ESTATES','commercial','RM11','Tusingwire','Johnson','','256705982365','',0,80000,NULL,NULL,30,0,12000,'Ambrose',NULL,0,163,'2025-07-12 12:15:15.000000',2078,1,5);
INSERT INTO `payed` VALUES (10202,80000,50000,1,20,10000,'2025-06-01',10000,30000,80000,30000,'2025-06-02 03:00:00.000000','2025-07-02 00:00:00.000000','2025-07-28 00:00:00.000000',7,'0',23,'GENERAL MANAGER','Bamwebaze','Kellen','','','Cash',1256,'Clever makenke','residential','RM16','AHIMBISIBWE','TOMSON','','256787554012','',0,80000,NULL,NULL,30,0,15000,'crane',NULL,0,159,'2025-07-12 14:45:39.000000',1372,1,5);
INSERT INTO `payed` VALUES (10203,120000,120000,1,20,24000,'2025-06-01',24000,0,120000,0,'2025-06-01 00:00:00.000000','2025-07-01 00:00:00.000000',NULL,7,'0',23,'GENERAL MANAGER','Bamwebaze','Kellen','','','Cash',1171,'GORDON ESTATES','residential','RM3','KOMUHENDO','PHIONAH','','256777834095','',0,120000,NULL,NULL,30,0,36000,'Ambrose',147,0,163,'2025-07-12 15:44:18.000000',1434,1,5);
INSERT INTO `payed` VALUES (10204,150000,150000,1,20,30000,'2025-06-01',30000,0,150000,0,'2025-06-16 00:00:00.000000','2025-07-16 00:00:00.000000',NULL,7,'0',23,'GENERAL MANAGER','Bamwebaze','Kellen','','','Cash',1297,'Bwogi katete estate','residential','RM3','Ainemukama','Prosper','','256779528849','',0,150000,NULL,NULL,30,0,45000,'crane',NULL,0,159,'2025-07-12 15:54:02.000000',2111,1,5);
INSERT INTO `payed` VALUES (10205,200000,200000,1,10,20000,'2025-06-01',20000,0,200000,0,'2025-06-01 00:00:00.000000','2025-07-01 00:00:00.000000',NULL,7,'0',23,'GENERAL MANAGER','Bamwebaze','Kellen','','','Cash',1193,'BASIIMWE VIP','commercial','O','BAGONZA','JOHNSON','','256752621423','',0,200000,NULL,NULL,30,0,60000,'crane',NULL,0,159,'2025-07-12 15:55:19.000000',759,1,5);
INSERT INTO `payed` VALUES (10206,70000,70000,1,20,14000,'2025-07-01',14000,0,70000,0,'2025-07-01 00:00:00.000000','2025-08-01 00:00:00.000000',NULL,7,'0',23,'GENERAL MANAGER','Bamwebaze','Kellen','','','Cash',1301,'Patrick ordinary ','commercial','CH3','Nuwagaba','Stephen','','256256783211896','',0,70000,NULL,NULL,30,0,21000,'Ambrose',NULL,0,163,'2025-07-12 16:17:07.000000',2066,1,5);
INSERT INTO `payed` VALUES (10207,70000,70000,1,15,10500,'2025-07-01',10500,0,70000,0,'2025-07-01 00:00:00.000000','2025-08-01 00:00:00.000000',NULL,7,'0',29,'ACCOUNTS ASSISTANT','RODGERS','TURYAHEBWA','','','Cash',1166,'JB KATETE CENTRAL','commercial','CH4 BEHIND','TURYAMUREBA','SLIVER','','256787338919','',0,70000,NULL,NULL,30,0,21000,'TURYAHEBWA RODGERS',143,0,139,'2025-07-13 19:24:53.000000',2228,1,5);
INSERT INTO `payed` VALUES (10208,70000,20000,1,15,3000,'2025-05-01',3000,50000,70000,50000,'2025-05-15 03:00:00.000000','2025-06-15 00:00:00.000000','2025-07-26 00:00:00.000000',7,'0',29,'ACCOUNTS ASSISTANT','RODGERS','TURYAHEBWA','','','Cash',1166,'JB KATETE CENTRAL','commercial','CH4 FRONT','Mr','Javan','','256757950368','',0,70000,NULL,NULL,30,0,6000,'TURYAHEBWA RODGERS',143,0,139,'2025-07-13 09:12:04.000000',569,1,5);
INSERT INTO `payed` VALUES (10209,70000,140000,2,15,21000,'2025-07-01',10500,0,140000,0,'2025-07-15 00:00:00.000000','2025-09-15 00:00:00.000000',NULL,7,'',29,'ACCOUNTS ASSISTANT','RODGERS','TURYAHEBWA','','','Cash',1166,'JB KATETE CENTRAL','residential','RM1\'2','AMANYA','ZION','','25678555',NULL,0,NULL,NULL,NULL,30,0,42000,'TURYAHEBWA RODGERS',143,0,139,'2025-07-13 09:22:24.000000',2330,1,5);
INSERT INTO `payed` VALUES (10210,70000,70000,1,20,14000,'2025-07-01',14000,0,70000,0,'2025-07-09 00:00:00.000000','2025-08-09 00:00:00.000000',NULL,7,'',23,'GENERAL MANAGER','Bamwebaze','Kellen','','','Cash',1307,'JUSTUS PROPERTY','residential','RM4','NAHABWE','ADVIAN','','256744212143',NULL,0,NULL,NULL,NULL,30,0,21000,'Ambrose',NULL,0,163,'2025-07-13 09:33:04.000000',2331,1,5);
INSERT INTO `payed` VALUES (10211,130000,40000,1,20,8000,'2025-04-01',10000,40000,130000,40000,'2025-04-25 03:00:00.000000','2025-05-25 00:00:00.000000','2025-07-21 00:00:00.000000',7,'0',29,'ACCOUNTS ASSISTANT','RODGERS','TURYAHEBWA','','','cash',1238,'ELLY VIP','residential','RM4','Tumusiime','Polycap','','256751161332','',0,130000,NULL,NULL,30,0,12000,'crane',NULL,0,159,'2025-07-14 11:25:02.000000',1694,1,5);
INSERT INTO `payed` VALUES (10212,70000,70000,1,15,10500,'2025-07-01',10500,0,70000,0,'2025-07-13 00:00:00.000000','2025-08-13 00:00:00.000000',NULL,7,'0',29,'ACCOUNTS ASSISTANT','RODGERS','TURYAHEBWA','','','Cash',1166,'JB KATETE CENTRAL','commercial','CH3 FRONT','Karungi','Joel','','256774146327','',0,70000,NULL,NULL,30,0,21000,'crane',143,0,159,'2025-07-13 10:41:54.000000',2206,1,5);
INSERT INTO `payed` VALUES (10213,80000,80000,1,20,16000,'2025-07-01',16000,0,80000,0,'2025-07-01 00:00:00.000000','2025-08-01 00:00:00.000000',NULL,7,'0',29,'ACCOUNTS ASSISTANT','RODGERS','TURYAHEBWA','','','Cash',1221,'FLORENCE ESTATES','commercial','RM3','ORIBAKIRIHO','FATUUMA','','256752584927','',0,80000,NULL,NULL,30,0,24000,'TURYAHEBWA RODGERS',NULL,0,139,'2025-07-13 12:02:10.000000',1131,1,5);
INSERT INTO `payed` VALUES (10214,80000,50000,1,20,10000,'2025-06-01',10000,30000,80000,30000,'2025-06-28 03:00:00.000000','2025-07-28 00:00:00.000000','2025-07-26 00:00:00.000000',7,'0',29,'ACCOUNTS ASSISTANT','RODGERS','TURYAHEBWA','','','Cash',1221,'FLORENCE ESTATES','commercial','RM12','ELIZABETH ','NAMATA','','256758308978','',0,80000,NULL,NULL,30,0,15000,'TURYAHEBWA RODGERS',NULL,0,139,'2025-07-13 12:04:50.000000',1447,1,5);
INSERT INTO `payed` VALUES (10215,70000,70000,1,20,14000,'2025-07-01',14000,0,70000,0,'2025-07-09 00:00:00.000000','2025-08-09 00:00:00.000000',NULL,7,'0',29,'ACCOUNTS ASSISTANT','RODGERS','TURYAHEBWA','','','Cash',1245,'Elly ordinally','residential','RM4','JOAN','MUSIMENTA','','256764170258','',0,70000,NULL,NULL,30,0,21000,'TURYAHEBWA RODGERS',NULL,0,139,'2025-07-13 12:32:02.000000',2200,1,5);
INSERT INTO `payed` VALUES (10216,50000,5000,1,15,750,'2025-05-01',4500,15000,50000,15000,'2025-05-22 03:00:00.000000','2025-06-22 00:00:00.000000','2025-07-26 00:00:00.000000',7,'0',29,'ACCOUNTS ASSISTANT','RODGERS','TURYAHEBWA','','','cash',1187,'ELSON ESTATE','commercial','RM10','Ainebyona','Mathias','','256759442839','',0,50000,NULL,NULL,30,0,1500,'TURYAHEBWA RODGERS',NULL,0,139,'2025-07-13 13:11:22.000000',1270,1,5);
INSERT INTO `payed` VALUES (10217,100000,50000,1,15,7500,'2025-05-01',7500,50000,100000,50000,'2025-05-24 03:00:00.000000','2025-06-24 00:00:00.000000','2025-07-30 00:00:00.000000',7,'0',23,'GENERAL MANAGER','Bamwebaze','Kellen','','','Cash',1299,'Kintu kateera estate','residential','RM3','Kyarikunda ','Mood','','256754624072','',0,100000,NULL,NULL,30,0,15000,'Ambrose',NULL,0,163,'2025-07-13 14:52:04.000000',1936,1,5);
INSERT INTO `payed` VALUES (10218,120000,10000,1,18,1800,'2025-06-01',1800,110000,120000,110000,'2025-06-01 03:00:00.000000','2025-07-01 00:00:00.000000','2025-07-30 00:00:00.000000',7,'0',23,'GENERAL MANAGER','Bamwebaze','Kellen','','','Cash',1162,'JACENTA ESTATE','commercial','CH5','Nomanyota','Wilber','','256755552902','',0,120000,NULL,NULL,30,0,3000,'Ambrose',128,0,163,'2025-07-13 15:32:07.000000',513,1,5);
INSERT INTO `payed` VALUES (10219,60000,60000,1,20,12000,'2025-06-01',12000,0,60000,0,'2025-06-27 00:00:00.000000','2025-07-27 00:00:00.000000',NULL,7,'0',23,'GENERAL MANAGER','Bamwebaze','Kellen','','','Cash',1160,'ONESMUS ESTATES','residential','RM8','BIRA','JOVULET','','256759980426','',0,60000,NULL,NULL,30,0,18000,'Ambrose',130,0,163,'2025-07-13 15:48:51.000000',2095,1,5);
INSERT INTO `payed` VALUES (10220,140000,140000,1,0,0,'2025-06-01',0,0,140000,0,'2025-06-09 00:00:00.000000','2025-07-09 00:00:00.000000',NULL,7,'0',23,'GENERAL MANAGER','Bamwebaze','Kellen','','','Cash',1202,'ESTATE 1','commercial','H7','NAMUGABI','EVAS','','256703335540','',0,70000,NULL,NULL,0,0,0,'Ambrose',NULL,0,163,'2025-07-14 19:22:27.000000',862,1,5);
INSERT INTO `payed` VALUES (10221,90000,90000,1,20,18000,'2025-07-01',18000,0,90000,0,'2025-07-13 00:00:00.000000','2025-08-13 00:00:00.000000',NULL,7,'0',29,'ACCOUNTS ASSISTANT','RODGERS','TURYAHEBWA','','','Cash',1221,'FLORENCE ESTATES','commercial','RM2','NATUKWATSA','SYSON','','256773132511','',0,80000,NULL,NULL,30,0,27000,'TURYAHEBWA RODGERS',NULL,0,139,'2025-07-14 10:53:41.000000',2261,1,5);
INSERT INTO `payed` VALUES (10222,60000,42500,1,20,8500,'2025-07-01',8500,17500,60000,17500,'2025-07-02 03:00:00.000000','2025-08-02 00:00:00.000000','2025-07-28 00:00:00.000000',7,'0',23,'GENERAL MANAGER','Bamwebaze','Kellen','','','Cash',1303,'LABAN ESTATE ','residential','RM7','Ninsiima','Sylvia ','','256751428378','',5000,60000,NULL,NULL,30,0,12750,'crane',NULL,0,159,'2025-07-14 11:27:10.000000',2231,1,5);
DELIMITER ;;
/*!50003 CREATE*/ /*!50017 DEFINER=`estatesmanager`@`localhost`*/ /*!50003 TRIGGER `set_due_equal_to_balance` BEFORE INSERT ON `payed` FOR EACH ROW BEGIN
    -- Set the 'due' column to the value being inserted
    SET NEW.balance = NEW.due;
END */;;
DELIMITER ;
DELIMITER ;;
/*!50003 CREATE*/ /*!50017 DEFINER=`estatesmanager`@`localhost`*/ /*!50003 TRIGGER calculate_agent_commission
BEFORE INSERT ON payed
FOR EACH ROW
BEGIN
    SET NEW.commission = NEW.paid * NEW.collected / 100;
END */;;
DELIMITER ;
DELIMITER ;;
/*!50003 CREATE*/ /*!50017 DEFINER=`estatesmanager`@`localhost`*/ /*!50003 TRIGGER calculate_commissionperiod
BEFORE INSERT ON payed
FOR EACH ROW
BEGIN
  SET NEW.commissionperiod = NEW.commission / NEW.periodfor;
SET NEW.periodmonth = LAST_DAY(NEW.startdate) + INTERVAL 1 DAY - INTERVAL DAY(LAST_DAY(NEW.startdate)) DAY;
END */;;
DELIMITER ;
DELIMITER ;;
/*!50003 CREATE*/ /*!50017 DEFINER=`estatesmanager`@`localhost`*/ /*!50003 TRIGGER `calculate_arreas_commission` BEFORE INSERT ON `payed` FOR EACH ROW BEGIN
    SET NEW.arrearscommission = NEW.paid * NEW.arrears / 100;
END */;;
DELIMITER ;
DELIMITER ;;
/*!50003 CREATE*/ /*!50017 DEFINER=`estatesmanager`@`localhost`*/ /*!50003 TRIGGER update_tenants_end_date_trigger
AFTER INSERT ON payed
FOR EACH ROW
BEGIN
    UPDATE tenants
    SET end_date = NEW.enddate
    WHERE id = NEW.tenant_id
    AND NEW.enddate > tenants.end_date; -- Only update if the new enddate is greater
END */;;
DELIMITER ;
DELIMITER ;;
/*!50003 CREATE*/ /*!50017 DEFINER=`estatesmanager`@`localhost`*/ /*!50003 TRIGGER `InsertCommision_Arreas` AFTER INSERT ON `payed` FOR EACH ROW BEGIN
  IF NEW.mark = 1 THEN
 INSERT INTO arreascommission (paymentID, Arcommision, property_ID, user_id, paid, property, unitname, tfname, tlname, tmiddle, username, user)
    VALUES (NEW.id, NEW.arrearscommission, NEW.property_ID, NEW.user_id, NEW.paid, NEW.property, NEW.unitname, NEW.tfname, NEW.tlname, NEW.tmiddle, NEW.username, NEW.user);
      END IF;
END */;;
DELIMITER ;
DELIMITER ;;
/*!50003 CREATE*/ /*!50017 DEFINER=`estatesmanager`@`localhost`*/ /*!50003 TRIGGER `InsertTransactionData` AFTER INSERT ON `payed` FOR EACH ROW BEGIN
 INSERT INTO transhistory (payment_id, paymentMethod, due, paid, property_ID, user_id, total, fname, lname, middle, periodfor, property, unitname, startdate, enddate, tenant_id, desgnation, finame, laname, midname, username, user, phone, unitmode, date)
    VALUES (NEW.id, NEW.meth, NEW.due, NEW.paid, NEW.property_ID, NEW.user_id, NEW.total, NEW.tfname, NEW.tlname, NEW.tmiddle, NEW.periodfor, NEW.property, NEW.unitname, NEW.startdate, NEW.enddate, NEW.tenant_id, NEW.desg, NEW.fname, NEW.lname, NEW.middle, NEW.user, NEW.username, NeW.phone, NEW.unitmode, NEW.date);
END */;;
DELIMITER ;
DELIMITER ;;
/*!50003 CREATE*/ /*!50017 DEFINER=`estatesmanager`@`localhost`*/ /*!50003 TRIGGER `update_history` AFTER INSERT ON `payed` FOR EACH ROW BEGIN
    -- Check if the payment is made with the same start and end dates
    IF NEW.startdate = NEW.enddate THEN
        -- Update the corresponding record in history with the paid amount
        UPDATE history
        SET paid = NEW.paid
        WHERE payment_id = NEW.id;
    ELSE
        -- Insert into history table when a new payment is made
        INSERT INTO history (payment_id, agreed, paid, tenant_id, startdate, due, enddate, date)
        VALUES (NEW.id, NEW.agreed, NEW.paid, NEW.tenant_id, NEW.startdate, NEW.due, NEW.enddate, NEW.date);

        -- Check if the enddate is over and there was no payment
        IF NEW.enddate < CURDATE() THEN
            -- Insert a record with 0 paid for the next payment period
          INSERT INTO history (payment_id, agreed, paid, tenant_id, date, startdate, due, enddate)
            VALUES (NEW.id, NEW.agreed, 0, NEW.tenant_id, NEW.date, ADDDATE(NEW.enddate, INTERVAL 1 DAY), NEW.agreed, ADDDATE(NEW.enddate, INTERVAL 1 MONTH));
            
        END IF;
    END IF;
END */;;
DELIMITER ;
DELIMITER ;;
/*!50003 CREATE*/ /*!50017 DEFINER=`estatesmanager`@`localhost`*/ /*!50003 TRIGGER `InsertCommisionPeriod_Data` AFTER INSERT ON `payed` FOR EACH ROW BEGIN
  IF NEW.mark = 0 THEN
 INSERT INTO agentcommission (paymentID, Agcommision, property_ID, user_id, property, unitmode, unitname, paid, collected, periodfor, username, user, date, branch_id)
    VALUES (NEW.id, NEW.commission, NEW.property_ID, NEW.user_id, NEW.property, NEW.unitmode, NEW.unitname, NEW.paid, NEW.collected, NEW.periodfor, NEW.username, NEW.user, NEW.date, NEW.branch_id);
      END IF;
END */;;
DELIMITER ;
DELIMITER ;;
/*!50003 CREATE*/ /*!50017 DEFINER=`estatesmanager`@`localhost`*/ /*!50003 TRIGGER `update_due_balance_update` BEFORE UPDATE ON `payed` FOR EACH ROW BEGIN
    -- Set the 'due' column to the value being inserted
    SET NEW.balance = NEW.due;
END */;;
DELIMITER ;
DELIMITER ;;
/*!50003 CREATE*/ /*!50017 DEFINER=`estatesmanager`@`localhost`*/ /*!50003 TRIGGER update_agent_commission
BEFORE UPDATE ON payed
FOR EACH ROW
BEGIN
    SET NEW.commission = NEW.paid * NEW.collected / 100;
END */;;
DELIMITER ;
DELIMITER ;;
/*!50003 CREATE*/ /*!50017 DEFINER=`estatesmanager`@`localhost`*/ /*!50003 TRIGGER `Update_arreas_commission` BEFORE UPDATE ON `payed` FOR EACH ROW BEGIN
    SET NEW.arrearscommission = NEW.paid * NEW.arrears / 100;
END */;;
DELIMITER ;
DELIMITER ;;
/*!50003 CREATE*/ /*!50017 DEFINER=`estatesmanager`@`localhost`*/ /*!50003 TRIGGER `UpdateCommision_Arreas` AFTER UPDATE ON `payed` FOR EACH ROW BEGIN
    IF NEW.mark = 1 THEN
        INSERT INTO arreascommission (paymentID, Arcommision, property_ID, user_id, paid, property, unitname, tfname, tlname, tmiddle, username, user)
        VALUES (NEW.id, NEW.arrearscommission, NEW.property_ID, NEW.user_id, NEW.paid, NEW.property, NEW.unitname, NEW.tfname, NEW.tlname, NEW.tmiddle, NEW.username, NEW.user);
    END IF;
END */;;
DELIMITER ;
DELIMITER ;;
/*!50003 CREATE*/ /*!50017 DEFINER=`estatesmanager`@`localhost`*/ /*!50003 TRIGGER `UpdateTransactionData` AFTER UPDATE ON `payed` FOR EACH ROW BEGIN
 INSERT INTO transhistory (payment_id, paymentMethod, due, paid, property_ID, user_id, total, fname, lname, middle, periodfor, property, unitname, startdate, enddate, tenant_id, desgnation, finame, laname, midname, username, user, phone, unitmode, date)
    VALUES (NEW.id, NEW.meth, NEW.due, NEW.paid, NEW.property_ID, NEW.user_id, NEW.total, NEW.tfname, NEW.tlname, NEW.tmiddle, NEW.periodfor, NEW.property, NEW.unitname, NEW.startdate, NEW.enddate, NEW.tenant_id, NEW.desg, NEW.fname, NEW.lname, NEW.middle, NEW.user, NEW.username, NeW.phone, NEW.unitmode, NEW.date);
END */;;
DELIMITER ;
DELIMITER ;;
/*!50003 CREATE*/ /*!50017 DEFINER=`estatesmanager`@`localhost`*/ /*!50003 TRIGGER `update_history_after_update` AFTER UPDATE ON `payed` FOR EACH ROW BEGIN
    -- Check if the payment is made with the same start and end dates
    IF NEW.startdate = NEW.enddate THEN
        -- Update the corresponding record in history with the paid amount
        UPDATE history
        SET paid = NEW.paid
        WHERE payment_id = NEW.id;
    ELSE
        -- Insert into history table when a new payment is made
        INSERT INTO history (payment_id, agreed, paid, tenant_id, startdate, due, enddate, date)
        VALUES (NEW.id, NEW.agreed, NEW.paid, NEW.tenant_id, NEW.startdate, NEW.due, NEW.enddate, NEW.date);

        -- Check if the enddate is over and there was no payment
        IF NEW.enddate < CURDATE() THEN
            -- Insert a record with 0 paid for the next payment period
          INSERT INTO history (payment_id, agreed, paid, tenant_id, date, startdate, due, enddate)
            VALUES (NEW.id, NEW.agreed, 0, NEW.tenant_id, NEW.date, ADDDATE(NEW.enddate, INTERVAL 1 DAY), NEW.agreed, ADDDATE(NEW.enddate, INTERVAL 1 MONTH));
            
        END IF;
    END IF;
END */;;
DELIMITER ;
DELIMITER ;;
/*!50003 CREATE*/ /*!50017 DEFINER=`estatesmanager`@`localhost`*/ /*!50003 TRIGGER `UpdateCommissionPeriod_Data` AFTER UPDATE ON `payed` FOR EACH ROW BEGIN
  IF NEW.mark = 0 THEN
 INSERT INTO agentcommission (paymentID, Agcommision, property_ID, user_id, property, unitmode, unitname, paid, collected, periodfor, username, user, date, branch_id)
    VALUES (NEW.id, NEW.commission, NEW.property_ID, NEW.user_id, NEW.property, NEW.unitmode, NEW.unitname, NEW.paid, NEW.collected, NEW.periodfor, NEW.username, NEW.user, NEW.date, NEW.branch_id);
      END IF;
END */;;
DELIMITER ;

--
-- Table structure for table `payment`
--

CREATE TABLE `payment` (
  `id` int(11) NOT NULL AUTO_INCREMENT,
  `tenat` int(11) NOT NULL,
  `first_name` varchar(250) DEFAULT NULL,
  `last_name` varchar(250) DEFAULT NULL,
  `phone` varchar(25) NOT NULL,
  `property` varchar(250) DEFAULT NULL,
  `unit` varchar(250) DEFAULT NULL,
  `mode` varchar(250) DEFAULT NULL,
  `period` int(11) NOT NULL,
  `property_id` int(11) NOT NULL,
  `value` int(11) NOT NULL,
  `paid` int(11) NOT NULL,
  `due` int(11) NOT NULL,
  `total_due` int(11) NOT NULL,
  `total` int(11) NOT NULL,
  `startdate` datetime(6) DEFAULT NULL,
  `enddate` datetime(6) DEFAULT NULL,
  `payment_method` int(11) NOT NULL,
  `receiver` int(11) NOT NULL,
  `employee_fname` varchar(250) DEFAULT NULL,
  `employee_lname` varchar(250) DEFAULT NULL,
  `user` int(11) NOT NULL,
  `user_name` varchar(250) DEFAULT NULL,
  `date` timestamp(6) NOT NULL DEFAULT current_timestamp(6),
  PRIMARY KEY (`id`),
  KEY `tenat` (`tenat`),
  KEY `property_id` (`property_id`),
  KEY `payment_method` (`payment_method`),
  CONSTRAINT `payment_ibfk_1` FOREIGN KEY (`tenat`) REFERENCES `tenants` (`id`) ON DELETE CASCADE ON UPDATE CASCADE,
  CONSTRAINT `payment_ibfk_2` FOREIGN KEY (`property_id`) REFERENCES `property` (`id`) ON DELETE CASCADE ON UPDATE CASCADE,
  CONSTRAINT `payment_ibfk_3` FOREIGN KEY (`payment_method`) REFERENCES `amenties` (`id`) ON DELETE CASCADE ON UPDATE CASCADE
) ENGINE=InnoDB AUTO_INCREMENT=140 DEFAULT CHARSET=utf8mb4 COLLATE=utf8mb4_general_ci;

--
-- Dumping data for table `payment`
--

INSERT INTO `payment` VALUES (28,660,'AMUTUHAIRE','BETTY','256757847670','GAUDIAS ORDINARY','RM4','residential',1,1184,30000,30000,0,0,30000,'2024-10-01 13:10:23.000000','2024-11-01 00:00:00.000000',8,29,'RODGERS','TURYAHEBWA',139,'TURYAHEBWA RODGERS','2024-10-22 12:38:16.219925');
INSERT INTO `payment` VALUES (29,665,'ATUKWATSE','RONALD','256750429611','GAUDIAS ORDINARY','RM9','residential',1,1184,30000,30000,0,0,30000,'2024-11-01 00:00:00.000000','2024-12-01 00:00:00.000000',7,29,'RODGERS','TURYAHEBWA',139,'TURYAHEBWA RODGERS','2024-10-25 14:14:42.293405');
INSERT INTO `payment` VALUES (32,658,'AINEMBABAZI','GLORIOUS','256786864441','GAUDIAS ORDINARY','RM2','residential',2,1184,30000,60000,0,0,60000,'2024-10-01 00:00:00.000000','2024-12-01 00:00:00.000000',7,29,'RODGERS','TURYAHEBWA',139,'TURYAHEBWA RODGERS','2024-10-29 05:22:41.305118');
INSERT INTO `payment` VALUES (35,662,'KATUNGI','ALI','256702747378','GAUDIAS ORDINARY','RM6','residential',1,1184,30000,30000,0,0,30000,'2024-10-16 00:00:00.000000','2024-11-16 00:00:00.000000',7,29,'RODGERS','TURYAHEBWA',139,'TURYAHEBWA RODGERS','2024-10-31 14:00:53.625076');
INSERT INTO `payment` VALUES (36,659,'AHEREZA ','GILES','256778910897','GAUDIAS ORDINARY','RM3','residential',2,1184,30000,60000,0,0,60000,'2024-10-15 00:00:00.000000','2024-12-15 00:00:00.000000',7,29,'RODGERS','TURYAHEBWA',139,'TURYAHEBWA RODGERS','2024-10-31 14:34:50.978469');
INSERT INTO `payment` VALUES (39,666,'NYAMWIJA','JOSEPHINE','256703896954','GAUDIAS ORDINARY','RM10','residential',1,1184,30000,30000,0,0,30000,'2024-10-01 00:00:00.000000','2024-11-01 00:00:00.000000',7,29,'RODGERS','TURYAHEBWA',139,'TURYAHEBWA RODGERS','2024-11-07 05:40:54.782139');
INSERT INTO `payment` VALUES (40,660,'AMUTUHAIRE','BETTY','256757847670','GAUDIAS ORDINARY','RM4','residential',1,1184,30000,30000,0,0,30000,'2024-11-01 00:00:00.000000','2024-12-01 00:00:00.000000',7,29,'RODGERS','TURYAHEBWA',139,'TURYAHEBWA RODGERS','2024-11-09 08:38:00.140941');
INSERT INTO `payment` VALUES (41,1836,'NAMPA','MACKLINE ','256779152690','GAUDIAS ORDINARY','RM1','residential',1,1184,30000,30000,0,0,30000,'2024-10-01 00:00:00.000000','2024-11-01 00:00:00.000000',7,29,'RODGERS','TURYAHEBWA',139,'TURYAHEBWA RODGERS','2024-11-11 15:52:24.083479');
INSERT INTO `payment` VALUES (42,661,'NKWATSIBWE','RONALD','256777122371','GAUDIAS ORDINARY','RM5','residential',1,1184,30000,30000,0,0,30000,'2024-11-01 00:00:00.000000','2024-12-01 00:00:00.000000',7,29,'RODGERS','TURYAHEBWA',139,'TURYAHEBWA RODGERS','2024-11-14 11:15:16.524179');
INSERT INTO `payment` VALUES (47,666,'NYAMWIJA','JOSEPHINE','256703896954','GAUDIAS ORDINARY','RM10','residential',1,1184,30000,30000,0,0,30000,'2024-11-01 00:00:00.000000','2024-12-01 00:00:00.000000',7,29,'','',139,'TURYAHEBWA RODGERS','2024-11-28 09:59:35.702592');
INSERT INTO `payment` VALUES (51,657,'SHIMON','AINE','256701184224','ORDINARY','RM1','residential',3,1184,30000,90000,0,0,90000,'2025-01-01 00:00:00.000000','2025-04-01 00:00:00.000000',7,29,'RODGERS','TURYAHEBWA',139,'TURYAHEBWA RODGERS','2024-12-08 08:33:07.833685');
INSERT INTO `payment` VALUES (52,661,'NKWATSIBWE','RONALD','256777122371','GAUDIAS ORDINARY','RM5','residential',1,1184,30000,30000,0,0,30000,'2024-12-01 00:00:00.000000','2025-01-01 00:00:00.000000',7,29,'RODGERS','TURYAHEBWA',139,'TURYAHEBWA RODGERS','2024-12-10 09:59:19.369395');
INSERT INTO `payment` VALUES (54,663,'NAGASHA','DEBORA','256740013507','GAUDIAS ORDINARY','RM7','residential',1,1184,30000,30000,0,0,30000,'2024-12-01 00:00:00.000000','2025-01-01 00:00:00.000000',7,29,'RODGERS','TURYAHEBWA',139,'TURYAHEBWA RODGERS','2024-12-17 10:30:21.041423');
INSERT INTO `payment` VALUES (56,1836,'NAMPA','MACKLINE ','256779152690','GAUDIAS ORDINARY','RM1','residential',1,1184,30000,30000,0,0,30000,'2024-12-01 00:00:00.000000','2025-01-01 00:00:00.000000',7,29,'RODGERS','TURYAHEBWA',139,'TURYAHEBWA RODGERS','2024-12-19 15:04:09.570046');
INSERT INTO `payment` VALUES (60,659,'AHEREZA ','GILES','256778910897','GAUDIAS ORDINARY','RM3','residential',2,1184,30000,60000,0,0,60000,'2024-12-16 00:00:00.000000','2025-02-16 00:00:00.000000',7,29,'RODGERS','TURYAHEBWA',139,'TURYAHEBWA RODGERS','2024-12-27 12:34:24.238014');
INSERT INTO `payment` VALUES (61,660,'AMUTUHAIRE','BETTY','256757847670','GAUDIAS ORDINARY','RM4','residential',1,1184,30000,30000,0,0,30000,'2024-12-01 00:00:00.000000','2025-01-01 00:00:00.000000',7,29,'RODGERS','TURYAHEBWA',139,'TURYAHEBWA RODGERS','2024-12-30 08:46:49.975282');
INSERT INTO `payment` VALUES (65,658,'AINEMBABAZI','GLORIOUS','256786864441','GAUDIAS ORDINARY','RM2','residential',1,1184,30000,30000,0,0,30000,'2024-12-01 00:00:00.000000','2025-01-01 00:00:00.000000',7,29,'RODGERS','TURYAHEBWA',139,'TURYAHEBWA RODGERS','2025-01-03 14:16:38.006396');
INSERT INTO `payment` VALUES (66,658,'AINEMBABAZI','GLORIOUS','256786864441','GAUDIAS ORDINARY','RM2','residential',1,1184,30000,30000,0,0,30000,'2025-01-01 00:00:00.000000','2025-02-01 00:00:00.000000',7,29,'RODGERS','TURYAHEBWA',139,'TURYAHEBWA RODGERS','2025-01-03 14:19:14.566104');
INSERT INTO `payment` VALUES (67,666,'NYAMWIJA','JOSEPHINE','256703896954','GAUDIAS ORDINARY','RM10','residential',1,1184,30000,30000,0,0,30000,'2024-12-01 00:00:00.000000','2025-01-01 00:00:00.000000',7,29,'','',139,'TURYAHEBWA RODGERS','2025-01-04 10:09:24.510240');
INSERT INTO `payment` VALUES (68,664,'ANYEBEMBEIRE','AGNES','256756339451','GAUDIAS ORDINARY','RM8','residential',1,1184,30000,30000,0,0,30000,'2024-10-01 00:00:00.000000','2024-11-01 00:00:00.000000',7,29,'RODGERS','TURYAHEBWA',139,'TURYAHEBWA RODGERS','2025-01-06 07:42:20.433357');
INSERT INTO `payment` VALUES (69,664,'ANYEBEMBEIRE','AGNES','256756339451','GAUDIAS ORDINARY','RM8','residential',3,1184,30000,90000,0,0,90000,'2024-10-20 00:00:00.000000','2025-01-20 00:00:00.000000',7,29,'','',139,'TURYAHEBWA RODGERS','2025-01-06 07:45:01.723860');
INSERT INTO `payment` VALUES (70,661,'NKWATSIBWE','RONALD','256777122371','GAUDIAS ORDINARY','RM5','residential',1,1184,30000,30000,0,0,30000,'2025-01-01 00:00:00.000000','2025-02-01 00:00:00.000000',7,29,'','',139,'TURYAHEBWA RODGERS','2025-01-08 08:50:07.099869');
INSERT INTO `payment` VALUES (71,1836,'NAMPA','MACKLINE ','256779152690','GAUDIAS ORDINARY','RM1','residential',1,1184,30000,30000,0,0,30000,'2024-12-01 00:00:00.000000','2025-01-01 00:00:00.000000',7,29,'RODGERS','TURYAHEBWA',139,'TURYAHEBWA RODGERS','2025-01-10 05:57:50.334660');
INSERT INTO `payment` VALUES (72,660,'AMUTUHAIRE','BETTY','256757847670','GAUDIAS ORDINARY','RM4','residential',1,1184,30000,30000,0,0,30000,'2025-01-01 00:00:00.000000','2025-02-01 00:00:00.000000',7,29,'','',139,'TURYAHEBWA RODGERS','2025-01-21 08:12:17.473892');
INSERT INTO `payment` VALUES (73,665,'ATUKWATSE','RONALD','256750429611','GAUDIAS ORDINARY','RM9','residential',1,1184,30000,30000,0,0,30000,'2024-12-01 00:00:00.000000','2025-01-01 00:00:00.000000',7,29,'RODGERS','TURYAHEBWA',139,'TURYAHEBWA RODGERS','2025-01-24 07:28:31.949632');
INSERT INTO `payment` VALUES (74,664,'ANYEBEMBEIRE','AGNES','256756339451','GAUDIAS ORDINARY','RM8','residential',1,1184,30000,30000,0,0,30000,'2025-01-01 00:00:00.000000','2025-02-01 00:00:00.000000',7,29,'','',139,'TURYAHEBWA RODGERS','2025-01-27 07:22:39.875000');
INSERT INTO `payment` VALUES (75,666,'NYAMWIJA','JOSEPHINE','256703896954','GAUDIAS ORDINARY','RM10','residential',1,1184,30000,30000,0,0,30000,'2025-01-01 00:00:00.000000','2025-02-01 00:00:00.000000',7,29,'','',139,'TURYAHEBWA RODGERS','2025-01-30 07:47:01.728246');
INSERT INTO `payment` VALUES (76,663,'NAGASHA','DEBORA','256740013507','GAUDIAS ORDINARY','RM7','residential',1,1184,30000,30000,0,0,30000,'2025-01-01 00:00:00.000000','2025-02-01 00:00:00.000000',7,29,'RODGERS','TURYAHEBWA',139,'TURYAHEBWA RODGERS','2025-02-04 16:00:11.616586');
INSERT INTO `payment` VALUES (77,661,'NKWATSIBWE','RONALD','256777122371','GAUDIAS ORDINARY','RM5','residential',1,1184,30000,30000,0,0,30000,'2025-02-01 00:00:00.000000','2025-03-01 00:00:00.000000',7,29,'','',139,'TURYAHEBWA RODGERS','2025-02-06 13:03:47.240996');
INSERT INTO `payment` VALUES (78,659,'AHEREZA ','GILES','256778910897','GAUDIAS ORDINARY','RM3','residential',1,1184,30000,30000,0,0,30000,'2025-02-15 00:00:00.000000','2025-03-15 00:00:00.000000',7,29,'','',139,'TURYAHEBWA RODGERS','2025-02-22 10:03:48.500982');
INSERT INTO `payment` VALUES (79,662,'KATUNGI','ALI','256702747378','GAUDIAS ORDINARY','RM6','residential',2,1184,30000,60000,0,0,60000,'2025-01-16 00:00:00.000000','2025-03-16 00:00:00.000000',7,29,'RODGERS','TURYAHEBWA',139,'TURYAHEBWA RODGERS','2025-02-22 14:12:13.256252');
INSERT INTO `payment` VALUES (80,660,'AMUTUHAIRE','BETTY','256757847670','GAUDIAS ORDINARY','RM4','residential',1,1184,30000,30000,0,0,30000,'2025-02-01 00:00:00.000000','2025-03-01 00:00:00.000000',7,29,'RODGERS','TURYAHEBWA',139,'TURYAHEBWA RODGERS','2025-02-24 12:55:40.512691');
INSERT INTO `payment` VALUES (81,663,'NAGASHA','DEBORA','256740013507','GAUDIAS ORDINARY','RM7','residential',1,1184,30000,30000,0,0,30000,'2025-02-01 00:00:00.000000','2025-03-01 00:00:00.000000',7,29,'','',139,'TURYAHEBWA RODGERS','2025-03-04 09:53:03.800513');
INSERT INTO `payment` VALUES (82,666,'NYAMWIJA','JOSEPHINE','256703896954','GAUDIAS ORDINARY','RM10','residential',1,1184,30000,30000,0,0,30000,'2025-02-01 00:00:00.000000','2025-03-01 00:00:00.000000',7,29,'','',139,'TURYAHEBWA RODGERS','2025-03-07 15:11:25.762029');
INSERT INTO `payment` VALUES (83,659,'AHEREZA ','GILES','256778910897','GAUDIAS ORDINARY','RM3','residential',1,1184,30000,30000,0,0,30000,'2025-02-15 00:00:00.000000','2025-03-15 00:00:00.000000',7,29,'','',139,'TURYAHEBWA RODGERS','2025-03-10 15:53:04.701538');
INSERT INTO `payment` VALUES (84,664,'ANYEBEMBEIRE','AGNES','256756339451','GAUDIAS ORDINARY','RM8','residential',1,1184,30000,30000,0,0,30000,'2025-02-01 00:00:00.000000','2025-03-01 00:00:00.000000',7,29,'RODGERS','TURYAHEBWA',139,'TURYAHEBWA RODGERS','2025-03-13 10:23:07.401038');
INSERT INTO `payment` VALUES (85,665,'ATUKWATSE','RONALD','256750429611','GAUDIAS ORDINARY','RM9','residential',1,1184,30000,30000,0,0,30000,'2025-04-01 00:00:00.000000','2025-05-01 00:00:00.000000',7,29,'','',139,'TURYAHEBWA RODGERS','2025-03-26 07:06:18.140592');
INSERT INTO `payment` VALUES (86,660,'AMUTUHAIRE','BETTY','256757847670','GAUDIAS ORDINARY','RM4','residential',1,1184,30000,30000,0,0,30000,'2025-03-01 00:00:00.000000','2025-04-01 00:00:00.000000',7,29,'','',139,'TURYAHEBWA RODGERS','2025-03-29 12:23:28.222121');
INSERT INTO `payment` VALUES (87,661,'NKWATSIBWE','RONALD','256777122371','GAUDIAS ORDINARY','RM5','residential',1,1184,30000,30000,0,0,30000,'2025-03-01 00:00:00.000000','2025-04-01 00:00:00.000000',7,29,'RODGERS','TURYAHEBWA',139,'TURYAHEBWA RODGERS','2025-03-29 12:48:13.090413');
INSERT INTO `payment` VALUES (88,657,'SHIMON','AINE','256701184224','ORDINARY','RM1','residential',4,1184,30000,120000,0,0,120000,'2025-04-05 00:00:00.000000','2025-08-05 00:00:00.000000',7,29,'','',139,'TURYAHEBWA RODGERS','2025-03-30 09:46:16.753010');
INSERT INTO `payment` VALUES (89,658,'AINEMBABAZI','GLORIOUS','256786864441','GAUDIAS ORDINARY','RM2','residential',3,1184,30000,90000,0,0,90000,'2025-02-01 00:00:00.000000','2025-05-01 00:00:00.000000',7,29,'','',139,'TURYAHEBWA RODGERS','2025-04-04 11:04:15.194623');
INSERT INTO `payment` VALUES (90,663,'NAGASHA','DEBORA','256740013507','GAUDIAS ORDINARY','RM7','residential',1,1184,30000,30000,0,0,30000,'2025-03-01 00:00:00.000000','2025-04-01 00:00:00.000000',7,29,'RODGERS','TURYAHEBWA',139,'TURYAHEBWA RODGERS','2025-04-07 09:19:46.796073');
INSERT INTO `payment` VALUES (91,666,'NYAMWIJA','JOSEPHINE','256703896954','GAUDIAS ORDINARY','RM10','residential',1,1184,30000,30000,0,0,30000,'2025-03-01 00:00:00.000000','2025-04-01 00:00:00.000000',7,29,'RODGERS','TURYAHEBWA',139,'TURYAHEBWA RODGERS','2025-04-09 11:15:56.739591');
INSERT INTO `payment` VALUES (92,659,'AHEREZA ','GILES','256778910897','GAUDIAS ORDINARY','RM3','residential',1,1184,30000,30000,0,0,30000,'2025-04-15 00:00:00.000000','2025-05-15 00:00:00.000000',7,29,'','',139,'TURYAHEBWA RODGERS','2025-04-12 06:28:45.562677');
INSERT INTO `payment` VALUES (93,2208,'Kasande','Peninah','256778868480','LABAN ESTATE ','RM 8','residential',1,1303,0,5000,-5000,-5000,0,'2025-04-14 00:00:00.000000','2025-05-14 00:00:00.000000',7,29,'RODGERS','TURYAHEBWA',159,'crane','2025-04-14 09:15:41.311618');
INSERT INTO `payment` VALUES (94,660,'AMUTUHAIRE','BETTY','256757847670','GAUDIAS ORDINARY','RM4','residential',1,1184,30000,30000,0,0,30000,'2025-04-01 00:00:00.000000','2025-05-01 00:00:00.000000',7,23,'Bamwebaze','Kellen',163,'Ambrose','2025-04-21 09:39:40.943639');
INSERT INTO `payment` VALUES (95,664,'ANYEBEMBEIRE','AGNES','256756339451','GAUDIAS ORDINARY','RM8','residential',2,1184,30000,60000,0,0,60000,'2025-03-01 00:00:00.000000','2025-05-01 00:00:00.000000',7,23,'Bamwebaze','Kellen',159,'crane','2025-04-22 07:42:06.731159');
INSERT INTO `payment` VALUES (96,2218,'Natukunda ','Ritah','256769905373','LABAN ESTATE ','RM5','residential',1,1303,5000,5000,0,0,5000,'2025-04-05 00:00:00.000000','2025-05-05 00:00:00.000000',7,29,'RODGERS','TURYAHEBWA',159,'crane','2025-04-24 11:22:47.944428');
INSERT INTO `payment` VALUES (97,662,'KATUNGI','ALI','256702747378','GAUDIAS ORDINARY','RM6','residential',1,1184,30000,30000,0,0,30000,'2025-03-16 00:00:00.000000','2025-04-16 00:00:00.000000',7,29,'','',139,'TURYAHEBWA RODGERS','2025-04-26 11:53:12.198014');
INSERT INTO `payment` VALUES (98,2225,'Atungire ','Alex','256702704824','LABAN ESTATE ','RM1','commercial',1,1303,5000,5000,0,0,5000,'2025-04-20 00:00:00.000000','2025-05-20 00:00:00.000000',7,29,'RODGERS','TURYAHEBWA',159,'crane','2025-04-28 15:53:11.114839');
INSERT INTO `payment` VALUES (99,2227,'Mwesigwa','Wilson','256766308312','LABAN ESTATE ','RM9','residential',1,1303,5000,5000,0,0,5000,'2025-04-30 00:00:00.000000','2025-05-30 00:00:00.000000',7,29,'','',159,'crane','2025-04-30 08:07:50.786788');
INSERT INTO `payment` VALUES (100,2231,'Ninsiima','Sylvia ','256751428378','LABAN ESTATE ','RM7','residential',1,1303,5000,5000,0,0,5000,'2025-05-02 00:00:00.000000','2025-06-02 00:00:00.000000',7,29,'RODGERS','TURYAHEBWA',159,'crane','2025-05-01 13:50:30.898837');
INSERT INTO `payment` VALUES (101,661,'NKWATSIBWE','RONALD','256777122371','GAUDIAS ORDINARY','RM5','residential',1,1184,30000,30000,0,0,30000,'2025-04-01 00:00:00.000000','2025-05-01 00:00:00.000000',7,29,'RODGERS','TURYAHEBWA',139,'TURYAHEBWA RODGERS','2025-05-02 08:44:31.741458');
INSERT INTO `payment` VALUES (102,2209,'Amupeire ','Immaculate ','256766139669','LABAN ESTATE ','RM11','residential',1,1303,0,5000,-5000,-5000,0,'2025-05-02 00:00:00.000000','2025-06-02 00:00:00.000000',7,29,'','',159,'crane','2025-05-02 11:15:43.609000');
INSERT INTO `payment` VALUES (103,2235,'Twinamatsiko','Francis ','256701453071','LABAN ESTATE ','RM6','residential',2,1303,5000,10000,0,0,10000,'2025-05-03 00:00:00.000000','2025-07-03 00:00:00.000000',7,29,'RODGERS','TURYAHEBWA',159,'crane','2025-05-03 11:24:27.576490');
INSERT INTO `payment` VALUES (104,2241,'Mwebembezi ','Allan ','256780370514','Clever makenke','RM11','residential',2,1256,0,10000,-10000,-10000,0,'2025-05-04 00:00:00.000000','2025-07-04 00:00:00.000000',7,23,'','',159,'crane','2025-05-06 09:17:39.715520');
INSERT INTO `payment` VALUES (105,2246,'Mujuni','Amon ','256702916230','LABAN ESTATE ','RM3','residential',1,1303,5000,5000,0,0,5000,'2025-04-06 00:00:00.000000','2025-05-06 00:00:00.000000',7,23,'Bamwebaze','Kellen',159,'crane','2025-05-07 11:02:09.623244');
INSERT INTO `payment` VALUES (106,663,'NAGASHA','DEBORA','256740013507','GAUDIAS ORDINARY','RM7','residential',1,1184,30000,30000,0,0,30000,'2025-04-01 00:00:00.000000','2025-05-01 00:00:00.000000',7,29,'RODGERS','TURYAHEBWA',139,'TURYAHEBWA RODGERS','2025-05-08 14:58:35.334066');
INSERT INTO `payment` VALUES (107,2254,'Catherine ','Naturinda','256743617777','LABAN ESTATE ','RM2','residential',1,1303,5000,5000,0,0,5000,'2025-04-23 00:00:00.000000','2025-05-23 00:00:00.000000',8,29,'','',159,'crane','2025-05-09 12:58:53.601827');
INSERT INTO `payment` VALUES (108,2255,'Akampurira ','Ronald ','256747351196','LABAN ESTATE ','RM4','residential',1,1303,5000,5000,0,0,5000,'2025-04-13 00:00:00.000000','2025-05-13 00:00:00.000000',8,29,'RODGERS','TURYAHEBWA',159,'crane','2025-05-09 14:02:46.010136');
INSERT INTO `payment` VALUES (109,2259,'Atubagire','Daniel','256760670070','LABAN ESTATE ','RM10','residential',1,1303,5000,5000,0,0,5000,'2025-04-23 00:00:00.000000','2025-05-23 00:00:00.000000',7,29,'RODGERS','TURYAHEBWA',159,'crane','2025-05-12 09:46:29.043467');
INSERT INTO `payment` VALUES (110,2218,'Natukunda ','Ritah','256769905373','LABAN ESTATE ','RM5','residential',1,1303,5000,5000,0,0,5000,'2025-05-12 00:00:00.000000','2025-06-12 00:00:00.000000',7,29,'RODGERS','TURYAHEBWA',159,'crane','2025-05-12 10:10:21.061397');
INSERT INTO `payment` VALUES (111,666,'NYAMWIJA','JOSEPHINE','256703896954','GAUDIAS ORDINARY','RM10','residential',1,1184,30000,30000,0,0,30000,'2025-04-01 00:00:00.000000','2025-05-01 00:00:00.000000',7,29,'RODGERS','TURYAHEBWA',139,'TURYAHEBWA RODGERS','2025-05-13 09:13:11.195670');
INSERT INTO `payment` VALUES (112,662,'KATUNGI','ALI','256702747378','GAUDIAS ORDINARY','RM6','residential',1,1184,30000,30000,0,0,30000,'2025-04-16 00:00:00.000000','2025-05-16 00:00:00.000000',7,29,'','',139,'TURYAHEBWA RODGERS','2025-05-15 09:38:05.734027');
INSERT INTO `payment` VALUES (113,659,'AHEREZA ','GILES','256778910897','GAUDIAS ORDINARY','RM3','residential',1,1184,30000,30000,0,0,30000,'2025-05-16 00:00:00.000000','2025-06-16 00:00:00.000000',7,29,'','',139,'TURYAHEBWA RODGERS','2025-05-26 07:26:33.592559');
INSERT INTO `payment` VALUES (114,2272,'Arinaitwe','Ezra','256755031932','LABAN ESTATE ','RM12','residential',2,1303,5000,10000,0,0,10000,'2025-05-28 00:00:00.000000','2025-07-28 00:00:00.000000',7,29,'RODGERS','TURYAHEBWA',159,'crane','2025-05-27 08:56:22.329292');
INSERT INTO `payment` VALUES (115,2254,'Catherine ','Naturinda','256743617777','LABAN ESTATE ','RM2','residential',1,1303,5000,5000,0,0,5000,'2025-05-23 00:00:00.000000','2025-06-23 00:00:00.000000',7,29,'RODGERS','TURYAHEBWA',159,'crane','2025-05-27 09:05:30.463822');
INSERT INTO `payment` VALUES (116,660,'AMUTUHAIRE','BETTY','256757847670','GAUDIAS ORDINARY','RM4','residential',1,1184,30000,30000,0,0,30000,'2025-05-01 00:00:00.000000','2025-06-01 00:00:00.000000',7,29,'RODGERS','TURYAHEBWA',139,'TURYAHEBWA RODGERS','2025-05-28 08:05:17.015030');
INSERT INTO `payment` VALUES (117,665,'ATUKWATSE','RONALD','256750429611','GAUDIAS ORDINARY','RM9','residential',1,1184,30000,30000,0,0,30000,'2025-06-01 00:00:00.000000','2025-07-01 00:00:00.000000',7,29,'RODGERS','TURYAHEBWA',139,'TURYAHEBWA RODGERS','2025-05-30 08:14:05.145095');
INSERT INTO `payment` VALUES (118,657,'SHIMON','AINE','256701184224','ORDINARY','RM1','residential',2,1184,30000,60000,0,0,60000,'2025-08-05 00:00:00.000000','2025-10-05 00:00:00.000000',7,29,'','',139,'TURYAHEBWA RODGERS','2025-06-01 10:57:52.374363');
INSERT INTO `payment` VALUES (119,661,'NKWATSIBWE','RONALD','256777122371','GAUDIAS ORDINARY','RM5','residential',1,1184,30000,30000,0,0,30000,'2025-05-01 00:00:00.000000','2025-06-01 00:00:00.000000',7,29,'','',139,'TURYAHEBWA RODGERS','2025-06-02 08:21:44.584297');
INSERT INTO `payment` VALUES (120,2209,'Amupeire ','Immaculate ','256766139669','LABAN ESTATE ','RM11','residential',1,1303,5000,5000,0,0,5000,'2025-06-02 00:00:00.000000','2025-07-02 00:00:00.000000',7,29,'RODGERS','TURYAHEBWA',159,'crane','2025-06-02 10:22:14.845448');
INSERT INTO `payment` VALUES (121,2231,'Ninsiima','Sylvia ','256751428378','LABAN ESTATE ','RM7','residential',1,1303,5000,5000,0,0,5000,'2025-06-06 00:00:00.000000','2025-07-06 00:00:00.000000',7,26,'','',159,'crane','2025-06-06 09:50:44.120252');
INSERT INTO `payment` VALUES (122,666,'NYAMWIJA','JOSEPHINE','256703896954','GAUDIAS ORDINARY','RM10','residential',1,1184,30000,30000,0,0,30000,'2025-05-01 00:00:00.000000','2025-06-01 00:00:00.000000',7,29,'','',139,'TURYAHEBWA RODGERS','2025-06-07 08:26:59.351212');
INSERT INTO `payment` VALUES (123,2259,'Atubagire','Daniel','256760670070','LABAN ESTATE ','RM10','residential',1,1303,5000,5000,0,0,5000,'2025-06-09 00:00:00.000000','2025-07-09 00:00:00.000000',7,29,'RODGERS','TURYAHEBWA',159,'crane','2025-06-09 11:49:21.191598');
INSERT INTO `payment` VALUES (124,2255,'Akampurira ','Ronald ','256747351196','LABAN ESTATE ','RM4','residential',1,1303,5000,5000,0,0,5000,'2025-06-12 00:00:00.000000','2025-07-12 00:00:00.000000',7,29,'RODGERS','TURYAHEBWA',159,'crane','2025-06-12 13:20:29.231061');
INSERT INTO `payment` VALUES (125,2246,'Mujuni','Amon ','256702916230','LABAN ESTATE ','RM3','residential',1,1303,5000,5000,0,0,5000,'2025-06-14 00:00:00.000000','2025-07-14 00:00:00.000000',7,29,'RODGERS','TURYAHEBWA',159,'crane','2025-06-14 10:48:30.497928');
INSERT INTO `payment` VALUES (126,663,'NAGASHA','DEBORA','256740013507','GAUDIAS ORDINARY','RM7','residential',1,1184,30000,30000,0,0,30000,'2025-05-01 00:00:00.000000','2025-06-01 00:00:00.000000',7,29,'','',139,'TURYAHEBWA RODGERS','2025-06-15 10:03:55.755982');
INSERT INTO `payment` VALUES (127,662,'KATUNGI','ALI','256702747378','GAUDIAS ORDINARY','RM6','residential',1,1184,30000,30000,0,0,30000,'2025-05-16 00:00:00.000000','2025-06-16 00:00:00.000000',7,29,'','',139,'TURYAHEBWA RODGERS','2025-06-16 07:07:49.943710');
INSERT INTO `payment` VALUES (128,2227,'Mwesigwa','Wilson','256766308312','LABAN ESTATE ','RM9','residential',1,1303,5000,5000,0,0,5000,'2025-06-17 00:00:00.000000','2025-07-17 00:00:00.000000',7,29,'RODGERS','TURYAHEBWA',159,'crane','2025-06-17 11:03:57.704132');
INSERT INTO `payment` VALUES (129,2218,'Natukunda ','Ritah','256769905373','LABAN ESTATE ','RM5','residential',1,1303,5000,5000,0,0,5000,'2025-06-05 00:00:00.000000','2025-07-05 00:00:00.000000',7,29,'','',139,'TURYAHEBWA RODGERS','2025-06-20 11:37:03.462004');
INSERT INTO `payment` VALUES (130,660,'AMUTUHAIRE','BETTY','256757847670','GAUDIAS ORDINARY','RM4','residential',1,1184,30000,30000,0,0,30000,'2025-06-01 00:00:00.000000','2025-07-01 00:00:00.000000',7,29,'RODGERS','TURYAHEBWA',139,'TURYAHEBWA RODGERS','2025-06-23 13:10:03.245451');
INSERT INTO `payment` VALUES (131,661,'NKWATSIBWE','RONALD','256777122371','GAUDIAS ORDINARY','RM5','residential',1,1184,30000,30000,0,0,30000,'2025-06-01 00:00:00.000000','2025-07-01 00:00:00.000000',7,29,'RODGERS','TURYAHEBWA',139,'TURYAHEBWA RODGERS','2025-06-25 07:36:35.191384');
INSERT INTO `payment` VALUES (132,659,'AHEREZA ','GILES','256778910897','GAUDIAS ORDINARY','RM3','residential',2,1184,30000,60000,0,0,60000,'2025-06-16 00:00:00.000000','2025-08-16 00:00:00.000000',7,29,'RODGERS','TURYAHEBWA',139,'TURYAHEBWA RODGERS','2025-06-28 12:43:31.763940');
INSERT INTO `payment` VALUES (133,658,'AINEMBABAZI','GLORIOUS','256786864441','GAUDIAS ORDINARY','RM2','residential',3,1184,30000,90000,0,0,90000,'2025-05-01 00:00:00.000000','2025-08-01 00:00:00.000000',7,29,'RODGERS','TURYAHEBWA',139,'TURYAHEBWA RODGERS','2025-07-05 06:54:06.593850');
INSERT INTO `payment` VALUES (134,665,'ATUKWATSE','RONALD','256750429611','GAUDIAS ORDINARY','RM9','residential',1,1184,30000,30000,0,0,30000,'2025-07-01 00:00:00.000000','2025-08-01 00:00:00.000000',7,29,'','',139,'TURYAHEBWA RODGERS','2025-07-05 07:18:08.458264');
INSERT INTO `payment` VALUES (135,2227,'Mwesigwa','Wilson','256766308312','LABAN ESTATE ','RM9','residential',1,1303,5000,5000,0,0,5000,'2025-07-09 00:00:00.000000','2025-08-09 00:00:00.000000',7,23,'Bamwebaze','Kellen',159,'crane','2025-07-09 12:22:02.108493');
INSERT INTO `payment` VALUES (136,664,'ANYEBEMBEIRE','AGNES','256756339451','GAUDIAS ORDINARY','RM8','residential',2,1184,30000,60000,0,0,60000,'2025-05-01 00:00:00.000000','2025-07-01 00:00:00.000000',7,29,'','',139,'TURYAHEBWA RODGERS','2025-07-10 07:17:40.071485');
INSERT INTO `payment` VALUES (138,2225,'Atungire ','Alex','256702704824','LABAN ESTATE ','RM1','commercial',1,1303,5000,5000,0,0,5000,'2025-07-10 00:00:00.000000','2025-08-10 00:00:00.000000',7,23,'Bamwebaze','Kellen',159,'crane','2025-07-10 13:05:29.828615');
INSERT INTO `payment` VALUES (139,666,'NYAMWIJA','JOSEPHINE','256703896954','GAUDIAS ORDINARY','RM10','residential',1,1184,30000,30000,0,0,30000,'2025-06-01 00:00:00.000000','2025-07-01 00:00:00.000000',7,29,'RODGERS','TURYAHEBWA',139,'TURYAHEBWA RODGERS','2025-07-11 09:24:58.388603');
DELIMITER ;;
/*!50003 CREATE*/ /*!50017 DEFINER=`estatesmanager`@`localhost`*/ /*!50003 TRIGGER `before_payment_insert`
BEFORE INSERT ON `payment`
FOR EACH ROW
BEGIN
  SET NEW.total_due = NEW.due;
END */;;
DELIMITER ;
DELIMITER ;;
/*!50003 CREATE*/ /*!50017 DEFINER=`estatesmanager`@`localhost`*/ /*!50003 TRIGGER `trigger_name_for_utilities` AFTER INSERT ON `payment` FOR EACH ROW BEGIN
    INSERT INTO utilitieshistory (payment_id, tenat, first_name, last_name, property, unit, mode, period, property_id, value, paid, due, total, startdate, enddate, payment_method, receiver, employee_fname, employee_lname, user, username)
    VALUES (NEW.id, NEW.tenat, NEW.first_name, NEW.last_name, NEW.property, NEW.unit, NEW.mode, NEW.period, NEW.property_id, NEW.value, NEW.paid, NEW.due, NEW.total, NEW.startdate, NEW.enddate, NEW.payment_method, NEW.receiver, NEW.employee_fname, NEW.employee_lname, NEW.user, NEW.user_name);
END */;;
DELIMITER ;
DELIMITER ;;
/*!50003 CREATE*/ /*!50017 DEFINER=`estatesmanager`@`localhost`*/ /*!50003 TRIGGER `before_payment_update` 
BEFORE UPDATE ON `payment`
FOR EACH ROW 
BEGIN
  IF NEW.due <> OLD.due THEN
    SET NEW.total_due = NEW.due;
  END IF;
END */;;
DELIMITER ;
DELIMITER ;;
/*!50003 CREATE*/ /*!50017 DEFINER=`estatesmanager`@`localhost`*/ /*!50003 TRIGGER `trigger_name_for_utilities_update` AFTER UPDATE ON `payment` FOR EACH ROW BEGIN
    INSERT INTO utilitieshistory (payment_id, tenat, first_name, last_name, property, unit, mode, period, property_id, value, paid, due, total, startdate, enddate, payment_method, receiver, employee_fname, employee_lname, user, username)
    VALUES (NEW.id, NEW.tenat, NEW.first_name, NEW.last_name, NEW.property, NEW.unit, NEW.mode, NEW.period, NEW.property_id, NEW.value, NEW.paid, NEW.due, NEW.total, NEW.startdate, NEW.enddate, NEW.payment_method, NEW.receiver, NEW.employee_fname, NEW.employee_lname, NEW.user, NEW.user_name);
END */;;
DELIMITER ;

--
-- Table structure for table `payroll`
--

CREATE TABLE `payroll` (
  `id` int(11) NOT NULL AUTO_INCREMENT,
  `allowance` int(11) DEFAULT NULL,
  `firstname` varchar(200) DEFAULT NULL,
  `lastname` varchar(200) DEFAULT NULL,
  `desgnation` varchar(200) DEFAULT NULL,
  `basic` int(11) DEFAULT NULL,
  `allowance1` varchar(200) DEFAULT NULL,
  `allowance2` varchar(200) DEFAULT NULL,
  `allowance3` varchar(200) DEFAULT NULL,
  `allowance4` varchar(200) DEFAULT NULL,
  `allowance5` varchar(200) DEFAULT NULL,
  `allowance6` varchar(200) DEFAULT NULL,
  `allowance7` varchar(200) DEFAULT NULL,
  `amount1` int(11) DEFAULT NULL,
  `amount2` int(11) DEFAULT NULL,
  `amount3` int(11) DEFAULT NULL,
  `amount4` int(11) DEFAULT NULL,
  `amount5` int(11) DEFAULT NULL,
  `amount6` int(11) DEFAULT NULL,
  `amount7` int(11) DEFAULT NULL,
  `total_allowance` int(11) DEFAULT NULL,
  `payee` int(11) NOT NULL,
  `payee_duduction` varchar(200) DEFAULT NULL,
  `payee_percentage` int(11) DEFAULT NULL,
  `nssf` int(11) NOT NULL,
  `advanced_amount` int(11) NOT NULL,
  `request_amount` int(11) NOT NULL,
  `amount_given` int(11) NOT NULL,
  `gross` int(11) NOT NULL,
  `month_date` varchar(7) NOT NULL,
  `saving_amount` int(11) DEFAULT NULL,
  `createdAt` timestamp(6) NOT NULL DEFAULT current_timestamp(6) ON UPDATE current_timestamp(6),
  `username` varchar(200) DEFAULT NULL,
  PRIMARY KEY (`id`),
  KEY `allowance` (`allowance`),
  KEY `payee` (`payee`),
  CONSTRAINT `payroll_ibfk_1` FOREIGN KEY (`allowance`) REFERENCES `allowencesemployee` (`id`) ON DELETE CASCADE ON UPDATE CASCADE,
  CONSTRAINT `payroll_ibfk_3` FOREIGN KEY (`payee`) REFERENCES `deduction` (`id`) ON DELETE CASCADE ON UPDATE CASCADE
) ENGINE=InnoDB AUTO_INCREMENT=24 DEFAULT CHARSET=utf8mb4 COLLATE=utf8mb4_general_ci;

--
-- Dumping data for table `payroll`
--

INSERT INTO `payroll` VALUES (22,34,'Nkalubo','Dickson','HEAD OF FINANCE',600000,'Airtime & Data','Lunch','Fuel','','','','',40000,155000,300000,0,0,0,0,495000,1,'NSSF',5,54750,132000,132000,0,1095000,'2024-10',30000,'2024-10-02 08:27:58.690774','Tumusiime Ian');
INSERT INTO `payroll` VALUES (23,35,'Turyarugayo','Kerebu','HEAD OF OPERATIONS',600000,'Airtime & Data','Fuel','Lunch','','','','',40000,300000,155000,0,0,0,0,495000,1,'NSSF',5,54750,40000,40000,0,1095000,'2024-10',20000,'2024-10-02 08:30:35.985199','Tumusiime Ian');
DELIMITER ;;
/*!50003 CREATE*/ /*!50017 DEFINER=`estatesmanager`@`localhost`*/ /*!50003 TRIGGER calculate_gross_taxable_payroll
BEFORE INSERT ON payroll
FOR EACH ROW
BEGIN
    SET NEW.gross = NEW.basic + NEW.total_allowance;
    SET NEW.nssf = NEW.gross * NEW.payee_percentage / 100;
END */;;
DELIMITER ;
DELIMITER ;;
/*!50003 CREATE*/ /*!50017 DEFINER=`estatesmanager`@`localhost`*/ /*!50003 TRIGGER update_gross_taxable_calculation_payroll
BEFORE UPDATE ON payroll
FOR EACH ROW
BEGIN
    SET NEW.gross = NEW.basic + NEW.total_allowance;
    SET NEW.nssf = NEW.gross * NEW.payee_percentage / 100;
END */;;
DELIMITER ;

--
-- Table structure for table `post_country_assn`
--

CREATE TABLE `post_country_assn` (
  `post_id` int(11) NOT NULL,
  `country_id` int(11) NOT NULL,
  KEY `FK_post_country` (`post_id`,`country_id`)
) ENGINE=InnoDB DEFAULT CHARSET=utf8mb4 COLLATE=utf8mb4_general_ci;

--
-- Dumping data for table `post_country_assn`
--


--
-- Table structure for table `pricing`
--

CREATE TABLE `pricing` (
  `id` int(11) NOT NULL AUTO_INCREMENT,
  `plan_name` varchar(255) NOT NULL,
  `price` int(11) NOT NULL,
  `duration_months` int(11) NOT NULL,
  `created_at` timestamp NOT NULL DEFAULT current_timestamp(),
  `updated_at` timestamp NOT NULL DEFAULT current_timestamp() ON UPDATE current_timestamp(),
  PRIMARY KEY (`id`)
) ENGINE=MyISAM AUTO_INCREMENT=5 DEFAULT CHARSET=latin1 COLLATE=latin1_swedish_ci;

--
-- Dumping data for table `pricing`
--

INSERT INTO `pricing` VALUES (1,'Basic Plan',50000,1,'2024-09-18 09:07:50','2024-12-14 04:14:32');
INSERT INTO `pricing` VALUES (2,'Standard Plan',125000,3,'2024-09-18 09:45:06','2024-12-14 04:15:34');
INSERT INTO `pricing` VALUES (3,'Premium Plan',250000,6,'2024-09-18 09:45:10','2024-12-14 04:16:08');
INSERT INTO `pricing` VALUES (4,'Professional Plan',480000,12,'2024-09-18 09:48:50','2024-12-14 04:16:45');

--
-- Table structure for table `priority`
--

CREATE TABLE `priority` (
  `id` int(11) NOT NULL AUTO_INCREMENT,
  `name` varchar(300) DEFAULT NULL,
  `description` varchar(950) DEFAULT NULL,
  `dat` timestamp(6) NOT NULL DEFAULT current_timestamp(6) ON UPDATE current_timestamp(6),
  PRIMARY KEY (`id`)
) ENGINE=InnoDB AUTO_INCREMENT=5 DEFAULT CHARSET=utf8mb4 COLLATE=utf8mb4_general_ci;

--
-- Dumping data for table `priority`
--

INSERT INTO `priority` VALUES (1,'Low','can be worked on any time','2023-12-20 08:47:52.558263');
INSERT INTO `priority` VALUES (2,'VERY HIGH','','2023-12-20 08:25:07.424175');
INSERT INTO `priority` VALUES (3,'HIGH','','2023-12-20 08:25:13.693932');
INSERT INTO `priority` VALUES (4,'MODERATE','','2023-12-20 08:25:21.621137');

--
-- Table structure for table `profile`
--

CREATE TABLE `profile` (
  `user_id` int(11) NOT NULL,
  `name` varchar(255) DEFAULT NULL,
  `public_email` varchar(255) DEFAULT NULL,
  `gravatar_email` varchar(255) DEFAULT NULL,
  `gravatar_id` varchar(32) DEFAULT NULL,
  `location` varchar(255) DEFAULT NULL,
  `website` varchar(255) DEFAULT NULL,
  `imageFile` varchar(300) DEFAULT NULL,
  `bio` text DEFAULT NULL,
  `timezone` varchar(40) DEFAULT NULL,
  PRIMARY KEY (`user_id`)
) ENGINE=InnoDB DEFAULT CHARSET=utf8mb3 COLLATE=utf8mb3_unicode_ci;

--
-- Dumping data for table `profile`
--

INSERT INTO `profile` VALUES (126,'Kushaba Elias','eliaskushaba374@gmail.com',NULL,NULL,'Mbarara City','126.jpg',NULL,'With great data analysis skills, Kushaba Elias helps to keep our clients up-to-date with information on their properties.\r\nSpecialties: Property Management, Consulting, Buyer\'s Agent, Listing Agent, Relocation\r\nProviding guidance and assisting sellers and buyers in marketing and purchasing property for the right price under the best terms\r\nDetermining clients’ needs and financials abilities to propose solutions that suit them\r\nPerforming comparative market analysis to estimate properties’ value',NULL);
INSERT INTO `profile` VALUES (127,NULL,NULL,NULL,NULL,NULL,NULL,NULL,NULL,NULL);
INSERT INTO `profile` VALUES (128,NULL,NULL,NULL,NULL,NULL,NULL,NULL,NULL,NULL);
INSERT INTO `profile` VALUES (130,'Nkalubo Dickson','info@craneproperties.co.ug',NULL,NULL,'Mbarara City','130.jpg',NULL,'Nkalubo Dickson is a former teacher and a professional Photographer. Has a background in Business Administration.',NULL);
INSERT INTO `profile` VALUES (137,NULL,NULL,NULL,NULL,NULL,NULL,NULL,NULL,NULL);
INSERT INTO `profile` VALUES (138,'Tumusiime Ian','iantumusiime10@gmail.com',NULL,NULL,'Mbarara City','138.jpeg',NULL,'#ACCOUNTANT',NULL);
INSERT INTO `profile` VALUES (139,'TURYAHEBWA RODGERS','rodgersturyahebwa83@gmail.com',NULL,NULL,'','139.jpg',NULL,'',NULL);
INSERT INTO `profile` VALUES (141,NULL,NULL,NULL,NULL,NULL,NULL,NULL,NULL,NULL);
INSERT INTO `profile` VALUES (142,'MWESIGYE PHILEMON','phillyprinters@gmail.com',NULL,NULL,'KATETE CENTRAL','142.jpg',NULL,'#',NULL);
INSERT INTO `profile` VALUES (143,'GARUBANDA JOHN BOSCO','garubandajb@gmail.com',NULL,NULL,'Mbarara city',NULL,NULL,'#LNDS',NULL);
INSERT INTO `profile` VALUES (144,NULL,NULL,NULL,NULL,NULL,NULL,NULL,NULL,NULL);
INSERT INTO `profile` VALUES (145,NULL,NULL,NULL,NULL,NULL,NULL,NULL,NULL,NULL);
INSERT INTO `profile` VALUES (146,NULL,NULL,NULL,NULL,NULL,NULL,NULL,NULL,NULL);
INSERT INTO `profile` VALUES (147,NULL,NULL,NULL,NULL,NULL,NULL,NULL,NULL,NULL);
INSERT INTO `profile` VALUES (156,'Uwimbabazi Hope','uwimbabazihope10@gmail.com',NULL,NULL,'Mbarara City','156.jpg',NULL,'OFFICE ACCOUNTANT',NULL);
INSERT INTO `profile` VALUES (158,NULL,NULL,NULL,NULL,NULL,NULL,NULL,NULL,NULL);
INSERT INTO `profile` VALUES (159,NULL,NULL,NULL,NULL,NULL,NULL,NULL,NULL,NULL);
INSERT INTO `profile` VALUES (160,'KAZENGA CHARLES','knsenga@gmail.com',NULL,NULL,'',NULL,NULL,'',NULL);
INSERT INTO `profile` VALUES (161,NULL,NULL,NULL,NULL,NULL,NULL,NULL,NULL,NULL);
INSERT INTO `profile` VALUES (162,NULL,NULL,NULL,NULL,NULL,NULL,NULL,NULL,NULL);
INSERT INTO `profile` VALUES (163,NULL,NULL,NULL,NULL,NULL,NULL,NULL,NULL,NULL);
INSERT INTO `profile` VALUES (164,NULL,NULL,NULL,NULL,NULL,NULL,NULL,NULL,NULL);

--
-- Table structure for table `property`
--

CREATE TABLE `property` (
  `id` int(11) NOT NULL AUTO_INCREMENT,
  `name` varchar(90) DEFAULT NULL,
  `lacation` varchar(100) DEFAULT NULL,
  `landlord` int(11) DEFAULT NULL,
  `proptype` int(11) DEFAULT NULL,
  `propertitypes` varchar(3000) DEFAULT NULL,
  `totalpayment` float DEFAULT NULL,
  `arrears` float DEFAULT NULL,
  `AgComvalue` int(11) DEFAULT NULL,
  `ComType` varchar(80) DEFAULT NULL,
  `payment` float DEFAULT NULL,
  `utility` int(11) DEFAULT NULL,
  `utilityvalue` int(11) DEFAULT NULL,
  `utility1` int(11) DEFAULT NULL,
  `utilityvalue1` int(11) DEFAULT NULL,
  `utility2` int(11) DEFAULT NULL,
  `utilityvalue2` int(11) DEFAULT NULL,
  `utility3` int(11) DEFAULT NULL,
  `utilityvalue3` int(11) DEFAULT NULL,
  `utility4` int(11) DEFAULT NULL,
  `utilityvalue4` int(11) DEFAULT NULL,
  `utility5` int(11) DEFAULT NULL,
  `utilityvalue5` int(11) DEFAULT NULL,
  `utility6` int(11) DEFAULT NULL,
  `utilityvalue6` int(11) DEFAULT NULL,
  `utility7` int(11) DEFAULT NULL,
  `utilityvalue7` int(11) DEFAULT NULL,
  `utility8` int(11) DEFAULT NULL,
  `utilityvalue8` int(11) DEFAULT NULL,
  `utilityname` varchar(300) DEFAULT NULL,
  `utilityname1` varchar(300) DEFAULT NULL,
  `utilityname2` varchar(300) DEFAULT NULL,
  `utilityname3` varchar(300) DEFAULT NULL,
  `utilityname4` varchar(300) DEFAULT NULL,
  `utilityname5` varchar(300) DEFAULT NULL,
  `utilityname6` varchar(300) DEFAULT NULL,
  `utilityname7` varchar(300) DEFAULT NULL,
  `utilityname8` varchar(300) DEFAULT NULL,
  `total` int(11) NOT NULL,
  `chargecoll` float DEFAULT NULL,
  `laterent` float DEFAULT NULL,
  `latecollect` float DEFAULT NULL,
  `fixedFees` float DEFAULT NULL,
  `landFname` varchar(255) DEFAULT NULL,
  `landLname` varchar(255) DEFAULT NULL,
  `landMname` varchar(255) DEFAULT NULL,
  `extraName` int(11) DEFAULT NULL,
  `extraValue` int(11) DEFAULT NULL,
  `lateName` int(11) DEFAULT NULL,
  `latenames` varchar(255) DEFAULT NULL,
  `lateValur` int(11) DEFAULT NULL,
  `lateftype` varchar(255) DEFAULT NULL,
  `gracperiod` int(11) DEFAULT NULL,
  `latepeiod` varchar(255) DEFAULT NULL,
  `description` longtext DEFAULT NULL,
  `cover` varchar(8000) DEFAULT NULL,
  `imageFile` longtext DEFAULT NULL,
  `date` timestamp(6) NULL DEFAULT current_timestamp(6),
  `user_id` int(11) DEFAULT NULL,
  `property_status` int(11) DEFAULT NULL,
  `amenties` longtext DEFAULT NULL,
  `user` varchar(70) DEFAULT NULL,
  `branch_id` int(11) NOT NULL,
  PRIMARY KEY (`id`),
  KEY `landlord` (`landlord`),
  KEY `proptype` (`proptype`),
  KEY `utility` (`utility`),
  KEY `utility1` (`utility1`),
  KEY `utility2` (`utility2`),
  KEY `utility3` (`utility3`),
  KEY `utility4` (`utility4`),
  KEY `utility5` (`utility5`),
  KEY `utility6` (`utility6`),
  KEY `utility7` (`utility7`),
  KEY `utility8` (`utility8`),
  KEY `extraName` (`extraName`),
  KEY `lateName` (`lateName`),
  KEY `user_id` (`user_id`),
  CONSTRAINT `property_ibfk_1` FOREIGN KEY (`landlord`) REFERENCES `landlords` (`id`) ON DELETE CASCADE ON UPDATE CASCADE,
  CONSTRAINT `property_ibfk_10` FOREIGN KEY (`utility7`) REFERENCES `utilities` (`id`) ON DELETE CASCADE ON UPDATE CASCADE,
  CONSTRAINT `property_ibfk_11` FOREIGN KEY (`utility8`) REFERENCES `utilities` (`id`) ON DELETE CASCADE ON UPDATE CASCADE,
  CONSTRAINT `property_ibfk_13` FOREIGN KEY (`extraName`) REFERENCES `extra` (`id`) ON DELETE CASCADE ON UPDATE CASCADE,
  CONSTRAINT `property_ibfk_14` FOREIGN KEY (`lateName`) REFERENCES `unittype` (`id`) ON DELETE CASCADE ON UPDATE CASCADE,
  CONSTRAINT `property_ibfk_15` FOREIGN KEY (`user_id`) REFERENCES `user` (`id`) ON DELETE CASCADE ON UPDATE CASCADE,
  CONSTRAINT `property_ibfk_2` FOREIGN KEY (`proptype`) REFERENCES `propertytype` (`id`) ON DELETE CASCADE ON UPDATE CASCADE,
  CONSTRAINT `property_ibfk_3` FOREIGN KEY (`utility`) REFERENCES `utilities` (`id`) ON DELETE CASCADE ON UPDATE CASCADE,
  CONSTRAINT `property_ibfk_4` FOREIGN KEY (`utility1`) REFERENCES `utilities` (`id`) ON DELETE CASCADE ON UPDATE CASCADE,
  CONSTRAINT `property_ibfk_5` FOREIGN KEY (`utility2`) REFERENCES `utilities` (`id`) ON DELETE CASCADE ON UPDATE CASCADE,
  CONSTRAINT `property_ibfk_6` FOREIGN KEY (`utility3`) REFERENCES `utilities` (`id`) ON DELETE CASCADE ON UPDATE CASCADE,
  CONSTRAINT `property_ibfk_7` FOREIGN KEY (`utility4`) REFERENCES `utilities` (`id`) ON DELETE CASCADE ON UPDATE CASCADE,
  CONSTRAINT `property_ibfk_8` FOREIGN KEY (`utility5`) REFERENCES `utilities` (`id`) ON DELETE CASCADE ON UPDATE CASCADE,
  CONSTRAINT `property_ibfk_9` FOREIGN KEY (`utility6`) REFERENCES `utilities` (`id`) ON DELETE CASCADE ON UPDATE CASCADE
) ENGINE=InnoDB AUTO_INCREMENT=1309 DEFAULT CHARSET=utf8mb4 COLLATE=utf8mb4_general_ci;

--
-- Dumping data for table `property`
--

INSERT INTO `property` VALUES (1160,'ONESMUS ESTATES','Rwizi cell, ruti ward',70,13,'',NULL,30,NULL,'collected',NULL,NULL,0,NULL,NULL,NULL,NULL,NULL,NULL,NULL,NULL,NULL,NULL,NULL,NULL,NULL,NULL,NULL,NULL,'','','','','','','','','',0,NULL,NULL,NULL,20,'KATUMWESIGYE','ONESMUS','',NULL,NULL,NULL,NULL,NULL,'',NULL,'','with Good security, tiles, kitchen inside, ample parking, close to the main road','property/1160_QrTKm.jpg',NULL,'2024-01-13 08:27:08.118688',130,1,'','superadmin',1);
INSERT INTO `property` VALUES (1161,'HELLEN','Mbarara',71,13,'',NULL,30,NULL,'collected',NULL,NULL,0,NULL,NULL,NULL,NULL,NULL,NULL,NULL,NULL,NULL,NULL,NULL,NULL,NULL,NULL,NULL,NULL,'','','','','','','','','',0,NULL,NULL,NULL,15,'NABAASA','HELLEN','',NULL,NULL,NULL,NULL,NULL,'',NULL,'','<p>Residential rooms&nbsp;</p>','property/1161_UcNbm.png',NULL,'2024-01-13 10:01:43.763078',138,1,'','NASASIRA SUZAN',1);
INSERT INTO `property` VALUES (1162,'JACENTA ESTATE','NYAKAKONI B, RUTI',72,8,'',NULL,30,NULL,'collected',NULL,NULL,0,NULL,NULL,NULL,NULL,NULL,NULL,NULL,NULL,NULL,NULL,NULL,NULL,NULL,NULL,NULL,NULL,'','','','','','','','','',0,NULL,NULL,NULL,18,'KINKUHAIRE','JACENTA','',NULL,NULL,NULL,NULL,NULL,'',NULL,'',NULL,NULL,NULL,'2024-01-16 07:06:34.933707',128,1,NULL,'kellen',1);
INSERT INTO `property` VALUES (1163,'KAFEERO ESTATES','Kitebero cell',73,13,'',NULL,30,NULL,'collected',NULL,NULL,0,NULL,NULL,NULL,NULL,NULL,NULL,NULL,NULL,NULL,NULL,NULL,NULL,NULL,NULL,NULL,NULL,'','','','','','','','','',0,NULL,NULL,NULL,15,'MWEBAZE','ELLY','',NULL,NULL,NULL,NULL,NULL,'',NULL,'',NULL,NULL,NULL,'2024-01-18 06:49:56.007480',NULL,1,NULL,'Kabibi Moreen',1);
INSERT INTO `property` VALUES (1164,'PHOBIOUS ESTATES','KARUGANGAMA, KATETE',74,8,'',NULL,30,NULL,'collected',NULL,NULL,0,NULL,NULL,NULL,NULL,NULL,NULL,NULL,NULL,NULL,NULL,NULL,NULL,NULL,NULL,NULL,NULL,'','','','','','','','','',0,NULL,NULL,NULL,10,'HABAASA','PHBIOUS','',NULL,NULL,NULL,NULL,NULL,'',NULL,'',NULL,NULL,NULL,'2024-01-18 08:12:46.871118',141,1,NULL,'Nkalubo Dickson',1);
INSERT INTO `property` VALUES (1165,'PHILEMON ESTATES','KATETE CENTRAL CELL',75,8,'',NULL,15,NULL,'collected',NULL,NULL,0,NULL,NULL,NULL,NULL,NULL,NULL,NULL,NULL,NULL,NULL,NULL,NULL,NULL,NULL,NULL,NULL,'','','','','','','','','',0,NULL,NULL,NULL,14.6,'MWESIGYE','PHILEMON','',NULL,NULL,NULL,NULL,NULL,'',NULL,'',NULL,NULL,NULL,'2024-01-18 08:19:24.477681',142,1,NULL,'Kerebu',1);
INSERT INTO `property` VALUES (1166,'JB KATETE CENTRAL','MBARARA',76,9,'',NULL,30,NULL,'collected',NULL,NULL,0,NULL,NULL,NULL,NULL,NULL,NULL,NULL,NULL,NULL,NULL,NULL,NULL,NULL,NULL,NULL,NULL,'','','','','','','','','',0,NULL,NULL,NULL,15,'GARUBANDA','JOHN BOSCO','',NULL,NULL,NULL,NULL,NULL,'',NULL,'','<p>Single</p>',NULL,NULL,'2024-01-18 09:49:47.544074',143,1,'','TURYAHEBWA RODGERS',1);
INSERT INTO `property` VALUES (1167,'RESTY ESTATES','BIHUNYA CELL, KATETE, MBARARA CITY SOUTH, MBARARA CITY',77,13,'',NULL,30,NULL,'collected',NULL,NULL,0,NULL,NULL,NULL,NULL,NULL,NULL,NULL,NULL,NULL,NULL,NULL,NULL,NULL,NULL,NULL,NULL,'','','','','','','','','',0,NULL,NULL,NULL,20,'RESTY','KYARIMPA','',NULL,NULL,NULL,NULL,NULL,'',NULL,'',NULL,NULL,NULL,'2024-01-18 09:50:18.912435',144,1,NULL,'Nkalubo Dickson',1);
INSERT INTO `property` VALUES (1168,'ARTHUR ESTATES','KATETE CENTRAL',78,13,'',NULL,30,NULL,'collected',NULL,NULL,0,NULL,NULL,NULL,NULL,NULL,NULL,NULL,NULL,NULL,NULL,NULL,NULL,NULL,NULL,NULL,NULL,'','','','','','','','','',0,NULL,NULL,NULL,20,'KYOMUKAMA','ARTHUR','',NULL,NULL,NULL,NULL,NULL,'',NULL,'',NULL,NULL,NULL,'2024-01-18 11:11:34.630404',145,1,NULL,'Kerebu',1);
INSERT INTO `property` VALUES (1169,'GERALD ESTATES','BIHUNYA CELL,KATETE MBARARA CITY SOUTH',79,13,'',NULL,30,NULL,'collected',NULL,NULL,0,NULL,NULL,NULL,NULL,NULL,NULL,NULL,NULL,NULL,NULL,NULL,NULL,NULL,NULL,NULL,NULL,'','','','','','','','','',0,NULL,NULL,NULL,15,'MUBANGIZI','GERALD','',NULL,NULL,NULL,NULL,NULL,'collected',NULL,'',NULL,NULL,NULL,'2024-01-19 07:41:28.053188',146,1,NULL,'Kerebu',1);
INSERT INTO `property` VALUES (1171,'GORDON ESTATES','KAKOBA CENTRAL, MBARARA CITY SOUTH',80,13,'',NULL,30,NULL,'collected',NULL,NULL,0,NULL,NULL,NULL,NULL,NULL,NULL,NULL,NULL,NULL,NULL,NULL,NULL,NULL,NULL,NULL,NULL,'','','','','','','','','',0,NULL,NULL,NULL,20,'MWONGYEZI','GORDON','',NULL,NULL,NULL,NULL,NULL,'',NULL,'','<p>Residential rooms&nbsp;</p>','property/1171_Faqwa.jpg',NULL,'2024-01-19 12:24:15.850172',147,1,'','NASASIRA SUZAN',1);
INSERT INTO `property` VALUES (1172,'JB Rwemirinzi','Mbarara',76,8,'',NULL,30,NULL,'collected',NULL,3,0,NULL,NULL,NULL,NULL,NULL,NULL,NULL,NULL,NULL,NULL,NULL,NULL,NULL,NULL,NULL,NULL,'water','','','','','','','','',0,NULL,NULL,NULL,15,'GARUBANDA','JOHN BOSCO','',NULL,NULL,NULL,NULL,NULL,'',NULL,'','<p>Mixed units&nbsp;</p>','property/1172_s5zR3.jpg',NULL,'2024-01-26 08:53:35.810854',143,1,'','NASASIRA SUZAN',1);
INSERT INTO `property` VALUES (1173,'JB NYAMITANGA','NYAMITANGA',76,8,'',NULL,30,NULL,'collected',NULL,NULL,0,NULL,NULL,NULL,NULL,NULL,NULL,NULL,NULL,NULL,NULL,NULL,NULL,NULL,NULL,NULL,NULL,'','','','','','','','','',0,NULL,NULL,NULL,15,'GARUBANDA','JOHN BOSCO','',NULL,NULL,NULL,NULL,NULL,'collected',NULL,'',NULL,NULL,NULL,'2024-02-02 06:52:26.533705',143,1,NULL,'Nkalubo Dickson',1);
INSERT INTO `property` VALUES (1177,'ENSINIKWERI ESTATES','KASINGYENGYE',81,8,'',NULL,0,NULL,'collected',NULL,NULL,0,NULL,NULL,NULL,NULL,NULL,NULL,NULL,NULL,NULL,NULL,NULL,NULL,NULL,NULL,NULL,NULL,'','','','','','','','','',0,NULL,NULL,NULL,6.66667,'ENSINIKWERI','AUGUSTINE','',NULL,NULL,NULL,NULL,NULL,'rent',NULL,'','<p>Commercial property&nbsp;</p>','property/1177_gu6Mz.jpg',NULL,'2024-02-02 12:30:55.865705',NULL,0,'','NASASIRA SUZAN',1);
INSERT INTO `property` VALUES (1178,'BEATRICE ESTATES','Upper cell,Nyamityobora, Kakoba, Mbarara City South',82,13,'',NULL,30,NULL,'collected',NULL,NULL,0,NULL,NULL,NULL,NULL,NULL,NULL,NULL,NULL,NULL,NULL,NULL,NULL,NULL,NULL,NULL,NULL,'','','','','','','','','',0,NULL,NULL,NULL,15,'BEATRICE','KYOBUTUNGI','',NULL,NULL,NULL,NULL,NULL,'',NULL,'',NULL,NULL,NULL,'2024-02-07 07:14:34.558692',NULL,0,NULL,'Nkalubo Dickson',1);
INSERT INTO `property` VALUES (1179,'BRIDGET DRIVE','RWEBISHURI CELL,MBARARA CITY SOUTH',83,8,'',NULL,30,NULL,'collected',NULL,NULL,0,NULL,NULL,NULL,NULL,NULL,NULL,NULL,NULL,NULL,NULL,NULL,NULL,NULL,NULL,NULL,NULL,'','','','','','','','','',0,NULL,NULL,NULL,20,'Asiimwe','Bridget','',NULL,NULL,NULL,NULL,NULL,'',NULL,'',NULL,NULL,NULL,'2024-02-08 07:26:53.954933',130,1,NULL,'suzan',1);
INSERT INTO `property` VALUES (1180,'BRIDGET ROAD ','RWEBISHURI ROAD CELL,MBARARA CITY SOUTH',83,8,'',NULL,30,NULL,'collected',NULL,NULL,0,NULL,NULL,NULL,NULL,NULL,NULL,NULL,NULL,NULL,NULL,NULL,NULL,NULL,NULL,NULL,NULL,'','','','','','','','','',0,NULL,NULL,NULL,20,'Asiimwe','Bridget','',NULL,NULL,NULL,NULL,NULL,'',NULL,'',NULL,NULL,NULL,'2024-02-08 10:38:55.103554',130,1,NULL,'Kabibi Moreen',1);
INSERT INTO `property` VALUES (1184,'GAUDIAS ORDINARY','KISWAHILI',85,13,'',NULL,30,NULL,'collected',NULL,4,30000,NULL,NULL,NULL,NULL,NULL,NULL,NULL,NULL,NULL,NULL,NULL,NULL,NULL,NULL,NULL,NULL,'Electricity','','','','','','','','',30000,NULL,NULL,NULL,20,'AHIMBISIBWE','GAUDIUS','',NULL,NULL,NULL,NULL,NULL,'',NULL,'','<p>Best Place for Residential</p>','property/1184_4tYmP.jpg',NULL,'2024-02-16 06:26:07.724542',NULL,1,'','superadmin',1);
INSERT INTO `property` VALUES (1187,'ELSON ESTATE','KIYANJA',87,13,'',NULL,30,NULL,'collected',NULL,NULL,0,NULL,NULL,NULL,NULL,NULL,NULL,NULL,NULL,NULL,NULL,NULL,NULL,NULL,NULL,NULL,NULL,'','','','','','','','','',0,NULL,NULL,NULL,15,'TWIJUKYE','ELSON','',NULL,NULL,NULL,NULL,NULL,'',NULL,'','<p>Residential rooms&nbsp;</p>','property/1187_1gTlr.jpg',NULL,'2024-02-16 11:23:54.327865',NULL,1,'','NASASIRA SUZAN',1);
INSERT INTO `property` VALUES (1188,'PASCAL KATETE CENTRAL','KATETE CENTRAL',88,13,'',NULL,30,NULL,'collected',NULL,NULL,0,NULL,NULL,NULL,NULL,NULL,NULL,NULL,NULL,NULL,NULL,NULL,NULL,NULL,NULL,NULL,NULL,'','','','','','','','','',0,NULL,NULL,NULL,20,'RWANYANKANZANA','PASCAL','',NULL,NULL,NULL,NULL,NULL,'',NULL,'','<p>Residential units only&nbsp;</p>','property/1188_kKb5e.jpg',NULL,'2024-02-16 13:33:53.254361',NULL,1,'','NASASIRA SUZAN',1);
INSERT INTO `property` VALUES (1189,'PASCAL BIHUNYA CELL','BIHUNYA CELL',88,8,'',NULL,30,NULL,'collected',NULL,NULL,0,NULL,NULL,NULL,NULL,NULL,NULL,NULL,NULL,NULL,NULL,NULL,NULL,NULL,NULL,NULL,NULL,'','','','','','','','','',0,NULL,NULL,NULL,20,'RWANYANKANZANA','PASCAL','',NULL,NULL,NULL,NULL,NULL,'',NULL,'',NULL,NULL,NULL,'2024-02-16 14:23:46.992783',NULL,1,NULL,'Nkalubo Dickson',1);
INSERT INTO `property` VALUES (1191,'KAZENGA RWENTONDO','RWENTONDO',102,10,'',NULL,30,NULL,'collected',NULL,NULL,0,NULL,NULL,NULL,NULL,NULL,NULL,NULL,NULL,NULL,NULL,NULL,NULL,NULL,NULL,NULL,NULL,'','','','','','','','','',0,NULL,NULL,NULL,20,'KAZENGA','CHARLES','',NULL,NULL,NULL,NULL,NULL,'',NULL,'','Hostels','property/1191_YRO7d.jpg',NULL,'2024-02-17 08:39:59.590858',NULL,1,'','Saverino',1);
INSERT INTO `property` VALUES (1193,'BASIIME VIP','KISWAHILI CELL, KAKOBA WARD, MBARARA CITY SOUTH, MBARARA CITY',89,13,'',NULL,30,NULL,'collected',NULL,NULL,0,NULL,NULL,NULL,NULL,NULL,NULL,NULL,NULL,NULL,NULL,NULL,NULL,NULL,NULL,NULL,NULL,'','','','','','','','','',0,NULL,NULL,NULL,10,'BASIIMWE','FRANCIS','',NULL,NULL,NULL,NULL,NULL,'',NULL,'','<p>The property has both single and double rooms at a minimum rent amount.</p>','property/1193_8c-av.jpg,property/1193_XinB2.jpg',NULL,'2024-02-19 10:08:32.624266',NULL,1,'','NASASIRA SUZAN',1);
INSERT INTO `property` VALUES (1194,'BASIIME ORDINARY','KISWAHILI CELL, KAKOBA WARD, MBARARA CITY SOUTH',89,13,'',NULL,20,NULL,'collected',NULL,NULL,0,NULL,NULL,NULL,NULL,NULL,NULL,NULL,NULL,NULL,NULL,NULL,NULL,NULL,NULL,NULL,NULL,'','','','','','','','','',0,NULL,NULL,NULL,10,'BASIIMWE','FRANCIS','',NULL,NULL,NULL,NULL,NULL,'',NULL,'','<p>The property has single rooms but self contained</p>','property/1194___Q4m.jpg',NULL,'2024-02-20 08:05:33.535764',NULL,1,'','NASASIRA SUZAN',1);
INSERT INTO `property` VALUES (1195,'SSENYONDO','RWARIIRE 1, KATOJO, NYAKAYOJO, MBARARA CITY SOUTH, MBARARA CITY',103,8,'',NULL,30,NULL,'collected',NULL,NULL,0,NULL,NULL,NULL,NULL,NULL,NULL,NULL,NULL,NULL,NULL,NULL,NULL,NULL,NULL,NULL,NULL,'','','','','','','','','',0,NULL,NULL,NULL,15,'SSENYONDO','VICENT','',NULL,NULL,NULL,NULL,NULL,'',NULL,'','<p>Two bedrooms, sitting room kitchen&nbsp;</p>',NULL,NULL,'2024-02-20 08:56:10.475345',NULL,1,'','TURYAHEBWA RODGERS',1);
INSERT INTO `property` VALUES (1196,'RODERICK ESTATES','KAKYEEKA, KAMUKUZI, MBARARA CITY NORTH, MBARARA CITY',104,9,'',NULL,30,NULL,'collected',NULL,NULL,0,NULL,NULL,NULL,NULL,NULL,NULL,NULL,NULL,NULL,NULL,NULL,NULL,NULL,NULL,NULL,NULL,'','','','','','','','','',0,NULL,NULL,NULL,20,'KAKUBA','RODERICK','',NULL,NULL,NULL,NULL,NULL,'',NULL,'','<p>Best Place</p>','property/1196_iMJr8.jpg',NULL,'2024-02-20 15:22:28.410954',NULL,1,'','Uwimbabazi Hope',1);
INSERT INTO `property` VALUES (1197,'JOHN BOSCO MILE 4','MILE4',76,8,'',NULL,30,NULL,'collected',NULL,NULL,0,NULL,NULL,NULL,NULL,NULL,NULL,NULL,NULL,NULL,NULL,NULL,NULL,NULL,NULL,NULL,NULL,'','','','','','','','','',0,NULL,NULL,NULL,20,'GARUBANDA','JOHN BOSCO','',NULL,NULL,NULL,NULL,NULL,'',NULL,'','<p>Open space for rent</p>',NULL,NULL,'2024-02-21 06:25:05.916105',143,1,'','Nkalubo Dickson',1);
INSERT INTO `property` VALUES (1198,'JB JESUS CARE ','KISENYI',76,8,'',NULL,30,NULL,'collected',NULL,NULL,0,NULL,NULL,NULL,NULL,NULL,NULL,NULL,NULL,NULL,NULL,NULL,NULL,NULL,NULL,NULL,NULL,'','','','','','','','','',0,NULL,NULL,NULL,20,'GARUBANDA','JOHN BOSCO','',NULL,NULL,NULL,NULL,NULL,'',NULL,'','<p><span style=\"color: rgb(102, 102, 102); font-family: &quot;nunito sans&quot;, sans-serif;\">The property has a gate at the entry and the rooms are self contained with two bed rooms, one bathroom, one siting room, toilet and ward lopes.</span><br></p>','property/1198_oHwTD.png',NULL,'2024-02-21 08:21:23.715800',143,1,'','superadmin',1);
INSERT INTO `property` VALUES (1199,'JB BIYAFURA','BIYAFURA',76,13,'',NULL,30,NULL,'collected',NULL,NULL,0,NULL,NULL,NULL,NULL,NULL,NULL,NULL,NULL,NULL,NULL,NULL,NULL,NULL,NULL,NULL,NULL,'','','','','','','','','',0,NULL,NULL,NULL,15,'GARUBANDA','JOHN BOSCO','',NULL,NULL,NULL,NULL,NULL,'',NULL,'','<p>Residential rooms&nbsp;</p>','property/1199_ySXqx.jpg',NULL,'2024-02-22 05:26:29.014683',143,1,'','NASASIRA SUZAN',1);
INSERT INTO `property` VALUES (1201,'CLEVER KISENYI','KISENYI',91,13,'Residential',NULL,30,NULL,'collected',NULL,NULL,0,NULL,NULL,NULL,NULL,NULL,NULL,NULL,NULL,NULL,NULL,NULL,NULL,NULL,NULL,NULL,NULL,'','','','','','','','','',0,NULL,NULL,NULL,20,'AGABA','CLEVER','',NULL,NULL,NULL,NULL,NULL,'',NULL,'','It’s important you proofread and edit your description before publishing. Have a colleague read the ','property/1201_WoN6c.jpg',NULL,'2024-02-22 08:27:17.100162',NULL,1,'Road Access,Markets,Electricty','superadmin',1);
INSERT INTO `property` VALUES (1202,'C.O.U ESTATE 1','UPPER CELL NYAMITYOBORA',105,8,'',NULL,0,NULL,'collected',NULL,NULL,0,NULL,NULL,NULL,NULL,NULL,NULL,NULL,NULL,NULL,NULL,NULL,NULL,NULL,NULL,NULL,NULL,'','','','','','','','','',0,NULL,NULL,NULL,0,'KYAMUGOLANI','C.O.U','',NULL,NULL,NULL,NULL,NULL,'',NULL,'','<p>Kyamugolani Church of Uganda</p>','property/1202_tuhdX.jpg',NULL,'2024-02-22 10:10:23.518135',NULL,1,'','NASASIRA SUZAN',1);
INSERT INTO `property` VALUES (1203,'C.O.U ESTATE 2','KAKYENKYE WEST KAKIIKA',105,8,'',NULL,0,NULL,'collected',NULL,NULL,0,NULL,NULL,NULL,NULL,NULL,NULL,NULL,NULL,NULL,NULL,NULL,NULL,NULL,NULL,NULL,NULL,'','','','','','','','','',0,NULL,NULL,NULL,0,'KYAMUGOLANI','C.O.U','',NULL,NULL,NULL,NULL,NULL,'',NULL,'','<p>Best Place</p>','property/1203_2nLk2.jpg',NULL,'2024-02-22 12:08:20.996286',NULL,1,'','superadmin',1);
INSERT INTO `property` VALUES (1204,'C.O.U ESTATE 3','KAKYENKYE WEST, KAKIIKA',105,13,'',NULL,0,NULL,'collected',NULL,NULL,0,NULL,NULL,NULL,NULL,NULL,NULL,NULL,NULL,NULL,NULL,NULL,NULL,NULL,NULL,NULL,NULL,'','','','','','','','','',0,NULL,NULL,NULL,0,'KYAMUGOLANI','C.O.U','',NULL,NULL,NULL,NULL,NULL,'',NULL,'','<p>Best Place</p>','property/1204_PsZLC.jpg',NULL,'2024-02-22 12:45:06.411374',NULL,1,'','superadmin',1);
INSERT INTO `property` VALUES (1205,'BASHIR TANKHILL','RUTI TANKHILL',90,13,'',NULL,30,NULL,'collected',NULL,NULL,0,NULL,NULL,NULL,NULL,NULL,NULL,NULL,NULL,NULL,NULL,NULL,NULL,NULL,NULL,NULL,NULL,'','','','','','','','','',0,NULL,NULL,NULL,20,'SSEBUNYA','BASHIR','',NULL,NULL,NULL,NULL,NULL,'',NULL,'','<p>Residential Building</p>','property/1205_9AI3K.jpg',NULL,'2024-02-23 08:53:43.480498',NULL,1,'','superadmin',1);
INSERT INTO `property` VALUES (1206,'BASHIR RUTI MARKET','RUTI MARKET CELL',90,13,'',NULL,30,NULL,'collected',NULL,NULL,0,NULL,NULL,NULL,NULL,NULL,NULL,NULL,NULL,NULL,NULL,NULL,NULL,NULL,NULL,NULL,NULL,'','','','','','','','','',0,NULL,NULL,NULL,20,'','','',NULL,NULL,NULL,NULL,NULL,'',NULL,'',NULL,NULL,NULL,'2024-02-23 09:49:12.520964',NULL,NULL,NULL,'suzan',1);
INSERT INTO `property` VALUES (1208,'PATRICK ESTATES','RUTI',106,8,'',NULL,30,NULL,'collected',NULL,NULL,0,NULL,NULL,NULL,NULL,NULL,NULL,NULL,NULL,NULL,NULL,NULL,NULL,NULL,NULL,NULL,NULL,'','','','','','','','','',0,NULL,NULL,NULL,20,'MUGUME','PATRICK','',NULL,NULL,NULL,NULL,NULL,'',NULL,'','<p>Mixed Building</p>','property/1208_m2t1l.jpg',NULL,'2024-02-23 10:36:46.932002',NULL,1,'','superadmin',1);
INSERT INTO `property` VALUES (1209,'CHRISTOPHER ESTATES','KISENYI',92,13,'',NULL,30,NULL,'collected',NULL,NULL,0,NULL,NULL,NULL,NULL,NULL,NULL,NULL,NULL,NULL,NULL,NULL,NULL,NULL,NULL,NULL,NULL,'','','','','','','','','',0,NULL,NULL,NULL,20,'MUGISHA ','CHRISTOPHER','',NULL,NULL,NULL,NULL,NULL,'',NULL,'','<p>Residential Building&nbsp;</p>','property/1209_jxq3b.jpg',NULL,'2024-02-23 11:43:13.920165',NULL,1,'','superadmin',1);
INSERT INTO `property` VALUES (1210,'BASHIR MARKET CELL','RUTI MARKET CELL',90,13,'',NULL,30,NULL,'collected',NULL,NULL,0,NULL,NULL,NULL,NULL,NULL,NULL,NULL,NULL,NULL,NULL,NULL,NULL,NULL,NULL,NULL,NULL,'','','','','','','','','',0,NULL,NULL,NULL,20,'SSEBUNYA','BASHIR','',NULL,NULL,NULL,NULL,NULL,'',NULL,'','<p>Commercial&nbsp;</p>','property/1210_bfYsD.jpg',NULL,'2024-02-23 12:20:41.836544',NULL,1,'','superadmin',1);
INSERT INTO `property` VALUES (1214,'RUBANYEGYEZA ESTATES','LUBIRI',107,13,'',NULL,30,NULL,'collected',NULL,NULL,0,NULL,NULL,NULL,NULL,NULL,NULL,NULL,NULL,NULL,NULL,NULL,NULL,NULL,NULL,NULL,NULL,'','','','','','','','','',0,NULL,NULL,NULL,20,'RUBANYEGYEZA','JOHN','',NULL,NULL,NULL,NULL,NULL,'',NULL,'','<p>Residential rooms&nbsp;</p>','property/1214_Bwn1H.jpg',NULL,'2024-02-24 12:39:17.178350',NULL,1,'','NASASIRA SUZAN',1);
INSERT INTO `property` VALUES (1215,'DENIS ESTATES','BIYAFURA',94,13,'',NULL,30,NULL,'collected',NULL,NULL,0,NULL,NULL,NULL,NULL,NULL,NULL,NULL,NULL,NULL,NULL,NULL,NULL,NULL,NULL,NULL,NULL,'','','','','','','','','',0,NULL,NULL,NULL,20,'AMPAIRE','DENIS','',NULL,NULL,NULL,NULL,NULL,'',NULL,'','<p>Commercial Building</p>','property/1215_S4I02.jpg',NULL,'2024-02-24 13:16:19.461336',NULL,1,'','superadmin',1);
INSERT INTO `property` VALUES (1218,'MRS CLEVER ESTATES','KISENYI',101,13,'',NULL,30,NULL,'collected',NULL,NULL,0,NULL,NULL,NULL,NULL,NULL,NULL,NULL,NULL,NULL,NULL,NULL,NULL,NULL,NULL,NULL,NULL,'','','','','','','','','',0,NULL,NULL,NULL,20,'MRS','CLEVER','',NULL,NULL,NULL,NULL,NULL,'',NULL,'','<p>Residential Place</p>','property/1218_rzrxT.jpg',NULL,'2024-02-26 09:27:25.999728',NULL,1,'','superadmin',1);
INSERT INTO `property` VALUES (1220,'KILIMAN ESTATES','RUTI CENTRAL CELL',86,8,'',NULL,30,NULL,'collected',NULL,NULL,0,NULL,NULL,NULL,NULL,NULL,NULL,NULL,NULL,NULL,NULL,NULL,NULL,NULL,NULL,NULL,NULL,'','','','','','','','','',0,NULL,NULL,NULL,17.6,'KAJUNGU','JEREMY','',NULL,NULL,NULL,NULL,NULL,'',NULL,'','<p>Commercial Building</p>','property/1220_af55R.jpg',NULL,'2024-02-26 10:33:15.365298',NULL,1,'','superadmin',1);
INSERT INTO `property` VALUES (1221,'FLORENCE ESTATES','MILE 2',84,13,'',NULL,30,NULL,'collected',NULL,NULL,0,NULL,NULL,NULL,NULL,NULL,NULL,NULL,NULL,NULL,NULL,NULL,NULL,NULL,NULL,NULL,NULL,'','','','','','','','','',0,NULL,NULL,NULL,20,'Bainempaka ','Florence','',NULL,NULL,NULL,NULL,NULL,'',NULL,'','<p>Ressidential Property</p>','property/1221_Vf_eu.jpg',NULL,'2024-02-26 11:49:02.376115',NULL,1,'','superadmin',1);
INSERT INTO `property` VALUES (1222,'SILVER ESTATES','KIYANJA CELL KAMUKUZI DIVISION',108,9,'Commercial building',NULL,15,NULL,'collected',NULL,NULL,0,NULL,NULL,NULL,NULL,NULL,NULL,NULL,NULL,NULL,NULL,NULL,NULL,NULL,NULL,NULL,NULL,'','','','','','','','','',0,NULL,NULL,NULL,15,'TWESIGYE','SILVER','',NULL,NULL,NULL,NULL,NULL,'',NULL,'','<p>WITH GOOD ACCESS, GOOD SECURITY, ample parking, close to the main road and the city centre.</p>','property/1222_FQbtQ.png',NULL,'2024-03-01 08:43:59.873993',NULL,1,'ROAD ACCESS,SCHOOL,MARKET','superadmin',1);
INSERT INTO `property` VALUES (1234,'Fulge estates','Kiswahi Cell, Kakoba, Mbarara City',100,13,'Residential',NULL,30,NULL,'collected',NULL,NULL,0,NULL,NULL,NULL,NULL,NULL,NULL,NULL,NULL,NULL,NULL,NULL,NULL,NULL,NULL,NULL,NULL,'','','','','','','','','',0,NULL,NULL,NULL,20,'TUMWINE','FULGE','',NULL,NULL,NULL,NULL,NULL,'',NULL,'','<p>The property has both single and self-contained rooms at a minimum rent amount</p>','property/1234_9tBYA.png',NULL,'2024-04-19 08:07:45.808259',NULL,1,'','suzan',1);
INSERT INTO `property` VALUES (1238,'ELLY VIP','RWEMIRINZI CELL, KATETE, MBARARA CITY SOUTH, MBARARA CITY',121,13,'Residential',NULL,30,NULL,'collected',NULL,NULL,0,NULL,NULL,NULL,NULL,NULL,NULL,NULL,NULL,NULL,NULL,NULL,NULL,NULL,NULL,NULL,NULL,'','','','','','','','','',0,NULL,NULL,NULL,20,'MWESIGWA','ELLY','',NULL,NULL,NULL,NULL,NULL,'',NULL,'','<p>The property has the gate at the entry and it contains single rooms with bathrooms only.</p>','property/1238_VUsRl.png',NULL,'2024-04-24 14:51:11.132785',NULL,1,'','NASASIRA SUZAN',1);
INSERT INTO `property` VALUES (1244,'Elly flat','Katete Central',121,13,'Residential',NULL,30,NULL,'collected',NULL,NULL,0,NULL,NULL,NULL,NULL,NULL,NULL,NULL,NULL,NULL,NULL,NULL,NULL,NULL,NULL,NULL,NULL,'','','','','','','','','',0,NULL,NULL,NULL,20,'MWESIGWA','ELLY','',NULL,NULL,NULL,NULL,NULL,'',NULL,'','<p>The property is a flat building with fifteen single rooms but self contained.</p>','property/1244_SlY73.png',NULL,'2024-05-02 06:35:37.251958',NULL,1,'','NASASIRA SUZAN',1);
INSERT INTO `property` VALUES (1245,'Elly ordinally','Rwemirinzi Cell, Katete Central, Mbarara City South-Mbarara City',121,8,'Mixed Building',NULL,30,NULL,'collected',NULL,NULL,0,NULL,NULL,NULL,NULL,NULL,NULL,NULL,NULL,NULL,NULL,NULL,NULL,NULL,NULL,NULL,NULL,'','','','','','','','','',0,NULL,NULL,NULL,20,'MWESIGWA','ELLY','',NULL,NULL,NULL,NULL,NULL,'',NULL,'','<p>The property has both residential and commercial houses.</p>','property/1245_Zf4mH.png',NULL,'2024-05-02 06:46:23.517134',NULL,1,'','NASASIRA SUZAN',1);
INSERT INTO `property` VALUES (1246,'Crispus estates','Rwemirinzi Katete Central, Mbarara City South-Mbarara City',124,8,'Mixed Building',NULL,30,NULL,'collected',NULL,NULL,0,NULL,NULL,NULL,NULL,NULL,NULL,NULL,NULL,NULL,NULL,NULL,NULL,NULL,NULL,NULL,NULL,'','','','','','','','','',0,NULL,NULL,NULL,15,'Musinguzi','Crispus','',NULL,NULL,NULL,NULL,NULL,'',NULL,'','<p>The property has both residential and commercial buildings.</p>','property/1246_IU-pi.png',NULL,'2024-05-02 07:18:58.698849',NULL,1,'','NASASIRA SUZAN',1);
INSERT INTO `property` VALUES (1247,'Lameach estates','Katete Central, Mbarara City South, Mbarara City',125,13,'Residential',NULL,30,NULL,'collected',NULL,NULL,0,NULL,NULL,NULL,NULL,NULL,NULL,NULL,NULL,NULL,NULL,NULL,NULL,NULL,NULL,NULL,NULL,'','','','','','','','','',0,NULL,NULL,NULL,20,'Nuwagaba','Lameach','',NULL,NULL,NULL,NULL,NULL,'',NULL,'','<p>The property has only single rooms and they are not self contained.</p>','property/1247_4aDlt.png',NULL,'2024-05-02 07:50:41.791446',NULL,1,'','NASASIRA SUZAN',1);
INSERT INTO `property` VALUES (1248,'Hadiijah estates','plot 61 Kitebero road, Mbarara City South-Mbarara City',123,13,'',NULL,30,NULL,'collected',NULL,NULL,0,NULL,NULL,NULL,NULL,NULL,NULL,NULL,NULL,NULL,NULL,NULL,NULL,NULL,NULL,NULL,NULL,'','','','','','','','','',0,NULL,NULL,NULL,10,'KYAKUHAIRE','HADIIJAH','',NULL,NULL,NULL,NULL,NULL,'rent',NULL,'','<p>The property has a get at the entry and security is also required, rooms are also double and self contained.</p>','property/1248_rB1Qd.jpg',NULL,'2024-05-07 08:09:10.159097',NULL,1,'','superadmin',1);
INSERT INTO `property` VALUES (1249,'DR KAREMA ESTATE 1','Kyamugorani-Kakiika-Mbarara City North-Mbarara City',122,13,'Residential',NULL,30,NULL,'collected',NULL,NULL,0,NULL,NULL,NULL,NULL,NULL,NULL,NULL,NULL,NULL,NULL,NULL,NULL,NULL,NULL,NULL,NULL,'','','','','','','','','',0,NULL,NULL,NULL,10,'DR. KAREMA','NATHAN','',NULL,NULL,NULL,NULL,NULL,'',NULL,'','<p>The property has double rooms with 2 bed rooms, toilet, sitting room and it has a gate at the entry even the packing is reserved for those who have vehicles.</p>','property/1249_eK0KP.jpg',NULL,'2024-05-10 11:30:34.227650',NULL,0,'','NASASIRA SUZAN',1);
INSERT INTO `property` VALUES (1250,'Dr Karema estate 2','Kyamugorani-Kakiika-Mbarara City South-Mbarara City.',122,13,'Residential',NULL,30,NULL,'collected',NULL,NULL,0,NULL,NULL,NULL,NULL,NULL,NULL,NULL,NULL,NULL,NULL,NULL,NULL,NULL,NULL,NULL,NULL,'','','','','','','','','',0,NULL,NULL,NULL,10,'DR. KAREMA','NATHAN','',NULL,NULL,NULL,NULL,NULL,'',NULL,'','<p>The is in good condition and it also has a gate at the entry the compound has a good look and parking is also reserved for those who has vehicles.</p>','property/1250_jz4cU.jpg',NULL,'2024-05-10 11:36:34.663332',NULL,0,'','NASASIRA SUZAN',1);
INSERT INTO `property` VALUES (1251,'KANANURA MARTIN','KARUHANGA ROAD, MBARARA CITY SOUTH,  MBARARA CITY',126,13,'Residential',NULL,30,NULL,'collected',NULL,NULL,0,NULL,NULL,NULL,NULL,NULL,NULL,NULL,NULL,NULL,NULL,NULL,NULL,NULL,NULL,NULL,NULL,'','','','','','','','','',0,NULL,NULL,NULL,10,'KANANURA','MARTIN','',NULL,NULL,NULL,NULL,NULL,'',NULL,'','<p>Two bedrooms, bathroom, sitting room</p>','property/1251_1dfaP.png',NULL,'2024-05-17 10:42:35.970798',NULL,1,'','Nkalubo Dickson',1);
INSERT INTO `property` VALUES (1255,'MAKATU ESTATES','NYAKAKONI B CELL-RUKINDO-NYAKAYOJO-RWAMPARA-MBARARA',128,8,'Mixed Building',NULL,30,NULL,'collected',NULL,NULL,0,NULL,NULL,NULL,NULL,NULL,NULL,NULL,NULL,NULL,NULL,NULL,NULL,NULL,NULL,NULL,NULL,'','','','','','','','','',0,NULL,NULL,NULL,20,'MAKATU','EMMANUEL','',NULL,NULL,NULL,NULL,NULL,'',NULL,'','<p>The property has both commercials and residential houses.</p>','property/1255_WrDuN.png',NULL,'2024-05-31 08:07:55.517338',NULL,1,'','NASASIRA SUZAN',1);
INSERT INTO `property` VALUES (1256,'Clever makenke','Makenke cell',91,8,'Mixed Building',NULL,30,NULL,'collected',NULL,NULL,0,NULL,NULL,NULL,NULL,NULL,NULL,NULL,NULL,NULL,NULL,NULL,NULL,NULL,NULL,NULL,NULL,'','','','','','','','','',0,NULL,NULL,NULL,20,'AGABA','CLEVER','',NULL,NULL,NULL,NULL,NULL,'',NULL,'','<p>The property has both commercial and residential houses.</p>','property/1256_pUZI2.png',NULL,'2024-05-31 09:24:57.916391',NULL,1,'','NASASIRA SUZAN',1);
INSERT INTO `property` VALUES (1257,'BASIIME KORANORYA','Rwebihuuro Cell, Koranorya, Mbarara City South-Mbarara City',89,13,'Residential',NULL,30,NULL,'collected',NULL,NULL,0,NULL,NULL,NULL,NULL,NULL,NULL,NULL,NULL,NULL,NULL,NULL,NULL,NULL,NULL,NULL,NULL,'','','','','','','','','',0,NULL,NULL,NULL,12.8,'BASIIMWE','FRANCIS','',NULL,NULL,NULL,NULL,NULL,'',NULL,'','<p>The property is fanced with a gate at the entrance and it has only single rooms at a fordable price.l</p>','property/1257_h0fCA.png',NULL,'2024-06-05 06:14:04.671809',NULL,1,'','NASASIRA SUZAN',1);
INSERT INTO `property` VALUES (1258,' TAYEBWA WILLIAM AND FAMILY ESTATES','Nyakakoni A Cell, Rukindo ward, Mbarara South Division-Mbarara City',129,13,'Residential',NULL,30,NULL,'collected',NULL,NULL,0,NULL,NULL,NULL,NULL,NULL,NULL,NULL,NULL,NULL,NULL,NULL,NULL,NULL,NULL,NULL,NULL,'','','','','','','','','',0,NULL,NULL,NULL,15,'DR TAYEBWA','WILLIAM','',NULL,NULL,NULL,NULL,NULL,'',NULL,'','<p>The property has both single and double rooms, it has a gate at the entry, Day and Night parking is available and security is tight.</p>','property/1258_uYcRS.png',NULL,'2024-06-05 06:49:37.918891',NULL,1,'','NASASIRA SUZAN',1);
INSERT INTO `property` VALUES (1259,'EPHRAIM ESTATES','KITEBERO CELL, KATETE, MBARARA CITY SOIUTH, MBARARA CITY',130,9,'Commercial building',NULL,30,NULL,'collected',NULL,NULL,0,NULL,NULL,NULL,NULL,NULL,NULL,NULL,NULL,NULL,NULL,NULL,NULL,NULL,NULL,NULL,NULL,'','','','','','','','','',0,NULL,NULL,NULL,15,'MUHANGI','EPHRAIM','',NULL,NULL,NULL,NULL,NULL,'',NULL,'','<p>The property has only commercial houses.</p>','property/1259_1jK85.png',NULL,'2024-06-10 08:16:24.418834',NULL,1,'','NASASIRA SUZAN',1);
INSERT INTO `property` VALUES (1260,'MUTEBI ESTATES','On plot 30, Musoke Sulait Road at Kyapotani',131,9,'Commercial building',NULL,30,NULL,'collected',NULL,NULL,0,NULL,NULL,NULL,NULL,NULL,NULL,NULL,NULL,NULL,NULL,NULL,NULL,NULL,NULL,NULL,NULL,'','','','','','','','','',0,NULL,NULL,NULL,12,'MUTEBI','MOSES','',NULL,NULL,NULL,NULL,NULL,'',NULL,'','<p>The property has only commercial units,</p><p>.</p>','property/1260_TDfbw.jpg',NULL,'2024-06-18 09:52:57.123731',NULL,1,'','NASASIRA SUZAN',1);
INSERT INTO `property` VALUES (1261,'NANTONGO ESTATES','RWIZI CELL-KYEERA ROAD-NSIKYE-KATETE WARD-NYAMITANGA DIVISION-MBARARA CITY SOUTH-MBARARA CITY',132,9,'Commercial building',NULL,30,NULL,'collected',NULL,NULL,0,NULL,NULL,NULL,NULL,NULL,NULL,NULL,NULL,NULL,NULL,NULL,NULL,NULL,NULL,NULL,NULL,'','','','','','','','','',0,NULL,NULL,NULL,15,'NANTONGO','JOSEPHINE','',NULL,NULL,NULL,NULL,NULL,'',NULL,'','<p>THE PROPERTY HAS ONLY COMMERCIAL ROOMS.</p>','property/1261_E56CX.png',NULL,'2024-06-18 11:04:24.003402',NULL,1,'','NASASIRA SUZAN',1);
INSERT INTO `property` VALUES (1263,'Karema estate 3','Plot 1005 and 1006 block 3 Butagatsi, Mbarara City North ',122,13,'Residential',NULL,0,NULL,'collected',NULL,NULL,0,NULL,NULL,NULL,NULL,NULL,NULL,NULL,NULL,NULL,NULL,NULL,NULL,NULL,NULL,NULL,NULL,'','','','','','','','','',0,NULL,NULL,NULL,10,'DR. KAREMA','NATHAN','',NULL,NULL,NULL,NULL,NULL,'',NULL,'','<p>The property has single self-contained rooms</p>','property/1263_57FEu.png',NULL,'2024-07-15 10:10:37.888448',NULL,0,'','NASASIRA SUZAN',1);
INSERT INTO `property` VALUES (1265,'TUMUSIIME DEUS ESTATES','NYAKAKONI A, MBARARA CITY SOUTH, MBARARA CITY',136,9,'Commercial building',NULL,0,NULL,'collected',NULL,NULL,0,NULL,NULL,NULL,NULL,NULL,NULL,NULL,NULL,NULL,NULL,NULL,NULL,NULL,NULL,NULL,NULL,'','','','','','','','','',0,NULL,NULL,NULL,11.6,'TUMUSIIME','DEUS','',NULL,NULL,NULL,NULL,NULL,'',NULL,'','Six commercial rooms with a big sales area and a bedroom&nbsp;','property/1265_GiFsJ.jpg',NULL,'2024-07-29 09:53:28.781315',NULL,1,'','Nkalubo Dickson',1);
INSERT INTO `property` VALUES (1279,'MBADIFA BULDING','AKiiki Nyabongo Road Kakoba, Mbarara',137,9,'Commercial building',NULL,15,NULL,'collected',NULL,NULL,0,NULL,NULL,NULL,NULL,NULL,NULL,NULL,NULL,NULL,NULL,NULL,NULL,NULL,NULL,NULL,NULL,'','','','','','','','','',0,NULL,NULL,NULL,20,'MBARARA DISTRICT FARMERS','ASSOCIATION','',NULL,NULL,NULL,NULL,NULL,'',NULL,'','<p style=\"color: rgb(51, 51, 51); font-family: Lato, &quot;Helvetica Neue&quot;, Helvetica, Arial, sans-serif; text-align: justify;\"><span style=\"font-family: arial, helvetica, sans-serif; font-size: 12pt;\">Mbarara District Farmers’ Association (MBADIFA) is a farmers’ organization which was established in 1994 as a branch of Uganda National Farmers’ Federation. MBADIFA was born out of the need to address insufficient governmental agricultural extension and advisory services, marketing issues, and lack of a common voice for farmers of Mbarara district.</span></p><p style=\"color: rgb(51, 51, 51); font-family: Lato, &quot;Helvetica Neue&quot;, Helvetica, Arial, sans-serif; text-align: justify;\"><span style=\"font-family: arial, helvetica, sans-serif; font-size: 12pt;\">In 1997, as a result of decentralization, MBADIFA was established and separately registered with the government as an NGO, and affiliated to UNFFE – Uganda National Farmers’ Federation for the benefit of legal and operational recognition.</span></p>','property/1279_1v3Jy.jpg',NULL,'2024-07-30 13:35:53.586632',NULL,1,'Road Access','NASASIRA SUZAN',1);
INSERT INTO `property` VALUES (1280,'Ojok estate','Ntare, Kamukuzi ward, Kamukuzi, Mbarara City North, Mbarara City ',133,13,'Residential',NULL,0,NULL,'collected',NULL,NULL,NULL,NULL,NULL,NULL,NULL,NULL,NULL,NULL,NULL,NULL,NULL,NULL,NULL,NULL,NULL,NULL,NULL,'','','','','','','','','',0,NULL,NULL,NULL,20,'Ojok','Walter','',NULL,NULL,NULL,NULL,NULL,'',NULL,'','<p>A stand alone house</p>','property/1280_In-SK.png',NULL,'2024-08-02 08:07:46.364845',NULL,1,'','crane',1);
INSERT INTO `property` VALUES (1285,'BANYWANA ESTATE 1','KATEERA RUTI WARD, MBARARA CITY SOUTH, MBARARA CITY',139,8,'Mixed Building',NULL,30,NULL,'collected',NULL,NULL,0,NULL,NULL,NULL,NULL,NULL,NULL,NULL,NULL,NULL,NULL,NULL,NULL,NULL,NULL,NULL,NULL,'','','','','','','','','',0,NULL,NULL,NULL,18.5,'BANYWANA','BOSCO JOHN','',NULL,NULL,NULL,NULL,NULL,'',NULL,'','<p>The property has both commercial and residential units at affordable price.</p>','property/1285_L5p37.jpg',NULL,'2024-08-14 13:19:00.739625',NULL,1,'','TURYAHEBWA RODGERS',1);
INSERT INTO `property` VALUES (1286,'Banywana estate 2','Tankhill cell, Ruti ward, mbarara City South, Mbarara City ',139,13,'Residential',NULL,30,NULL,'collected',NULL,NULL,0,NULL,NULL,NULL,NULL,NULL,NULL,NULL,NULL,NULL,NULL,NULL,NULL,NULL,NULL,NULL,NULL,'','','','','','','','','',0,NULL,NULL,NULL,18.5,'BANYWANA','BOSCO JOHN','',NULL,NULL,NULL,NULL,NULL,'',NULL,'','<p>Residential units only at affordable price.</p>','property/1286_T9hpR.jpg',NULL,'2024-08-14 14:17:10.652603',NULL,1,'','superadmin',1);
INSERT INTO `property` VALUES (1288,'Lilian estates ','Katete central, katete ward, Mbarara city south, Mbarara city ',141,13,'Residential',NULL,30,NULL,'collected',NULL,NULL,0,NULL,NULL,NULL,NULL,NULL,NULL,NULL,NULL,NULL,NULL,NULL,NULL,NULL,NULL,NULL,NULL,'','','','','','','','','',0,NULL,NULL,NULL,20,'Nuwatuha','Lilian','',NULL,NULL,NULL,NULL,NULL,'',NULL,'','<p>These are Lilian estates located at Katete central, katete ward, Mbarara city south, Mbarara city.</p>','property/1288_enApE.jpg',NULL,'2024-10-03 08:32:01.987599',NULL,1,'','Uwimbabazi Hope',1);
INSERT INTO `property` VALUES (1291,'Kemirembe Florence estates ','Rwemirinzi cell, katete ward, Mbarara city south, Mbarara city.',142,13,'Residential',NULL,30,NULL,'collected',NULL,NULL,0,NULL,NULL,NULL,NULL,NULL,NULL,NULL,NULL,NULL,NULL,NULL,NULL,NULL,NULL,NULL,NULL,'','','','','','','','','',0,NULL,NULL,NULL,20,'Kemirembe','Florence ','',NULL,NULL,NULL,NULL,NULL,'',NULL,'','<p>These are located at Rwemirinzi cell, katete ward, Mbarara city south, Mbarara city.</p>','property/1291_6DSI4.jpg',NULL,'2024-10-04 13:37:35.832513',NULL,1,'','Uwimbabazi Hope',1);
INSERT INTO `property` VALUES (1292,'Reuben estates ','Kakoba, kakoba ward, Mbarara city south, Mbarara city ',143,13,'Residential',NULL,30,NULL,'collected',NULL,NULL,0,NULL,NULL,NULL,NULL,NULL,NULL,NULL,NULL,NULL,NULL,NULL,NULL,NULL,NULL,NULL,NULL,'','','','','','','','','',0,NULL,NULL,NULL,13.4,'Kangume','Reuben ','',NULL,NULL,NULL,NULL,NULL,'',NULL,'','<p>This property is located at kakoba, kakoba ward, Mbarara city south, Mbarara city.</p>','property/1292_3zhj6.jpg',NULL,'2024-10-17 08:51:08.568878',NULL,1,'','Uwimbabazi Hope',1);
INSERT INTO `property` VALUES (1293,'Philemon alliance ','Alliance, kakoba, Mbarara city south, Mbarara city.',75,13,'Residential',NULL,30,NULL,'collected',NULL,NULL,0,NULL,NULL,NULL,NULL,NULL,NULL,NULL,NULL,NULL,NULL,NULL,NULL,NULL,NULL,NULL,NULL,'','','','','','','','','',0,NULL,NULL,NULL,25,'MWESIGYE','PHILEMON','',NULL,NULL,NULL,NULL,NULL,'',NULL,'','<p>This property is located at Alliance, kakoba, Mbarara city south, Mbarara city&nbsp;</p>','property/1293_FDuMk.jpg',NULL,'2024-10-17 09:24:01.157597',142,1,'','Uwimbabazi Hope',1);
INSERT INTO `property` VALUES (1294,'Bonny estates ','Katojo cell, nyakayojo Division, Mbarara city south, Mbarara city.',144,13,'Residential',NULL,30,NULL,'collected',NULL,NULL,0,NULL,NULL,NULL,NULL,NULL,NULL,NULL,NULL,NULL,NULL,NULL,NULL,NULL,NULL,NULL,NULL,'','','','','','','','','',0,NULL,NULL,NULL,20,'Tindyeebwa','Bonny','',NULL,NULL,NULL,NULL,NULL,'',NULL,'','<p>These properties owned by Mr. Tindyeebwa Bonny are located at katojo cell, nyakayojo Division, Mbarara city south, Mbarara city.</p>','property/1294_6rmA_.jpg',NULL,'2024-10-21 09:18:12.015085',NULL,1,'','Uwimbabazi Hope',1);
INSERT INTO `property` VALUES (1295,'Bonny estate 2','Nyakakoni cell, Rukindo ward, Mbarara city south, Mbarara city.',144,13,'Residential',NULL,30,NULL,'collected',NULL,NULL,0,NULL,NULL,NULL,NULL,NULL,NULL,NULL,NULL,NULL,NULL,NULL,NULL,NULL,NULL,NULL,NULL,'','','','','','','','','',0,NULL,NULL,NULL,20,'Tindyeebwa','Bonny','',NULL,NULL,NULL,NULL,NULL,'',NULL,'','<p>These properties are located at Nyakakoni cell, Rukindo ward, Mbarara city south, Mbarara city.</p>','property/1295_ZeL3p.jpg',NULL,'2024-10-21 10:16:03.727294',NULL,1,'','Uwimbabazi Hope',1);
INSERT INTO `property` VALUES (1297,'Bwogi katete estate','Katete central, katete ward, Mbarara city south, Mbarara city ',146,13,'Residential',NULL,30,NULL,'collected',NULL,NULL,NULL,NULL,NULL,NULL,NULL,NULL,NULL,NULL,NULL,NULL,NULL,NULL,NULL,NULL,NULL,NULL,NULL,'','','','','','','','','',0,NULL,NULL,NULL,20,'Bwogi','Hajati','',NULL,NULL,NULL,NULL,NULL,'',NULL,'','<p>These properties are single rooms located at Katete central, katete ward, Mbarara city south, Mbarara city.</p>','property/1297_EK5mv.jpg',NULL,'2024-11-04 08:33:47.782145',NULL,1,'','Uwimbabazi Hope',1);
INSERT INTO `property` VALUES (1298,'Bwogi koranorya estate','Rwebihuuro cell, koranorya, Mbarara city south, Mbarara city.',146,8,'Mixed Building',NULL,30,NULL,'collected',NULL,NULL,NULL,NULL,NULL,NULL,NULL,NULL,NULL,NULL,NULL,NULL,NULL,NULL,NULL,NULL,NULL,NULL,NULL,'','','','','','','','','',0,NULL,NULL,NULL,20,'Bwogi','Hajati','',NULL,NULL,NULL,NULL,NULL,'',NULL,'','<p>These properties are located at Rwebihuuro cell, koranorya, Mbarara city south, Mbarara city.</p>','property/1298_Bhqio.jpg',NULL,'2024-11-04 09:09:39.711255',NULL,1,'','Uwimbabazi Hope',1);
INSERT INTO `property` VALUES (1299,'Kintu kateera estate','Kateera cell , Ruti, Mbarara city south,Mbarara city.',147,13,'Residential',NULL,30,NULL,'collected',NULL,NULL,NULL,NULL,NULL,NULL,NULL,NULL,NULL,NULL,NULL,NULL,NULL,NULL,NULL,NULL,NULL,NULL,NULL,'','','','','','','','','',0,NULL,NULL,NULL,15,'Kintu','Kayiwa','',NULL,NULL,NULL,NULL,NULL,'',NULL,'','<p>These properties are located at kateera cell, Ruti, Mbarara city south, Mbarara city.</p>','property/1299_TVNGw.jpg',NULL,'2024-11-27 13:09:52.818352',NULL,1,'','Uwimbabazi Hope',1);
INSERT INTO `property` VALUES (1300,'Kintu rwizi estate ','Rwizi cell, Ruti, Mbarara city south, Mbarara city ',147,13,'Residential',NULL,30,NULL,'collected',NULL,NULL,NULL,NULL,NULL,NULL,NULL,NULL,NULL,NULL,NULL,NULL,NULL,NULL,NULL,NULL,NULL,NULL,NULL,'','','','','','','','','',0,NULL,NULL,NULL,15,'Kintu','Kayiwa','',NULL,NULL,NULL,NULL,NULL,'',NULL,'','<p>This property is located at Rwizi cell, Ruti, Mbarara city south, Mbarara city.</p>','property/1300_vu93c.jpg',NULL,'2024-12-03 06:12:02.484010',NULL,1,'','Uwimbabazi Hope',1);
INSERT INTO `property` VALUES (1301,'Patrick ordinary ','Nyakakoni B cell Ruti ward Mbarara City south Mbarara City ',106,8,'Mixed Building',NULL,30,NULL,'collected',NULL,NULL,NULL,NULL,NULL,NULL,NULL,NULL,NULL,NULL,NULL,NULL,NULL,NULL,NULL,NULL,NULL,NULL,NULL,'','','','','','','','','',0,NULL,NULL,NULL,20,'MUGUME','PATRICK','',NULL,NULL,NULL,NULL,NULL,'',NULL,'','<p>Double commercial rooms and single residential rooms</p>','property/1301_uUJnh.jpg,property/1301_5VAwi.jpg',NULL,'2025-01-10 14:46:31.972563',NULL,1,'','TURYAHEBWA RODGERS',1);
INSERT INTO `property` VALUES (1302,'Isaac estates katete','Rwemirinzi, katete ward, Nyamitanga parish, Mbarara municipality, Mbarara city.',148,8,'Mixed Building',NULL,30,NULL,'collected',NULL,NULL,NULL,NULL,NULL,NULL,NULL,NULL,NULL,NULL,NULL,NULL,NULL,NULL,NULL,NULL,NULL,NULL,NULL,'','','','','','','','','',0,NULL,NULL,NULL,20,'TUKWASIIBWE ','Isaac ','',NULL,NULL,NULL,NULL,NULL,'',NULL,'','<p>This property is managed by crane properties.</p>','property/1302_o9WEe.jpg',NULL,'2025-03-05 13:20:50.964315',NULL,1,'','Uwimbabazi Hope',1);
INSERT INTO `property` VALUES (1303,'LABAN ESTATE ','Nyakakoni A RUkindo,nyakayojo mbarara City ',149,13,'Residential',NULL,30,NULL,'collected',NULL,4,5000,NULL,NULL,NULL,NULL,NULL,NULL,NULL,NULL,NULL,NULL,NULL,NULL,NULL,NULL,NULL,NULL,'Electricity','','','','','','','','',5000,NULL,NULL,NULL,20,'MUHANGUZI','LABAN','',NULL,NULL,NULL,NULL,NULL,'',NULL,'','<p><i>Single residential room</i></p>','property/1303_cSjiR.png,property/1303_ZS3TV.png',NULL,'2025-04-14 08:59:57.112202',NULL,1,'','TURYAHEBWA RODGERS',1);
INSERT INTO `property` VALUES (1304,'DAMASCENE ESTATE ','Kakungulu link3,nkokonjeru, mbarara city north, mbarara city ',150,13,'Residential',NULL,30,NULL,'collected',NULL,NULL,NULL,NULL,NULL,NULL,NULL,NULL,NULL,NULL,NULL,NULL,NULL,NULL,NULL,NULL,NULL,NULL,NULL,'','','','','','','','','',0,NULL,NULL,NULL,10.5,'Niyonsenga','Damascene','',NULL,NULL,NULL,NULL,NULL,'',NULL,'','<p>Two residential houses&nbsp;</p>','property/1304_2qHSn.jpg',NULL,'2025-05-08 07:40:24.278386',NULL,1,'','crane',1);
INSERT INTO `property` VALUES (1305,'Justus estates ','Rwemirinzi cell, Katete ward, Nyamitanga division, Mbarara municipality ',151,8,'Mixed Building',NULL,30,NULL,'collected',NULL,NULL,NULL,NULL,NULL,NULL,NULL,NULL,NULL,NULL,NULL,NULL,NULL,NULL,NULL,NULL,NULL,NULL,NULL,'','','','','','','','','',0,NULL,NULL,NULL,20,'MUGISHA','JUSTUS','',NULL,NULL,NULL,NULL,NULL,'',NULL,'','<p>This is a property for MUGISHA Justus&nbsp;</p>','property/1305_CbExB.jpg',NULL,'2025-06-09 06:10:36.733784',NULL,1,'','Uwimbabazi Hope',1);
INSERT INTO `property` VALUES (1306,'Kintu Rwizi 2','Rwizi cell, Ruti, ',147,13,'Residential',NULL,30,NULL,'collected',NULL,NULL,NULL,NULL,NULL,NULL,NULL,NULL,NULL,NULL,NULL,NULL,NULL,NULL,NULL,NULL,NULL,NULL,NULL,'','','','','','','','','',0,NULL,NULL,NULL,15,'Kintu','Kayiwa','',NULL,NULL,NULL,NULL,NULL,'',NULL,'','<p>This property is owned by kintu Abdu Kayiwa&nbsp;</p>','property/1306_juKeT.jpg',NULL,'2025-06-10 07:15:11.136025',NULL,1,'','Uwimbabazi Hope',1);
INSERT INTO `property` VALUES (1307,'JUSTUS PROPERTY','Rwemirinzi cell, Katete ward, Nyamitanga division, Mbarara municipality ',151,13,'Residential',NULL,30,NULL,'collected',NULL,NULL,NULL,NULL,NULL,NULL,NULL,NULL,NULL,NULL,NULL,NULL,NULL,NULL,NULL,NULL,NULL,NULL,NULL,'','','','','','','','','',0,NULL,NULL,NULL,20,'MUGISHA','JUSTUS','',NULL,NULL,NULL,NULL,NULL,'',NULL,'','<p>This is MUGISHA Justus\'s property&nbsp;</p>','property/1307_487FT.jpg',NULL,'2025-06-26 07:03:19.288262',NULL,1,'','Uwimbabazi Hope',1);
INSERT INTO `property` VALUES (1308,'NAYEBARE ESTATES','Rubiri cell, nyamityobora, kakoba, Mbarara city south ',153,8,'Mixed Building',NULL,30,NULL,'collected',NULL,NULL,NULL,NULL,NULL,NULL,NULL,NULL,NULL,NULL,NULL,NULL,NULL,NULL,NULL,NULL,NULL,NULL,NULL,'','','','','','','','','',0,NULL,NULL,NULL,20,'NAYEBARE','FORTUNATE','',NULL,NULL,NULL,NULL,NULL,'',NULL,'','<p>This is NAYEBARE fortunate\'s property&nbsp;</p>','property/1308_6RDZE.jpg',NULL,'2025-06-26 07:22:52.117799',NULL,1,'','Uwimbabazi Hope',1);
DELIMITER ;;
/*!50003 CREATE*/ /*!50017 DEFINER=`estatesmanager`@`localhost`*/ /*!50003 TRIGGER `update_tenants_arrears` BEFORE UPDATE ON `property` FOR EACH ROW BEGIN
   IF NEW.arrears <> OLD.arrears THEN
        UPDATE tenants
        SET arrears = NEW.arrears
        WHERE property = NEW.id;
    END IF; 
END */;;
DELIMITER ;
DELIMITER ;;
/*!50003 CREATE*/ /*!50017 DEFINER=`estatesmanager`@`localhost`*/ /*!50003 TRIGGER `update_tenants_collection` BEFORE UPDATE ON `property` FOR EACH ROW BEGIN
    IF NEW.fixedFees <> OLD.fixedFees THEN
        UPDATE tenants
        SET perccollect = NEW.fixedFees
        WHERE property = NEW.id;
    END IF;
END */;;
DELIMITER ;

--
-- Table structure for table `propertyhouses`
--

CREATE TABLE `propertyhouses` (
  `id` int(11) NOT NULL AUTO_INCREMENT,
  `code` int(11) NOT NULL,
  `property_name` varchar(200) NOT NULL,
  `location` varchar(200) NOT NULL,
  `type` varchar(200) NOT NULL,
  `description` longtext NOT NULL,
  `cover` varchar(1500) DEFAULT NULL,
  `imageFile` varchar(1500) DEFAULT NULL,
  `unit` varchar(200) NOT NULL,
  `property` int(11) NOT NULL,
  `unityname` int(11) NOT NULL,
  `mode` varchar(200) NOT NULL,
  `bedrooms` varchar(200) DEFAULT NULL,
  `bethrooms` varchar(200) DEFAULT NULL,
  `kithen` varchar(200) DEFAULT NULL,
  `sitting` varchar(200) DEFAULT NULL,
  `dining` varchar(200) DEFAULT NULL,
  `garage` varchar(200) DEFAULT NULL,
  `amenties` mediumtext DEFAULT NULL,
  `date` timestamp(6) NOT NULL DEFAULT current_timestamp(6) ON UPDATE current_timestamp(6),
  PRIMARY KEY (`id`),
  KEY `property` (`property`),
  KEY `unityname` (`unityname`),
  CONSTRAINT `propertyhouses_ibfk_1` FOREIGN KEY (`property`) REFERENCES `property` (`id`) ON DELETE CASCADE ON UPDATE CASCADE,
  CONSTRAINT `propertyhouses_ibfk_2` FOREIGN KEY (`unityname`) REFERENCES `propertyunit` (`id`) ON DELETE CASCADE ON UPDATE CASCADE
) ENGINE=InnoDB DEFAULT CHARSET=utf8mb4 COLLATE=utf8mb4_general_ci;

--
-- Dumping data for table `propertyhouses`
--


--
-- Table structure for table `propertypes`
--

CREATE TABLE `propertypes` (
  `id` int(12) NOT NULL AUTO_INCREMENT,
  `date` int(6) DEFAULT current_timestamp(),
  PRIMARY KEY (`id`)
) ENGINE=InnoDB DEFAULT CHARSET=utf8mb4 COLLATE=utf8mb4_general_ci;

--
-- Dumping data for table `propertypes`
--


--
-- Table structure for table `propertytype`
--

CREATE TABLE `propertytype` (
  `id` int(15) NOT NULL AUTO_INCREMENT,
  `name` varchar(100) NOT NULL,
  `description` longtext DEFAULT NULL,
  PRIMARY KEY (`id`)
) ENGINE=InnoDB AUTO_INCREMENT=15 DEFAULT CHARSET=utf8mb4 COLLATE=utf8mb4_general_ci;

--
-- Dumping data for table `propertytype`
--

INSERT INTO `propertytype` VALUES (3,'shop','Shop');
INSERT INTO `propertytype` VALUES (4,'apartment','Apartment');
INSERT INTO `propertytype` VALUES (8,'Mixed Building','Commercial and Hotel Rooms');
INSERT INTO `propertytype` VALUES (9,'Commercial building','Commercial shops and offices');
INSERT INTO `propertytype` VALUES (10,'Hostel','hostel');
INSERT INTO `propertytype` VALUES (11,'Leisure','Leisure Place');
INSERT INTO `propertytype` VALUES (12,'others','others');
INSERT INTO `propertytype` VALUES (13,'Residential','Residential ');

--
-- Table structure for table `propertyunit`
--

CREATE TABLE `propertyunit` (
  `id` int(11) NOT NULL AUTO_INCREMENT,
  `seleunit` varchar(255) NOT NULL,
  `unitname` varchar(255) DEFAULT NULL,
  `unitfloor` varchar(80) DEFAULT NULL,
  `rentamount` int(11) DEFAULT NULL,
  `unittype` varchar(300) DEFAULT NULL,
  `bed` int(11) DEFAULT NULL,
  `bath` int(11) DEFAULT NULL,
  `totalrooms` int(11) DEFAULT NULL,
  `squarerooms` varchar(300) DEFAULT NULL,
  `kitchen` varchar(100) DEFAULT NULL,
  `sittingRoom` varchar(100) DEFAULT NULL,
  `dinningRoom` varchar(100) DEFAULT NULL,
  `garage` varchar(100) DEFAULT NULL,
  `amenties` varchar(2000) DEFAULT NULL,
  `unitstatus` int(11) DEFAULT NULL,
  `active` int(11) NOT NULL,
  `property_id` int(11) NOT NULL,
  `date` timestamp(6) NOT NULL DEFAULT current_timestamp(6),
  `user_id` int(11) DEFAULT NULL,
  `branch_id` int(11) NOT NULL,
  PRIMARY KEY (`id`),
  KEY `propertyunit_ibfk_1` (`property_id`),
  KEY `user_id` (`user_id`),
  CONSTRAINT `propertyunit_ibfk_1` FOREIGN KEY (`property_id`) REFERENCES `property` (`id`),
  CONSTRAINT `propertyunit_ibfk_2` FOREIGN KEY (`user_id`) REFERENCES `user` (`id`)
) ENGINE=InnoDB AUTO_INCREMENT=2469 DEFAULT CHARSET=utf8mb4 COLLATE=utf8mb4_general_ci;

--
-- Dumping data for table `propertyunit`
--

INSERT INTO `propertyunit` VALUES (787,'residential','RM1','Ground',60000,'Single',1,0,0,'','','','','','',1,1,1160,'2024-01-13 08:27:08.122911',130,0);
INSERT INTO `propertyunit` VALUES (788,'residential','RM2','Ground',50000,'Single',1,0,0,'','','','','',NULL,0,0,1160,'2024-01-13 08:27:08.125209',NULL,0);
INSERT INTO `propertyunit` VALUES (789,'residential','RM3','Ground',60000,'Single',1,0,0,'','','','','','',1,0,1160,'2024-01-13 08:27:08.128661',NULL,0);
INSERT INTO `propertyunit` VALUES (790,'residential','RM4','Ground',60000,'Single',1,0,0,'','','','','','',0,0,1160,'2024-01-13 08:27:08.130847',NULL,0);
INSERT INTO `propertyunit` VALUES (791,'residential','RM5','Ground',60000,'Single',1,0,0,'','','','','','',1,0,1160,'2024-01-13 08:27:08.133113',NULL,0);
INSERT INTO `propertyunit` VALUES (792,'residential','RM9','Ground',60000,'Single',1,0,0,'','','','','','',1,0,1160,'2024-01-13 08:27:08.135119',NULL,0);
INSERT INTO `propertyunit` VALUES (793,'residential','RM7','Ground',60000,'Single',1,0,0,'','','','','','',1,0,1160,'2024-01-13 08:27:08.137204',NULL,0);
INSERT INTO `propertyunit` VALUES (794,'residential','RM8','Ground',60000,'Single',1,0,0,'','','','','','',0,0,1160,'2024-01-13 08:27:08.139460',NULL,0);
INSERT INTO `propertyunit` VALUES (795,'residential','RM6','Ground',60000,'Single',1,0,0,'','','','','','',0,0,1160,'2024-01-13 08:27:08.141779',NULL,0);
INSERT INTO `propertyunit` VALUES (796,'residential','RM10','Ground',60000,'Single',1,0,0,'','','','','','',0,0,1160,'2024-01-13 08:27:08.144349',NULL,0);
INSERT INTO `propertyunit` VALUES (797,'residential','RM11','Ground',60000,'Single',1,0,0,'','','','','',NULL,0,0,1160,'2024-01-13 08:27:08.146881',NULL,0);
INSERT INTO `propertyunit` VALUES (798,'residential','RM12','Ground',60000,'Single',1,0,0,'','','','','','',0,0,1160,'2024-01-13 08:27:08.149212',NULL,0);
INSERT INTO `propertyunit` VALUES (799,'residential','RM13','Ground',60000,'Single',1,0,0,'','','','','','',0,0,1160,'2024-01-13 08:27:08.151341',NULL,0);
INSERT INTO `propertyunit` VALUES (800,'residential','RM14','Ground',60000,'Single',1,0,0,'','','','','','',1,0,1160,'2024-01-13 08:27:08.153537',NULL,0);
INSERT INTO `propertyunit` VALUES (801,'residential','RM15','Ground',60000,'Single',1,0,0,'','','','','','',0,0,1160,'2024-01-13 08:27:08.155728',NULL,0);
INSERT INTO `propertyunit` VALUES (802,'residential','RM16','Ground',60000,'Ground',1,0,0,'','','','','','',1,0,1160,'2024-01-13 08:27:08.157890',NULL,0);
INSERT INTO `propertyunit` VALUES (803,'residential','RM17','Ground',60000,'Single',1,0,0,'','','','','','',0,0,1160,'2024-01-13 08:27:08.160057',NULL,0);
INSERT INTO `propertyunit` VALUES (804,'residential','RM18','Ground',60000,'Single',1,0,0,'','','','','','',1,0,1160,'2024-01-13 08:27:08.162226',NULL,0);
INSERT INTO `propertyunit` VALUES (805,'residential','RM19','Ground',60000,'Single',1,0,0,'','','','','','',1,0,1160,'2024-01-13 08:27:08.164341',NULL,0);
INSERT INTO `propertyunit` VALUES (806,'residential','RM20','Ground',60000,'Ground',1,0,0,'','','','','',NULL,1,0,1160,'2024-01-13 08:27:08.166458',NULL,0);
INSERT INTO `propertyunit` VALUES (807,'residential','RM1','Ground',250000,'Double',1,1,3,'','available','available','available','','',0,0,1161,'2024-01-13 10:01:43.768240',138,0);
INSERT INTO `propertyunit` VALUES (808,'residential','RM2','Ground',250000,'Double',1,1,3,'','available','available','available','',NULL,0,0,1161,'2024-01-13 10:01:43.770442',NULL,0);
INSERT INTO `propertyunit` VALUES (809,'residential','RM3','Ground',250000,'Double',1,1,3,'','available','available','available','','',0,0,1161,'2024-01-13 10:01:43.772030',NULL,0);
INSERT INTO `propertyunit` VALUES (810,'residential','RM4','Ground',250000,'Double',1,1,3,'','available','available','available','',NULL,1,0,1161,'2024-01-13 10:01:43.773562',NULL,0);
INSERT INTO `propertyunit` VALUES (811,'residential','RM5','Ground',250000,'Ground',1,1,3,'','available','available','available','',NULL,1,0,1161,'2024-01-13 10:01:43.775092',NULL,0);
INSERT INTO `propertyunit` VALUES (812,'commercial','CH1','Ground Floor',150000,'Double',1,0,2,'','','','','','',0,0,1162,'2024-01-16 07:06:34.939302',128,0);
INSERT INTO `propertyunit` VALUES (813,'commercial','CH3','Ground Floor',150000,'Double',0,0,0,'','','','','','',1,1,1162,'2024-01-16 08:03:24.393821',NULL,0);
INSERT INTO `propertyunit` VALUES (814,'commercial','CH2','Ground Floor',150000,'Double',0,0,0,'','','','','','',1,1,1162,'2024-01-16 08:03:24.395529',NULL,0);
INSERT INTO `propertyunit` VALUES (815,'commercial','CH4','Ground Floor',70000,'Double',0,0,0,'','','','','','',0,0,1162,'2024-01-16 08:03:24.397019',NULL,0);
INSERT INTO `propertyunit` VALUES (817,'commercial','CH5','Ground Floor',120000,'Double',0,0,0,'','','','','','',1,1,1162,'2024-01-16 08:03:24.402545',NULL,0);
INSERT INTO `propertyunit` VALUES (818,'residential','RM1','Ground Floor',70000,'SINGLE',0,0,0,'','','','','','',1,1,1162,'2024-01-16 08:03:24.404253',NULL,0);
INSERT INTO `propertyunit` VALUES (819,'residential','RM2','Ground Floor',70000,'Single',0,0,0,'','','','','','',0,0,1162,'2024-01-16 08:03:24.405914',NULL,0);
INSERT INTO `propertyunit` VALUES (820,'residential','RM3','Ground Floor',70000,'Single',0,0,0,'','','','','','',0,0,1162,'2024-01-16 08:03:24.407514',NULL,0);
INSERT INTO `propertyunit` VALUES (821,'residential','RM4','Ground Floor',60000,'Single',0,0,0,'','','','','','',0,0,1162,'2024-01-16 08:03:24.409074',NULL,0);
INSERT INTO `propertyunit` VALUES (822,'residential','RM5','Ground Floor',70000,'SINGLE',0,0,0,'','','','','','',1,1,1162,'2024-01-16 08:03:24.410717',NULL,0);
INSERT INTO `propertyunit` VALUES (823,'residential','RM6','Ground Floor',60000,'Single',0,0,0,'','','','','','',1,1,1162,'2024-01-16 08:03:24.412342',NULL,0);
INSERT INTO `propertyunit` VALUES (824,'residential','RM7','Ground Floor',70000,'Single',0,0,0,'','','','','','',0,0,1162,'2024-01-16 08:03:24.413893',NULL,0);
INSERT INTO `propertyunit` VALUES (825,'residential','RM8','Groung Floor',70000,'Single',0,0,0,'','','','','','',1,1,1162,'2024-01-16 08:03:24.415536',NULL,0);
INSERT INTO `propertyunit` VALUES (826,'residential','RM9','GROUND',70000,'SINGLE',0,0,0,'','','','','','',1,1,1162,'2024-01-16 08:03:24.417198',NULL,0);
INSERT INTO `propertyunit` VALUES (827,'residential','RM10','GROUND',70000,'SINGLE',0,0,0,'','','','','','',0,0,1162,'2024-01-16 08:03:24.418900',NULL,0);
INSERT INTO `propertyunit` VALUES (828,'residential','RM11','GROUND',70000,'SINGLE',0,0,0,'','','','','','',1,1,1162,'2024-01-16 08:03:24.420552',NULL,0);
INSERT INTO `propertyunit` VALUES (829,'residential','RM12','GROUND',70000,'SINGLE',0,0,0,'','','','','','',0,0,1162,'2024-01-16 08:03:24.422175',NULL,0);
INSERT INTO `propertyunit` VALUES (831,'residential','RM13','GROUND',60000,'SINGLE',0,0,0,'','','','','','',1,0,1162,'2024-01-16 08:03:24.425401',NULL,0);
INSERT INTO `propertyunit` VALUES (832,'residential','U001','Ground',200000,'Double',1,1,2,'','','available','','','',0,0,1163,'2024-01-18 06:49:56.011774',NULL,0);
INSERT INTO `propertyunit` VALUES (833,'residential','U002','Ground',200000,'Double',1,1,2,'','','available','','',NULL,0,0,1163,'2024-01-18 06:49:56.014083',NULL,0);
INSERT INTO `propertyunit` VALUES (834,'residential','U003','Ground',200000,'Double',1,1,2,'','','available','','','',1,0,1163,'2024-01-18 06:49:56.015737',NULL,0);
INSERT INTO `propertyunit` VALUES (835,'residential','GROUND','U004',200000,'U004',1,1,2,'','','','','','',0,0,1163,'2024-01-18 06:49:56.017425',NULL,0);
INSERT INTO `propertyunit` VALUES (836,'residential','U005','Ground',200000,'Double',1,1,2,'','','available','','',NULL,1,0,1163,'2024-01-18 06:49:56.019084',NULL,0);
INSERT INTO `propertyunit` VALUES (837,'residential','U006','Ground',200000,'Double',1,1,2,'','','available','','',NULL,0,0,1163,'2024-01-18 06:49:56.020743',NULL,0);
INSERT INTO `propertyunit` VALUES (838,'residential','U007','Ground',200000,'Double',1,1,2,'','','available','','',NULL,1,0,1163,'2024-01-18 06:49:56.022590',NULL,0);
INSERT INTO `propertyunit` VALUES (839,'residential','L001','Ground',200000,'Double',1,1,2,'','','available','','',NULL,0,0,1163,'2024-01-18 06:49:56.026059',NULL,0);
INSERT INTO `propertyunit` VALUES (840,'residential','L002','Ground',200000,'Ground',1,1,2,'','','available','','',NULL,0,0,1163,'2024-01-18 06:49:56.027784',NULL,0);
INSERT INTO `propertyunit` VALUES (841,'residential','L003','Ground',200000,'Ground',1,1,2,'','','available','','',NULL,0,0,1163,'2024-01-18 06:49:56.029531',NULL,0);
INSERT INTO `propertyunit` VALUES (842,'residential','L004','Ground',200000,'Double',1,1,2,'','','available','','',NULL,0,0,1163,'2024-01-18 06:49:56.031229',NULL,0);
INSERT INTO `propertyunit` VALUES (843,'residential','L005','Ground',200000,'Double',1,1,2,'','','available','','',NULL,1,1,1163,'2024-01-18 06:49:56.032984',NULL,0);
INSERT INTO `propertyunit` VALUES (844,'residential','L006','Ground',200000,'Double',1,1,2,'','','available','','',NULL,0,0,1163,'2024-01-18 06:49:56.034751',NULL,0);
INSERT INTO `propertyunit` VALUES (845,'residential','L007','Ground',200000,'Double',1,1,2,'','','available','','','',0,0,1163,'2024-01-18 06:49:56.036553',NULL,0);
INSERT INTO `propertyunit` VALUES (846,'commercial','CH1','GROUND FLOOR',150000,'DOUBLE',1,0,2,'','not_available','not_available','not_available','not_available',NULL,0,0,1164,'2024-01-18 08:12:46.873648',141,0);
INSERT INTO `propertyunit` VALUES (847,'commercial','CH2','GROUND FLOOR',150000,'DOUBLE',1,0,2,'','not_available','not_available','not_available','not_available',NULL,0,0,1164,'2024-01-18 08:12:46.874780',NULL,0);
INSERT INTO `propertyunit` VALUES (848,'commercial','CH3','GROUND FLOOR',150000,'DOUBLE',1,0,2,'','not_available','not_available','not_available','not_available',NULL,0,0,1164,'2024-01-18 08:12:46.875880',NULL,0);
INSERT INTO `propertyunit` VALUES (849,'residential','ROOM1','GROUND FLOOR',200000,'DOUBLE',1,1,3,'','not_available','available','not_available','not_available',NULL,0,0,1164,'2024-01-18 08:12:46.877003',NULL,0);
INSERT INTO `propertyunit` VALUES (850,'residential','ROOM2','GROUND',200000,'DOUBLE',1,1,3,'','not_available','available','not_available','not_available',NULL,1,0,1164,'2024-01-18 08:12:46.878160',NULL,0);
INSERT INTO `propertyunit` VALUES (851,'residential','ROOM3','GROUND',200000,'DOUBLE',1,1,3,'','not_available','available','not_available','not_available',NULL,0,0,1164,'2024-01-18 08:12:46.879384',NULL,0);
INSERT INTO `propertyunit` VALUES (852,'residential','ROOM4','GROUND',200000,'DOUBLE',1,1,3,'','not_available','available','not_available','not_available',NULL,0,0,1164,'2024-01-18 08:12:46.880884',NULL,0);
INSERT INTO `propertyunit` VALUES (853,'residential','HOUSE1','GROUND',300000,'DUPLEX',2,1,4,'','available','available','','',NULL,1,0,1165,'2024-01-18 08:19:24.480954',142,0);
INSERT INTO `propertyunit` VALUES (854,'residential','HOUSE2','GROUND',300000,'DUPLEX',2,1,4,'','available','available','','',NULL,0,0,1165,'2024-01-18 08:19:24.482950',NULL,0);
INSERT INTO `propertyunit` VALUES (855,'residential','HOUSE3','GROUND',300000,'DUPLEX',2,1,4,'','available','available','','',NULL,1,0,1165,'2024-01-18 08:19:24.484942',NULL,0);
INSERT INTO `propertyunit` VALUES (856,'residential','HOUSE4','GROUND',300000,'DUPLEX',2,1,4,'','available','available','','',NULL,1,0,1165,'2024-01-18 08:19:24.486880',NULL,0);
INSERT INTO `propertyunit` VALUES (857,'commercial','HOUSE5','GROUND',200000,'DOUBLE',1,0,2,'','not_available','not_available','not_available','',NULL,1,0,1165,'2024-01-18 08:19:24.488857',NULL,0);
INSERT INTO `propertyunit` VALUES (858,'commercial','HOUSE6','GROUND',200000,'DOUBLE',1,0,2,'','not_available','not_available','','','',1,0,1165,'2024-01-18 08:19:24.491008',NULL,0);
INSERT INTO `propertyunit` VALUES (859,'commercial','HOUSE7','GROUND',200000,'DOUBLE',1,0,0,'','not_available','not_available','','','',0,0,1165,'2024-01-18 08:19:24.493131',NULL,0);
INSERT INTO `propertyunit` VALUES (860,'commercial','CH1','Ground',70000,'Double',1,0,2,'','','','','','',0,0,1166,'2024-01-18 09:49:47.550145',143,0);
INSERT INTO `propertyunit` VALUES (861,'commercial','CH2 FRONT','Ground',70000,'Double',1,0,2,'','','','','',NULL,0,0,1166,'2024-01-18 09:49:47.552913',NULL,0);
INSERT INTO `propertyunit` VALUES (862,'commercial','CH2 BEHIND','Ground',70000,'Double',1,0,2,'','','','','',NULL,1,0,1166,'2024-01-18 09:49:47.555218',NULL,0);
INSERT INTO `propertyunit` VALUES (863,'commercial','CH3 FRONT','Ground',70000,'Double',1,0,2,'','','','','',NULL,0,0,1166,'2024-01-18 09:49:47.557738',NULL,0);
INSERT INTO `propertyunit` VALUES (864,'commercial','CH3 BEHIND','Ground',70000,'Double',1,0,2,'','','','','',NULL,0,0,1166,'2024-01-18 09:49:47.560033',NULL,0);
INSERT INTO `propertyunit` VALUES (865,'commercial','CH4 FRONT','Ground',70000,'Double',1,0,2,'','','','','',NULL,1,0,1166,'2024-01-18 09:49:47.562335',NULL,0);
INSERT INTO `propertyunit` VALUES (866,'commercial','CH4 BEHIND','Ground',70000,'Double',1,0,2,'','','','','',NULL,0,0,1166,'2024-01-18 09:49:47.564786',NULL,0);
INSERT INTO `propertyunit` VALUES (867,'commercial','CH5 FRONT','Ground',70000,'Double',1,0,2,'','','','','',NULL,0,0,1166,'2024-01-18 09:49:47.567129',NULL,0);
INSERT INTO `propertyunit` VALUES (868,'commercial','CH5 BEHIND','Ground',70000,'Double',1,0,2,'','','','','',NULL,0,0,1166,'2024-01-18 09:49:47.571956',NULL,0);
INSERT INTO `propertyunit` VALUES (869,'residential','RM1','Ground',100000,'Single',1,0,2,'','','','','',NULL,0,0,1166,'2024-01-18 09:49:47.574371',NULL,0);
INSERT INTO `propertyunit` VALUES (870,'residential','RM2','Ground',80000,'Single',1,0,2,'','','','','',NULL,0,0,1166,'2024-01-18 09:49:47.576591',NULL,0);
INSERT INTO `propertyunit` VALUES (871,'residential','RM3','Ground',100000,'Single',1,0,2,'','','','','',NULL,0,0,1166,'2024-01-18 09:49:47.578604',NULL,0);
INSERT INTO `propertyunit` VALUES (872,'residential','RM4','Ground',80000,'Ground',1,0,2,'','','','','',NULL,1,0,1166,'2024-01-18 09:49:47.580795',NULL,0);
INSERT INTO `propertyunit` VALUES (873,'residential','RM5','Ground',80000,'Single',1,0,2,'','','','','',NULL,0,0,1166,'2024-01-18 09:49:47.583279',NULL,0);
INSERT INTO `propertyunit` VALUES (874,'residential','RM6','Ground',100000,'Single',1,0,2,'','','','','',NULL,0,0,1166,'2024-01-18 09:49:47.585364',NULL,0);
INSERT INTO `propertyunit` VALUES (875,'residential','RM7','Ground',80000,'Ground',1,0,2,'','','','','',NULL,0,0,1166,'2024-01-18 09:49:47.587576',NULL,0);
INSERT INTO `propertyunit` VALUES (876,'residential','RM8','Single',80000,'Single',1,0,2,'','','','','',NULL,1,0,1166,'2024-01-18 09:49:47.589594',NULL,0);
INSERT INTO `propertyunit` VALUES (877,'residential','RM9','Ground',80000,'Single',1,0,2,'','','','','',NULL,1,1,1166,'2024-01-18 09:49:47.591648',NULL,0);
INSERT INTO `propertyunit` VALUES (878,'residential','RM10','Ground',100000,'Double',1,0,2,'','','','','',NULL,1,0,1166,'2024-01-18 09:49:47.593888',NULL,0);
INSERT INTO `propertyunit` VALUES (879,'residential','ROOM1','GROUND FLOOR',100000,'DOUBLE',1,1,4,'','available','available','not_available','not_available','',0,0,1167,'2024-01-18 09:50:18.921923',144,0);
INSERT INTO `propertyunit` VALUES (880,'residential','ROOM2','GROUND FLOOR',165000,'DOUBLE',1,1,4,'','available','available','not_available','not_available',NULL,1,0,1167,'2024-01-18 09:59:15.303460',NULL,0);
INSERT INTO `propertyunit` VALUES (881,'residential','ROOM4','GROUND FLOOR',165000,'DOUBLE',1,1,4,'','','','not_available','','',0,0,1167,'2024-01-18 09:59:15.306327',NULL,0);
INSERT INTO `propertyunit` VALUES (882,'residential','ROOM3','GROUND FLOOR',165000,'DOUBLE',1,1,4,'','','','not_available','not_available','',1,0,1167,'2024-01-18 09:59:15.309006',NULL,0);
INSERT INTO `propertyunit` VALUES (883,'residential','ROOM5','GROUND FLOOR',150000,'DOUBLE',1,1,4,'','available','available','not_available','not_available','',0,0,1167,'2024-01-18 09:59:15.311766',NULL,0);
INSERT INTO `propertyunit` VALUES (884,'residential','ROOM6','GROUND',165000,'DOUBLE',1,1,4,'','available','available','not_available','not_available',NULL,1,0,1167,'2024-01-18 09:59:15.314341',NULL,0);
INSERT INTO `propertyunit` VALUES (885,'residential','ROOM7','GROUND',120000,'DOUBLE',1,1,4,'','available','available','not_available','not_available','',0,0,1167,'2024-01-18 09:59:15.316856',NULL,0);
INSERT INTO `propertyunit` VALUES (886,'residential','ROOM8','GROUND',120000,'DOUBLE',1,1,4,'','available','available','not_available','not_available','',0,0,1167,'2024-01-18 09:59:15.319388',NULL,0);
INSERT INTO `propertyunit` VALUES (887,'residential','ROOM9','GROUND',150000,'DOUBLE',1,1,4,'','available','available','not_available','not_available','',0,0,1167,'2024-01-18 09:59:15.321842',NULL,0);
INSERT INTO `propertyunit` VALUES (888,'residential','ROOM10','GROUND',165000,'DOUBLE',1,1,4,'','available','available','not_available','not_available','',0,0,1167,'2024-01-18 09:59:15.324686',NULL,0);
INSERT INTO `propertyunit` VALUES (889,'residential','ROOM11','GROUND',150000,'Single',1,1,4,'','available','available','not_available','not_available','',0,0,1167,'2024-01-18 09:59:15.327263',NULL,0);
INSERT INTO `propertyunit` VALUES (890,'residential','ROOM12','GROUND',150000,'DOUBLE',1,1,4,'','available','available','not_available','not_available','',0,0,1167,'2024-01-18 09:59:15.330110',NULL,0);
INSERT INTO `propertyunit` VALUES (891,'residential','HOUSE1','GROUND',100000,'SINGLE',1,1,2,'','available','','','',NULL,1,0,1168,'2024-01-18 11:11:34.638631',145,0);
INSERT INTO `propertyunit` VALUES (892,'residential','HOUSE2','GROUND',100000,'SINGLE',1,1,2,'','available','','','',NULL,1,0,1168,'2024-01-18 11:11:34.647861',NULL,0);
INSERT INTO `propertyunit` VALUES (893,'residential','HOUSE3','GROUND',100000,'SINGLE',1,1,2,'','available','','','',NULL,0,0,1168,'2024-01-18 11:11:34.651396',NULL,0);
INSERT INTO `propertyunit` VALUES (894,'residential','HOUSE4','GROUND',100000,'SINGLE',1,1,2,'','available','','','',NULL,0,0,1168,'2024-01-18 11:11:34.655082',NULL,0);
INSERT INTO `propertyunit` VALUES (895,'residential','HOUSE5','GROUND',100000,'SINGLE',1,10,2,'','available','','','',NULL,0,0,1168,'2024-01-18 11:11:34.658351',NULL,0);
INSERT INTO `propertyunit` VALUES (896,'residential','HOUSE6','GROUND',100000,'SINGLE',1,1,2,'','available','','','',NULL,1,0,1168,'2024-01-18 11:11:34.661917',NULL,0);
INSERT INTO `propertyunit` VALUES (897,'residential','HOUSE2','GROUND',250000,'DUPLEX',2,1,4,'','available','available','not_available','','',0,0,1169,'2024-01-19 07:41:28.057682',146,0);
INSERT INTO `propertyunit` VALUES (898,'residential','HOUSE1','GROUND',200000,'DUPLEX',2,1,4,'','','','not_available','','',1,0,1169,'2024-01-19 07:41:28.060263',NULL,0);
INSERT INTO `propertyunit` VALUES (899,'residential','HOUSE3','',250000,'DUPLEX',2,1,4,'','available','available','not_available','',NULL,0,0,1169,'2024-01-19 07:41:28.062370',NULL,0);
INSERT INTO `propertyunit` VALUES (900,'residential','HOUSE4','GROUND',100000,'SINGLE',1,1,2,'','not_available','not_available','not_available','',NULL,0,0,1169,'2024-01-19 07:41:28.064392',NULL,0);
INSERT INTO `propertyunit` VALUES (901,'residential','HOUSE5','GROUND',250000,'DUPLEX',2,1,4,'','available','available','','',NULL,1,0,1169,'2024-01-19 07:41:28.066407',NULL,0);
INSERT INTO `propertyunit` VALUES (902,'residential','HOUSE6','GROUND',250000,'DUPLEX',2,1,4,'','available','available','not_available','not_available',NULL,1,0,1169,'2024-01-19 07:41:28.068423',NULL,0);
INSERT INTO `propertyunit` VALUES (903,'residential','HOUSE7','GROUND',200000,'DUPLEX',2,1,4,'','available','available','not_available','not_available',NULL,1,0,1169,'2024-01-19 07:41:28.070461',NULL,0);
INSERT INTO `propertyunit` VALUES (904,'residential','HOUSE8','GROUND',200000,'DOUBLE',1,1,3,'','available','available','not_available','not_available','',0,0,1169,'2024-01-19 07:41:28.072468',NULL,0);
INSERT INTO `propertyunit` VALUES (905,'residential','HOUSE9','GROUND',200000,'DOUBLE',1,1,3,'','','','not_available','not_available','',1,0,1169,'2024-01-19 07:41:28.074491',NULL,0);
INSERT INTO `propertyunit` VALUES (906,'residential','HOUSE10','GROUND',200000,'DOUBLE',1,1,3,'','available','available','','','',0,0,1169,'2024-01-19 07:41:28.076493',NULL,0);
INSERT INTO `propertyunit` VALUES (907,'residential','HOUSE11','GROUND',100000,'SINGLE',1,1,2,'','not_available','not_available','not_available','not_available',NULL,0,0,1169,'2024-01-19 07:41:28.078560',NULL,0);
INSERT INTO `propertyunit` VALUES (908,'residential','HOUSE12','GROUND',180000,'DOUBLE',1,1,3,'','available','available','','',NULL,1,0,1169,'2024-01-19 07:41:28.080701',NULL,0);
INSERT INTO `propertyunit` VALUES (909,'residential','HOUSE13','GROUND',250000,'DUPLEX',2,1,4,'','available','available','','',NULL,1,0,1169,'2024-01-19 07:41:28.084866',NULL,0);
INSERT INTO `propertyunit` VALUES (910,'residential','HOUSE14','GROUND',230000,'DUPLEX',2,1,4,'','available','available','','',NULL,0,0,1169,'2024-01-19 07:41:28.086914',NULL,0);
INSERT INTO `propertyunit` VALUES (911,'residential','HOUSE15','GROUND',180000,'DOUBLE',1,1,3,'','available','available','not_available','',NULL,1,1,1169,'2024-01-19 07:41:28.088966',NULL,0);
INSERT INTO `propertyunit` VALUES (912,'residential','HOUSE16','GROUND',180000,'DOUBLE',1,1,3,'','available','available','not_available','',NULL,1,0,1169,'2024-01-19 07:41:28.090982',NULL,0);
INSERT INTO `propertyunit` VALUES (938,'residential','RM1','',150000,'DOUBLE',0,0,0,'','','','','',NULL,1,0,1171,'2024-01-19 12:24:15.853388',147,0);
INSERT INTO `propertyunit` VALUES (939,'residential','RM2','',150000,'DOUBLE',0,0,0,'','','','','','',0,0,1171,'2024-01-19 12:24:15.855619',NULL,0);
INSERT INTO `propertyunit` VALUES (940,'residential','RM3','',120000,'DOUBLE',0,0,0,'','','','','',NULL,0,0,1171,'2024-01-19 12:24:15.857852',NULL,0);
INSERT INTO `propertyunit` VALUES (941,'residential','RM4','',70000,'SINGLE',0,0,0,'','','','','',NULL,0,0,1171,'2024-01-19 12:24:15.860119',NULL,0);
INSERT INTO `propertyunit` VALUES (942,'residential','RM5','',80000,'SINGLE',0,0,0,'','','','','',NULL,1,1,1171,'2024-01-19 12:24:15.862367',NULL,0);
INSERT INTO `propertyunit` VALUES (943,'residential','RM6','',80000,'SINGLE',0,0,0,'','','','','',NULL,0,0,1171,'2024-01-19 12:24:15.864574',NULL,0);
INSERT INTO `propertyunit` VALUES (944,'residential','RM7','',70000,'SINGLE',0,0,0,'','','','','',NULL,0,0,1171,'2024-01-19 12:24:15.866792',NULL,0);
INSERT INTO `propertyunit` VALUES (945,'residential','RM8','',70000,'SINGLE',0,0,0,'','','','','',NULL,0,0,1171,'2024-01-19 12:24:15.869003',NULL,0);
INSERT INTO `propertyunit` VALUES (946,'residential','RM9','',70000,'SINGLE',0,0,0,'','','','','',NULL,0,0,1171,'2024-01-19 12:24:15.871362',NULL,0);
INSERT INTO `propertyunit` VALUES (947,'residential','RM10','',70000,'SINGLE',0,0,0,'','','','','',NULL,0,0,1171,'2024-01-19 12:24:15.873577',NULL,0);
INSERT INTO `propertyunit` VALUES (948,'residential','RM11','',80000,'SINGLE',0,0,0,'','','','','',NULL,0,0,1171,'2024-01-19 12:24:15.875822',NULL,0);
INSERT INTO `propertyunit` VALUES (949,'residential','RM12','',100000,'SINGLE',0,0,0,'','','','','',NULL,1,0,1171,'2024-01-19 12:24:15.878023',NULL,0);
INSERT INTO `propertyunit` VALUES (950,'residential','RM13','',100000,'',0,0,0,'','','','','',NULL,0,0,1171,'2024-01-19 12:24:15.880226',NULL,0);
INSERT INTO `propertyunit` VALUES (951,'residential','RM14','',100000,'',0,0,0,'','','','','',NULL,0,0,1171,'2024-01-19 12:24:15.882482',NULL,0);
INSERT INTO `propertyunit` VALUES (952,'residential','RM15','',100000,'SINGLE',0,0,0,'','','','','',NULL,0,0,1171,'2024-01-19 12:24:15.884642',NULL,0);
INSERT INTO `propertyunit` VALUES (953,'residential','RM16','',80000,'SINGLE',0,0,0,'','','','','',NULL,0,0,1171,'2024-01-19 12:24:15.886411',NULL,0);
INSERT INTO `propertyunit` VALUES (954,'residential','RM17','',80000,'SINGLE',0,0,0,'','','','','',NULL,1,0,1171,'2024-01-19 12:24:15.889262',NULL,0);
INSERT INTO `propertyunit` VALUES (955,'residential','RM18','',80000,'SINGLE',0,0,0,'','','','','',NULL,1,0,1171,'2024-01-19 12:24:15.891454',NULL,0);
INSERT INTO `propertyunit` VALUES (956,'residential','RM19','',80000,'SINGLE',0,0,0,'','','','','',NULL,0,0,1171,'2024-01-19 12:24:15.893844',NULL,0);
INSERT INTO `propertyunit` VALUES (957,'residential','RM20','',80000,'SINGLE',0,0,0,'','','','','',NULL,1,0,1171,'2024-01-19 12:24:15.896264',NULL,0);
INSERT INTO `propertyunit` VALUES (958,'residential','RM21','',80000,'SINGLE',0,0,0,'','','','','',NULL,0,0,1171,'2024-01-19 12:24:15.898184',NULL,0);
INSERT INTO `propertyunit` VALUES (959,'residential','RM22','',80000,'SINGLE',0,0,0,'','','','','',NULL,0,0,1171,'2024-01-19 12:24:15.900114',NULL,0);
INSERT INTO `propertyunit` VALUES (960,'residential','RM23','',80000,'SINGLE',0,0,0,'','','','','',NULL,0,0,1171,'2024-01-19 12:24:15.901939',NULL,0);
INSERT INTO `propertyunit` VALUES (961,'residential','RM24','',80000,'SINGLE',0,0,0,'','','','','',NULL,1,1,1171,'2024-01-19 12:24:15.903689',NULL,0);
INSERT INTO `propertyunit` VALUES (962,'residential','RM25','',100000,'SINGLE',0,0,0,'','','','','',NULL,1,1,1171,'2024-01-19 12:24:15.905995',NULL,0);
INSERT INTO `propertyunit` VALUES (963,'residential','RM26','',100000,'SINGLE',0,0,0,'','','','','',NULL,1,0,1171,'2024-01-19 12:24:15.908326',NULL,0);
INSERT INTO `propertyunit` VALUES (964,'residential','RM27','',100000,'SINGLE',0,0,0,'','','','','',NULL,0,0,1171,'2024-01-19 12:24:15.910601',NULL,0);
INSERT INTO `propertyunit` VALUES (965,'residential','RM28','',100000,'SINGLE',0,0,0,'','','','','',NULL,0,0,1171,'2024-01-19 12:24:15.912821',NULL,0);
INSERT INTO `propertyunit` VALUES (966,'residential','RM29','',80000,'SINGLE',0,0,0,'','','','','',NULL,1,0,1171,'2024-01-19 12:24:15.915122',NULL,0);
INSERT INTO `propertyunit` VALUES (967,'residential','RM30','',80000,'SINGLE',0,0,0,'','','','','',NULL,1,0,1171,'2024-01-19 12:24:15.917324',NULL,0);
INSERT INTO `propertyunit` VALUES (968,'residential','RM31','',80000,'SINGLE',0,0,0,'','','','','',NULL,0,0,1171,'2024-01-19 12:24:15.919478',NULL,0);
INSERT INTO `propertyunit` VALUES (969,'residential','RM32','',80000,'SINGLE',0,0,0,'','','','','',NULL,0,0,1171,'2024-01-19 12:24:15.921621',NULL,0);
INSERT INTO `propertyunit` VALUES (970,'residential','RM33','',80000,'SINGLE',0,0,0,'','','','','',NULL,0,0,1171,'2024-01-19 12:24:15.923744',NULL,0);
INSERT INTO `propertyunit` VALUES (971,'residential','RM34','',80000,'SINGLE',0,0,0,'','','','','',NULL,1,0,1171,'2024-01-19 12:24:15.925859',NULL,0);
INSERT INTO `propertyunit` VALUES (972,'residential','RM35','',80000,'SINGLE',0,0,0,'','','','','',NULL,0,0,1171,'2024-01-19 12:24:15.928018',NULL,0);
INSERT INTO `propertyunit` VALUES (973,'residential','RM36','',70000,'SINGLE',0,0,0,'','','','','','',0,0,1171,'2024-01-19 12:24:15.930157',NULL,0);
INSERT INTO `propertyunit` VALUES (974,'residential','RM37','',30000,'SINGLE',0,0,0,'','','','','','',0,0,1171,'2024-01-19 12:24:15.932272',NULL,0);
INSERT INTO `propertyunit` VALUES (975,'residential','RM38','',200000,'DOUBLE',0,0,0,'','','','','','',0,0,1171,'2024-01-19 12:24:15.934403',NULL,0);
INSERT INTO `propertyunit` VALUES (976,'residential','RM39','',170000,'DOUBLE',0,0,0,'','','','','',NULL,0,0,1171,'2024-01-19 12:24:15.936526',NULL,0);
INSERT INTO `propertyunit` VALUES (977,'residential','RM40','',200000,'DOUBLE',0,0,0,'','','','','',NULL,0,0,1171,'2024-01-19 12:24:15.938682',NULL,0);
INSERT INTO `propertyunit` VALUES (978,'commercial','CH1','Ground',150000,'Double',1,0,2,'','','','','',NULL,0,0,1172,'2024-01-26 08:53:35.815377',143,0);
INSERT INTO `propertyunit` VALUES (979,'commercial','CH2','Ground',150000,'Double',1,NULL,2,'','','','','',NULL,0,0,1172,'2024-01-26 08:53:35.817984',NULL,0);
INSERT INTO `propertyunit` VALUES (980,'commercial','CH3','Ground',150000,'Double',1,NULL,2,'','','','','',NULL,0,0,1172,'2024-01-26 08:53:35.820292',NULL,0);
INSERT INTO `propertyunit` VALUES (981,'commercial','CH4','Ground',150000,'Double',1,NULL,2,'','','','','',NULL,1,0,1172,'2024-01-26 08:53:35.822598',NULL,0);
INSERT INTO `propertyunit` VALUES (982,'commercial','CH5','Ground',200000,'Double',1,1,3,'','','available','','',NULL,0,0,1172,'2024-01-26 08:53:35.824625',NULL,0);
INSERT INTO `propertyunit` VALUES (983,'residential','RM1','Ground',120000,'Double',1,1,NULL,'','','','available','','',0,0,1172,'2024-01-26 08:53:35.826549',NULL,0);
INSERT INTO `propertyunit` VALUES (984,'residential','RM2','Ground',120000,'Double',1,1,3,'','','','','','',0,0,1172,'2024-01-26 08:53:35.848517',NULL,0);
INSERT INTO `propertyunit` VALUES (985,'residential','RM3','Ground',120000,'Double',1,1,3,'','','','','','',0,0,1172,'2024-01-26 08:53:35.861353',NULL,0);
INSERT INTO `propertyunit` VALUES (986,'residential','RM4','Ground',100000,'Double',1,1,3,'','','','','','',0,0,1172,'2024-01-26 08:53:35.877211',NULL,0);
INSERT INTO `propertyunit` VALUES (987,'residential','RM5','Ground',120000,'Ground',1,1,3,'','','','','','',1,0,1172,'2024-01-26 08:53:35.892003',NULL,0);
INSERT INTO `propertyunit` VALUES (988,'residential','RM6','Ground',120000,'Double',1,1,3,'','','','','','',0,0,1172,'2024-01-26 08:53:35.903235',NULL,0);
INSERT INTO `propertyunit` VALUES (989,'residential','RM7','Ground',120000,'Double',1,1,3,'','','','','','',0,0,1172,'2024-01-26 08:53:35.919031',NULL,0);
INSERT INTO `propertyunit` VALUES (990,'commercial','CH1','GROUND FLOOR',150000,'DOUBLE',1,1,3,'','','','','',NULL,0,0,1173,'2024-02-02 06:52:26.539517',143,0);
INSERT INTO `propertyunit` VALUES (991,'commercial','CH2','GROUND FLOOR',150000,'DOUBLE',1,1,3,'','','','','',NULL,1,0,1173,'2024-02-02 06:52:26.542134',NULL,0);
INSERT INTO `propertyunit` VALUES (992,'residential','ROOM1','GROUND FLOOR',80000,'SINGLE',1,0,2,'','','','','',NULL,0,0,1173,'2024-02-02 06:52:26.544337',NULL,0);
INSERT INTO `propertyunit` VALUES (993,'residential','ROOM2','GROUND FLOOR',80000,'SINGLE',1,0,2,'','','','','',NULL,1,0,1173,'2024-02-02 06:52:26.546500',NULL,0);
INSERT INTO `propertyunit` VALUES (994,'residential','ROOM3','GROUND FLOOR',200000,'DOUBLE',1,1,3,'','','','','',NULL,0,0,1173,'2024-02-02 06:52:26.548582',NULL,0);
INSERT INTO `propertyunit` VALUES (995,'residential','ROOM4','GROUND FLOOR',150000,'SINGLE',1,1,2,'','','','','',NULL,1,0,1173,'2024-02-02 06:52:26.571046',NULL,0);
INSERT INTO `propertyunit` VALUES (996,'residential','ROOM5','GROUND FLOOR',100000,'SINGLE',1,1,9,'','','','','','',0,0,1173,'2024-02-02 06:52:26.593657',NULL,0);
INSERT INTO `propertyunit` VALUES (1013,'residential','RM1','GROUND',180000,'SINGLE',0,0,0,'','','','','',NULL,1,0,1178,'2024-02-07 07:14:34.560979',NULL,0);
INSERT INTO `propertyunit` VALUES (1014,'residential','RM2','GROUND',180000,'SINGLE',0,0,0,'','','','','',NULL,1,0,1178,'2024-02-07 07:14:34.562277',NULL,0);
INSERT INTO `propertyunit` VALUES (1015,'residential','RM3','GROUND',180000,'SINGLE',0,0,0,'','','','','',NULL,1,0,1178,'2024-02-07 07:14:34.563544',NULL,0);
INSERT INTO `propertyunit` VALUES (1016,'residential','RM4','GROUND',180000,'SINGLE',0,0,0,'','','','','',NULL,0,0,1178,'2024-02-07 07:14:34.564824',NULL,0);
INSERT INTO `propertyunit` VALUES (1017,'residential','RM5','GROUND',280000,'DOUBLE',0,0,0,'','','','','',NULL,0,0,1178,'2024-02-07 07:14:34.566128',NULL,0);
INSERT INTO `propertyunit` VALUES (1018,'residential','RM6','GROUND',180000,'SINGLE',0,0,0,'','','','','',NULL,0,0,1178,'2024-02-07 07:14:34.567437',NULL,0);
INSERT INTO `propertyunit` VALUES (1019,'residential','RM7','GROUND',150000,'SINGLE',0,0,0,'','','','','',NULL,0,0,1178,'2024-02-07 07:14:34.568747',NULL,0);
INSERT INTO `propertyunit` VALUES (1020,'residential','RM8','GROUND',180000,'SINGLE',0,0,0,'','','','','',NULL,0,0,1178,'2024-02-07 07:14:34.570059',NULL,0);
INSERT INTO `propertyunit` VALUES (1021,'residential','RM9','GROUND',180000,'SINGLE',0,0,0,'','','','','',NULL,0,0,1178,'2024-02-07 07:14:34.571344',NULL,0);
INSERT INTO `propertyunit` VALUES (1022,'commercial','RM10','GROUND',1000000,'DOUBLE',1,1,3,'','','','','',NULL,0,0,1178,'2024-02-07 07:14:34.572666',NULL,0);
INSERT INTO `propertyunit` VALUES (1023,'residential','RM1','GROUND',350000,'DOUBLE',2,2,6,'','available','available','','',NULL,1,0,1179,'2024-02-08 07:26:53.958881',130,0);
INSERT INTO `propertyunit` VALUES (1024,'residential','RM2','GROUND',350000,'DOUBLE',2,2,6,'','available','available','','',NULL,0,0,1179,'2024-02-08 07:26:53.961289',NULL,0);
INSERT INTO `propertyunit` VALUES (1025,'residential','RM3','GROUND',350000,'DOUBLE',2,2,6,'','available','available','not_available','',NULL,1,0,1179,'2024-02-08 07:26:53.963083',NULL,0);
INSERT INTO `propertyunit` VALUES (1026,'commercial','CH1','GROUND',200000,'DOUBLE',2,1,5,'','available','available','','',NULL,1,0,1180,'2024-02-08 10:38:55.107111',130,0);
INSERT INTO `propertyunit` VALUES (1027,'commercial','CH2','GROUND',150000,'DOUBLE',2,1,5,'','available','available','','',NULL,1,0,1180,'2024-02-08 10:38:55.108362',NULL,0);
INSERT INTO `propertyunit` VALUES (1028,'commercial','CH3','GROUND',150000,'DOUBLE',2,1,5,'','available','available','','',NULL,1,0,1180,'2024-02-08 10:38:55.109741',NULL,0);
INSERT INTO `propertyunit` VALUES (1029,'commercial','CH4','GROUND',150000,'DOUBLE',2,1,5,'','available','available','','',NULL,1,0,1180,'2024-02-08 10:38:55.113512',NULL,0);
INSERT INTO `propertyunit` VALUES (1030,'commercial','RM1','UPPER',300000,'DOUBLE',2,1,5,'','available','available','','',NULL,0,0,1180,'2024-02-08 10:38:55.114807',NULL,0);
INSERT INTO `propertyunit` VALUES (1031,'commercial','RM2','UPPER',300000,'DOUBLE',2,1,5,'','available','available','','',NULL,1,0,1180,'2024-02-08 10:38:55.116149',NULL,0);
INSERT INTO `propertyunit` VALUES (1035,'residential','RM1','',90000,'',0,0,0,'','not_available','not_available','not_available','not_available','',0,0,1184,'2024-02-16 06:26:07.726758',NULL,0);
INSERT INTO `propertyunit` VALUES (1036,'residential','RM2','',90000,'',0,0,0,'','','','','',NULL,1,0,1184,'2024-02-16 06:26:07.728225',NULL,0);
INSERT INTO `propertyunit` VALUES (1037,'residential','RM3','',90000,'',0,0,0,'','','','','',NULL,1,0,1184,'2024-02-16 06:26:07.729866',NULL,0);
INSERT INTO `propertyunit` VALUES (1038,'residential','RM4','',90000,'',0,0,0,'','','','','',NULL,1,0,1184,'2024-02-16 06:26:07.731314',NULL,0);
INSERT INTO `propertyunit` VALUES (1039,'residential','RM5','',150000,'',0,0,0,'','','','','',NULL,1,0,1184,'2024-02-16 06:26:07.733481',NULL,0);
INSERT INTO `propertyunit` VALUES (1040,'residential','RM6','',150000,'',0,0,0,'','','','','',NULL,1,0,1184,'2024-02-16 06:26:07.735745',NULL,0);
INSERT INTO `propertyunit` VALUES (1041,'residential','RM7','',150000,'',0,0,0,'','','','','',NULL,1,0,1184,'2024-02-16 06:26:07.737744',NULL,0);
INSERT INTO `propertyunit` VALUES (1042,'residential','RM8','',150000,'',0,0,0,'','','','','',NULL,1,0,1184,'2024-02-16 06:26:07.739788',NULL,0);
INSERT INTO `propertyunit` VALUES (1043,'residential','RM9','',90000,'',0,0,0,'','','','','',NULL,1,0,1184,'2024-02-16 06:26:07.742051',NULL,0);
INSERT INTO `propertyunit` VALUES (1044,'residential','RM10','',100000,'',0,0,0,'','','','','',NULL,1,0,1184,'2024-02-16 06:26:07.744334',NULL,0);
INSERT INTO `propertyunit` VALUES (1064,'commercial','RM1','',100000,'',0,0,0,'','','','','',NULL,0,0,1187,'2024-02-16 11:23:54.337761',NULL,0);
INSERT INTO `propertyunit` VALUES (1065,'commercial','RM2','',50000,'',0,0,0,'','','','','',NULL,1,0,1187,'2024-02-16 11:23:54.341222',NULL,0);
INSERT INTO `propertyunit` VALUES (1066,'commercial','RM3','',100000,'',0,0,0,'','','','','',NULL,1,0,1187,'2024-02-16 11:23:54.343647',NULL,0);
INSERT INTO `propertyunit` VALUES (1067,'commercial','RM4','',50000,'',0,0,0,'','','','','',NULL,0,0,1187,'2024-02-16 11:23:54.346448',NULL,0);
INSERT INTO `propertyunit` VALUES (1068,'commercial','RM5','',50000,'',0,0,0,'','','','','',NULL,1,0,1187,'2024-02-16 11:23:54.348740',NULL,0);
INSERT INTO `propertyunit` VALUES (1069,'commercial','RM6','',80000,'',0,0,0,'','','','','',NULL,1,0,1187,'2024-02-16 11:23:54.351114',NULL,0);
INSERT INTO `propertyunit` VALUES (1070,'commercial','RM7','',80000,'',0,0,0,'','','','','',NULL,1,0,1187,'2024-02-16 11:23:54.353623',NULL,0);
INSERT INTO `propertyunit` VALUES (1071,'commercial','RM8','',40000,'',0,0,0,'','','','','',NULL,1,0,1187,'2024-02-16 11:23:54.356133',NULL,0);
INSERT INTO `propertyunit` VALUES (1072,'commercial','RM9','',50000,'',0,0,0,'','','','','',NULL,1,0,1187,'2024-02-16 11:23:54.358524',NULL,0);
INSERT INTO `propertyunit` VALUES (1073,'commercial','RM10','',50000,'',0,0,0,'','','','','',NULL,0,0,1187,'2024-02-16 11:23:54.361343',NULL,0);
INSERT INTO `propertyunit` VALUES (1074,'commercial','RM11','',50000,'',0,0,0,'','','','','',NULL,0,0,1187,'2024-02-16 11:23:54.364230',NULL,0);
INSERT INTO `propertyunit` VALUES (1075,'commercial','RM12','',40000,'',0,0,0,'','','','','',NULL,0,0,1187,'2024-02-16 11:23:54.367382',NULL,0);
INSERT INTO `propertyunit` VALUES (1076,'commercial','RM13','',40000,'',0,0,0,'','','','','',NULL,1,0,1187,'2024-02-16 11:23:54.370135',NULL,0);
INSERT INTO `propertyunit` VALUES (1077,'commercial','RM1','GROUND',60000,'',0,0,0,'','','','','',NULL,0,0,1188,'2024-02-16 13:33:53.291145',NULL,0);
INSERT INTO `propertyunit` VALUES (1078,'commercial','RM2','',60000,'',0,0,0,'','','','','',NULL,1,1,1188,'2024-02-16 13:33:53.293633',NULL,0);
INSERT INTO `propertyunit` VALUES (1079,'commercial','RM3','',60000,'',0,0,0,'','','','','',NULL,1,0,1188,'2024-02-16 13:33:53.295843',NULL,0);
INSERT INTO `propertyunit` VALUES (1080,'commercial','RM4','',60000,'',0,0,0,'','','','','',NULL,1,0,1188,'2024-02-16 13:33:53.298043',NULL,0);
INSERT INTO `propertyunit` VALUES (1081,'commercial','RM5','',60000,'',0,0,0,'','','','','',NULL,1,0,1188,'2024-02-16 13:33:53.300172',NULL,0);
INSERT INTO `propertyunit` VALUES (1082,'commercial','RM6','',60000,'',0,0,0,'','','','','',NULL,1,1,1188,'2024-02-16 13:33:53.302382',NULL,0);
INSERT INTO `propertyunit` VALUES (1083,'commercial','RM7','',120000,'',0,0,0,'','','','','',NULL,0,0,1188,'2024-02-16 13:33:53.305369',NULL,0);
INSERT INTO `propertyunit` VALUES (1084,'commercial','RM8','',120000,'',0,0,0,'','','','','',NULL,1,0,1188,'2024-02-16 13:33:53.307912',NULL,0);
INSERT INTO `propertyunit` VALUES (1085,'commercial','RM1','',100000,'',0,0,0,'','','','','',NULL,1,1,1189,'2024-02-16 14:23:46.999363',NULL,0);
INSERT INTO `propertyunit` VALUES (1086,'commercial','CH1','',150000,'',0,0,0,'','','','','',NULL,0,0,1189,'2024-02-16 14:23:47.001506',NULL,0);
INSERT INTO `propertyunit` VALUES (1087,'residential','RM2','',60000,'',0,0,0,'','','','','',NULL,0,0,1189,'2024-02-16 14:23:47.003494',NULL,0);
INSERT INTO `propertyunit` VALUES (1088,'commercial','RM3','',100000,'',0,0,0,'','','','','','',0,0,1189,'2024-02-16 14:23:47.005183',NULL,0);
INSERT INTO `propertyunit` VALUES (1089,'commercial','CH2','',150000,'',0,0,0,'','','','','',NULL,0,0,1189,'2024-02-16 14:23:47.006847',NULL,0);
INSERT INTO `propertyunit` VALUES (1090,'commercial','CH3','',150000,'',0,0,0,'','','','','',NULL,1,0,1189,'2024-02-16 14:23:47.008616',NULL,0);
INSERT INTO `propertyunit` VALUES (1100,'commercial','RM1','',70000,'',0,0,0,'','','','','','',1,0,1191,'2024-02-17 08:39:59.596094',NULL,0);
INSERT INTO `propertyunit` VALUES (1126,'commercial','A','',150000,'',0,0,0,'','','','','','',1,0,1193,'2024-02-19 10:08:32.635723',NULL,0);
INSERT INTO `propertyunit` VALUES (1127,'commercial','C','',150000,'',0,0,0,'','','','','','',0,0,1193,'2024-02-19 10:08:32.638230',NULL,0);
INSERT INTO `propertyunit` VALUES (1128,'commercial','D','',150000,'',0,0,0,'','','','','','',1,0,1193,'2024-02-19 10:08:32.640746',NULL,0);
INSERT INTO `propertyunit` VALUES (1129,'commercial','E','',150000,'',0,0,0,'','','','','','',1,0,1193,'2024-02-19 10:08:32.643266',NULL,0);
INSERT INTO `propertyunit` VALUES (1130,'commercial','F','',150000,'',0,0,0,'','','','','','',1,0,1193,'2024-02-19 10:08:32.645763',NULL,0);
INSERT INTO `propertyunit` VALUES (1131,'commercial','G','',200000,'',0,0,0,'','','','','','',0,0,1193,'2024-02-19 10:08:32.648291',NULL,0);
INSERT INTO `propertyunit` VALUES (1132,'commercial','H','',200000,'',0,0,0,'','','','','','',0,0,1193,'2024-02-19 10:08:32.651029',NULL,0);
INSERT INTO `propertyunit` VALUES (1133,'commercial','I','',200000,'',0,0,0,'','','','','','',1,0,1193,'2024-02-19 10:08:32.654005',NULL,0);
INSERT INTO `propertyunit` VALUES (1134,'commercial','J','',200000,'',0,0,0,'','','','','','',0,0,1193,'2024-02-19 10:08:32.656391',NULL,0);
INSERT INTO `propertyunit` VALUES (1135,'commercial','K','',200000,'',0,0,0,'','','','','','',1,0,1193,'2024-02-19 10:08:32.658863',NULL,0);
INSERT INTO `propertyunit` VALUES (1136,'commercial','L','',200000,'',0,0,0,'','','','','','',0,0,1193,'2024-02-19 10:08:32.661185',NULL,0);
INSERT INTO `propertyunit` VALUES (1137,'commercial','M','',250000,'',0,0,0,'','','','','','',1,0,1193,'2024-02-19 10:08:32.663685',NULL,0);
INSERT INTO `propertyunit` VALUES (1138,'commercial','N','',200000,'',0,0,0,'','','','','','',0,0,1193,'2024-02-19 10:08:32.666227',NULL,0);
INSERT INTO `propertyunit` VALUES (1139,'commercial','O','',200000,'',0,0,0,'','','','','','',1,0,1193,'2024-02-19 10:08:32.668728',NULL,0);
INSERT INTO `propertyunit` VALUES (1140,'commercial','P','',200000,'',0,0,0,'','','','','','',1,0,1193,'2024-02-19 10:08:32.671281',NULL,0);
INSERT INTO `propertyunit` VALUES (1141,'commercial','W','',200000,'',0,0,0,'','','','','','',0,0,1193,'2024-02-19 10:08:32.673664',NULL,0);
INSERT INTO `propertyunit` VALUES (1142,'commercial','Z','',200000,'',0,0,0,'','','','','','',0,0,1193,'2024-02-19 10:08:32.676155',NULL,0);
INSERT INTO `propertyunit` VALUES (1143,'commercial','S','',200000,'',0,0,0,'','','','','','',1,0,1193,'2024-02-19 10:08:32.678665',NULL,0);
INSERT INTO `propertyunit` VALUES (1144,'commercial','T','',250000,'',0,0,0,'','','','','','',1,0,1193,'2024-02-19 10:08:32.681200',NULL,0);
INSERT INTO `propertyunit` VALUES (1145,'commercial','U','',250000,'',0,0,0,'','','','','','',0,0,1193,'2024-02-19 10:08:32.683731',NULL,0);
INSERT INTO `propertyunit` VALUES (1146,'commercial','V','',200000,'',0,0,0,'','','','','','',1,0,1193,'2024-02-19 10:08:32.687782',NULL,0);
INSERT INTO `propertyunit` VALUES (1147,'commercial','R','',200000,'',0,0,0,'','','','','','',0,0,1193,'2024-02-19 10:08:32.690341',NULL,0);
INSERT INTO `propertyunit` VALUES (1148,'commercial','X','',200000,'',0,0,0,'','','','','','',0,0,1193,'2024-02-19 10:08:32.692924',NULL,0);
INSERT INTO `propertyunit` VALUES (1149,'commercial','B','',150000,'DOUBLE',0,0,0,'','','','','',NULL,1,0,1193,'2024-02-20 07:41:45.330835',NULL,0);
INSERT INTO `propertyunit` VALUES (1150,'commercial','RM1','',100000,'',0,0,0,'','','','','',NULL,1,0,1194,'2024-02-20 08:05:33.542721',NULL,0);
INSERT INTO `propertyunit` VALUES (1151,'commercial','RM2','',100000,'',0,0,0,'','','','','',NULL,1,0,1194,'2024-02-20 08:05:33.544914',NULL,0);
INSERT INTO `propertyunit` VALUES (1152,'commercial','RM3','',100000,'',0,0,0,'','','','','',NULL,1,0,1194,'2024-02-20 08:05:33.546795',NULL,0);
INSERT INTO `propertyunit` VALUES (1153,'commercial','RM4','',100000,'',0,0,0,'','','','','',NULL,1,0,1194,'2024-02-20 08:05:33.548671',NULL,0);
INSERT INTO `propertyunit` VALUES (1154,'commercial','RM5','',150000,'',0,0,0,'','','','','',NULL,1,0,1194,'2024-02-20 08:05:33.550459',NULL,0);
INSERT INTO `propertyunit` VALUES (1155,'commercial','RM6','',150000,'',0,0,0,'','','','','',NULL,0,0,1194,'2024-02-20 08:05:33.552371',NULL,0);
INSERT INTO `propertyunit` VALUES (1156,'commercial','RM7','',150000,'',0,0,0,'','','','','',NULL,0,0,1194,'2024-02-20 08:05:33.555423',NULL,0);
INSERT INTO `propertyunit` VALUES (1157,'commercial','RM8','',150000,'',0,0,0,'','','','','',NULL,0,0,1194,'2024-02-20 08:05:33.557303',NULL,0);
INSERT INTO `propertyunit` VALUES (1158,'commercial','RM9','',150000,'',0,0,0,'','','','','',NULL,0,0,1194,'2024-02-20 08:05:33.559209',NULL,0);
INSERT INTO `propertyunit` VALUES (1159,'commercial','RM10','',150000,'',0,0,0,'','','','','',NULL,0,0,1194,'2024-02-20 08:05:33.561097',NULL,0);
INSERT INTO `propertyunit` VALUES (1160,'commercial','RM11','',150000,'',0,0,0,'','','','','',NULL,0,0,1194,'2024-02-20 08:05:33.566405',NULL,0);
INSERT INTO `propertyunit` VALUES (1161,'commercial','RM12','',150000,'',0,0,0,'','','','','',NULL,0,0,1194,'2024-02-20 08:05:33.568447',NULL,0);
INSERT INTO `propertyunit` VALUES (1162,'commercial','RM1','',350000,'',0,0,0,'','','','','',NULL,0,0,1195,'2024-02-20 08:56:10.483732',NULL,0);
INSERT INTO `propertyunit` VALUES (1163,'commercial','RM2','',350000,'',0,0,0,'','','','','',NULL,1,1,1195,'2024-02-20 08:56:10.487219',NULL,0);
INSERT INTO `propertyunit` VALUES (1164,'commercial','RM1','',800000,'',0,0,0,'','','','','',NULL,1,0,1196,'2024-02-20 15:22:28.418990',NULL,0);
INSERT INTO `propertyunit` VALUES (1165,'commercial','RM2','',800000,'',0,0,0,'','','','','',NULL,0,0,1196,'2024-02-20 15:22:28.421855',NULL,0);
INSERT INTO `propertyunit` VALUES (1166,'commercial','CH1','',150000,'',0,0,0,'','','','','',NULL,0,0,1197,'2024-02-21 06:25:05.924522',143,0);
INSERT INTO `propertyunit` VALUES (1167,'commercial','CH2','',100000,'',0,0,0,'','','','','','',1,0,1197,'2024-02-21 06:25:05.927141',NULL,0);
INSERT INTO `propertyunit` VALUES (1168,'commercial','RM3','',50000,'',0,0,0,'','','','','',NULL,1,0,1197,'2024-02-21 06:25:05.930508',NULL,0);
INSERT INTO `propertyunit` VALUES (1169,'commercial','RM4','',50000,'',0,0,0,'','','','','',NULL,1,0,1197,'2024-02-21 06:25:05.933122',NULL,0);
INSERT INTO `propertyunit` VALUES (1170,'commercial','RM5','',50000,'',0,0,0,'','','','','',NULL,1,0,1197,'2024-02-21 06:25:05.935728',NULL,0);
INSERT INTO `propertyunit` VALUES (1171,'commercial','RM6','',60000,'',0,0,0,'','','','','',NULL,1,0,1197,'2024-02-21 06:25:05.938712',NULL,0);
INSERT INTO `propertyunit` VALUES (1172,'commercial','RM7','',60000,'',0,0,0,'','','','','',NULL,1,0,1197,'2024-02-21 06:25:05.941290',NULL,0);
INSERT INTO `propertyunit` VALUES (1173,'commercial','RM8','',60000,'',0,0,0,'','','','','',NULL,0,0,1197,'2024-02-21 06:25:05.944375',NULL,0);
INSERT INTO `propertyunit` VALUES (1174,'commercial','RM9','',60000,'',0,0,0,'','','','','',NULL,1,1,1197,'2024-02-21 06:25:05.947600',NULL,0);
INSERT INTO `propertyunit` VALUES (1175,'commercial','RM10','',60000,'',0,0,0,'','','','','',NULL,1,0,1197,'2024-02-21 06:25:05.951247',NULL,0);
INSERT INTO `propertyunit` VALUES (1176,'commercial','RM11','',60000,'',0,0,0,'','','','','',NULL,0,0,1197,'2024-02-21 06:25:05.954375',NULL,0);
INSERT INTO `propertyunit` VALUES (1177,'commercial','RM12','',60000,'',0,0,0,'','','','','',NULL,1,0,1197,'2024-02-21 06:25:05.957399',NULL,0);
INSERT INTO `propertyunit` VALUES (1178,'commercial','RM13','',150000,'',0,0,0,'','','','','',NULL,1,0,1197,'2024-02-21 06:25:05.960775',NULL,0);
INSERT INTO `propertyunit` VALUES (1179,'commercial','RM14','',150000,'',0,0,0,'','','','','',NULL,1,0,1197,'2024-02-21 06:25:05.963831',NULL,0);
INSERT INTO `propertyunit` VALUES (1180,'commercial','RM15','',60000,'',0,0,0,'','','','','',NULL,0,0,1197,'2024-02-21 06:25:05.966841',NULL,0);
INSERT INTO `propertyunit` VALUES (1181,'commercial','RM16','',60000,'',0,0,0,'','','','','',NULL,1,0,1197,'2024-02-21 06:25:05.969771',NULL,0);
INSERT INTO `propertyunit` VALUES (1182,'commercial','RM17','',60000,'',0,0,0,'','','','','',NULL,0,0,1197,'2024-02-21 06:25:05.972714',NULL,0);
INSERT INTO `propertyunit` VALUES (1183,'commercial','RM18','',100000,'',0,0,0,'','','','','',NULL,0,0,1197,'2024-02-21 06:25:05.975616',NULL,0);
INSERT INTO `propertyunit` VALUES (1184,'commercial','RM19','',300000,'',0,0,0,'','','','','','',1,0,1197,'2024-02-21 06:25:05.978833',NULL,0);
INSERT INTO `propertyunit` VALUES (1185,'commercial','RM20','',200000,'',0,0,0,'','','','','',NULL,0,0,1197,'2024-02-21 06:25:05.981926',NULL,0);
INSERT INTO `propertyunit` VALUES (1186,'commercial','CH1','',200000,'',0,0,0,'','','','','',NULL,1,0,1198,'2024-02-21 08:21:23.722816',143,0);
INSERT INTO `propertyunit` VALUES (1187,'commercial','CH2','',200000,'',0,0,0,'','','','','',NULL,1,0,1198,'2024-02-21 08:21:23.724905',NULL,0);
INSERT INTO `propertyunit` VALUES (1188,'commercial','CH3','',200000,'',0,0,0,'','','','','',NULL,0,0,1198,'2024-02-21 08:21:23.726679',NULL,0);
INSERT INTO `propertyunit` VALUES (1189,'commercial','CH4','',200000,'',0,0,0,'','','','','',NULL,1,0,1198,'2024-02-21 08:21:23.728439',NULL,0);
INSERT INTO `propertyunit` VALUES (1190,'commercial','CH5','',50000,'',0,0,0,'','','','','',NULL,0,0,1198,'2024-02-21 08:21:23.730212',NULL,0);
INSERT INTO `propertyunit` VALUES (1191,'commercial','CH6','',150000,'',0,0,0,'','','','','','',0,0,1198,'2024-02-21 08:21:23.732016',NULL,0);
INSERT INTO `propertyunit` VALUES (1192,'commercial','CH7','',170000,'',0,0,0,'','','','','',NULL,1,0,1198,'2024-02-21 08:21:23.733829',NULL,0);
INSERT INTO `propertyunit` VALUES (1193,'commercial','RM1','',250000,'',0,0,0,'','','','','',NULL,1,0,1198,'2024-02-21 08:21:23.735658',NULL,0);
INSERT INTO `propertyunit` VALUES (1194,'commercial','RM2','',250000,'',0,0,0,'','','','','',NULL,0,0,1198,'2024-02-21 08:21:23.737414',NULL,0);
INSERT INTO `propertyunit` VALUES (1195,'commercial','RM3','',250000,'',0,0,0,'','','','','',NULL,0,0,1198,'2024-02-21 08:21:23.739119',NULL,0);
INSERT INTO `propertyunit` VALUES (1196,'commercial','RM4','',250000,'',0,0,0,'','','','','',NULL,0,0,1198,'2024-02-21 08:21:23.741093',NULL,0);
INSERT INTO `propertyunit` VALUES (1197,'commercial','RM5','',250000,'',0,0,0,'','','','','',NULL,1,0,1198,'2024-02-21 08:21:23.743063',NULL,0);
INSERT INTO `propertyunit` VALUES (1198,'commercial','RM6','',250000,'',0,0,0,'','','','','',NULL,1,1,1198,'2024-02-21 08:21:23.744988',NULL,0);
INSERT INTO `propertyunit` VALUES (1199,'commercial','RM7','',250000,'',0,0,0,'','','','','',NULL,0,0,1198,'2024-02-21 08:21:23.746895',NULL,0);
INSERT INTO `propertyunit` VALUES (1200,'commercial','RM8','',150000,'',0,0,0,'','','','','','',0,0,1198,'2024-02-21 08:21:23.748790',NULL,0);
INSERT INTO `propertyunit` VALUES (1201,'commercial','RM1','',50000,'',0,0,0,'','','','','',NULL,1,0,1199,'2024-02-22 05:26:29.023434',143,0);
INSERT INTO `propertyunit` VALUES (1202,'commercial','RM2','',50000,'',0,0,0,'','','','','',NULL,1,0,1199,'2024-02-22 05:26:29.025494',NULL,0);
INSERT INTO `propertyunit` VALUES (1203,'commercial','RM3','',100000,'',0,0,0,'','','','','',NULL,1,0,1199,'2024-02-22 05:26:29.027666',NULL,0);
INSERT INTO `propertyunit` VALUES (1204,'commercial','RM4','',50000,'',0,0,0,'','','','','',NULL,1,0,1199,'2024-02-22 05:26:29.029275',NULL,0);
INSERT INTO `propertyunit` VALUES (1224,'commercial','RM1','',80000,'',0,0,0,'','','','','',NULL,1,0,1201,'2024-02-22 08:27:17.105382',NULL,0);
INSERT INTO `propertyunit` VALUES (1225,'commercial','RM2','',80000,'',0,0,0,'','','','','',NULL,0,0,1201,'2024-02-22 08:27:17.106889',NULL,0);
INSERT INTO `propertyunit` VALUES (1226,'commercial','RM3','',70000,'',0,0,0,'','','','','','',0,0,1201,'2024-02-22 08:27:17.108831',NULL,0);
INSERT INTO `propertyunit` VALUES (1227,'commercial','RM4','',80000,'',0,0,0,'','','','','',NULL,0,0,1201,'2024-02-22 08:27:17.110480',NULL,0);
INSERT INTO `propertyunit` VALUES (1228,'commercial','RM5','',70000,'',0,0,0,'','','','','','',0,0,1201,'2024-02-22 08:27:17.111903',NULL,0);
INSERT INTO `propertyunit` VALUES (1229,'commercial','RM6','',80000,'',0,0,0,'','','','','',NULL,1,1,1201,'2024-02-22 08:27:17.113526',NULL,0);
INSERT INTO `propertyunit` VALUES (1230,'commercial','RM7','',70000,'',0,0,0,'','','','','','',0,0,1201,'2024-02-22 08:27:17.115377',NULL,0);
INSERT INTO `propertyunit` VALUES (1231,'commercial','RM8','',70000,'',0,0,0,'','','','','','',0,0,1201,'2024-02-22 08:27:17.117170',NULL,0);
INSERT INTO `propertyunit` VALUES (1232,'commercial','RM9','',80000,'',0,0,0,'','','','','',NULL,1,0,1201,'2024-02-22 08:27:17.119042',NULL,0);
INSERT INTO `propertyunit` VALUES (1233,'commercial','RM10','',80000,'',0,0,0,'','','','','',NULL,1,0,1201,'2024-02-22 08:27:17.120860',NULL,0);
INSERT INTO `propertyunit` VALUES (1234,'commercial','RM11','',80000,'',0,0,0,'','','','','',NULL,1,0,1201,'2024-02-22 08:27:17.122656',NULL,0);
INSERT INTO `propertyunit` VALUES (1235,'commercial','RM12','',70000,'',0,0,0,'','','','','','',1,1,1201,'2024-02-22 08:27:17.124448',NULL,0);
INSERT INTO `propertyunit` VALUES (1236,'commercial','H1','',700000,'',0,0,0,'','','','','',NULL,1,0,1202,'2024-02-22 10:10:23.526242',NULL,0);
INSERT INTO `propertyunit` VALUES (1237,'commercial','H4','',140000,'',0,0,0,'','','','','',NULL,0,0,1202,'2024-02-22 10:10:23.529543',NULL,0);
INSERT INTO `propertyunit` VALUES (1238,'commercial','H3','',140000,'',0,0,0,'','','','','',NULL,0,0,1202,'2024-02-22 10:10:23.531843',NULL,0);
INSERT INTO `propertyunit` VALUES (1239,'commercial','H5','',240000,'',0,0,0,'','','','','',NULL,1,0,1202,'2024-02-22 10:10:23.534343',NULL,0);
INSERT INTO `propertyunit` VALUES (1240,'commercial','H6','',100000,'',0,0,0,'','','','','',NULL,1,1,1202,'2024-02-22 10:10:23.536648',NULL,0);
INSERT INTO `propertyunit` VALUES (1241,'commercial','H7','',70000,'',0,0,0,'','','','','','',0,0,1202,'2024-02-22 10:10:23.538960',NULL,0);
INSERT INTO `propertyunit` VALUES (1242,'commercial','H8','',80000,'',0,0,0,'','','','','','',0,0,1202,'2024-02-22 10:10:23.541358',NULL,0);
INSERT INTO `propertyunit` VALUES (1243,'commercial','H9','',70000,'',0,0,0,'','','','','','',1,1,1202,'2024-02-22 10:10:23.543684',NULL,0);
INSERT INTO `propertyunit` VALUES (1244,'commercial','RM1','',240000,'',0,0,0,'','','','','',NULL,1,0,1203,'2024-02-22 12:08:21.000652',NULL,0);
INSERT INTO `propertyunit` VALUES (1245,'commercial','RM2','',120000,'',0,0,0,'','','','','',NULL,1,0,1203,'2024-02-22 12:08:21.003129',NULL,0);
INSERT INTO `propertyunit` VALUES (1246,'commercial','RM3','',120000,'',0,0,0,'','','','','',NULL,1,1,1203,'2024-02-22 12:08:21.005344',NULL,0);
INSERT INTO `propertyunit` VALUES (1247,'commercial','RM4','',250000,'',0,0,0,'','','','','',NULL,0,0,1203,'2024-02-22 12:08:21.007532',NULL,0);
INSERT INTO `propertyunit` VALUES (1248,'commercial','RM5','',250000,'',0,0,0,'','','','','',NULL,1,0,1203,'2024-02-22 12:08:21.009745',NULL,0);
INSERT INTO `propertyunit` VALUES (1249,'commercial','RM6','',150000,'',0,0,0,'','','','','',NULL,0,0,1203,'2024-02-22 12:08:21.011949',NULL,0);
INSERT INTO `propertyunit` VALUES (1250,'commercial','RM1','',350000,'',0,0,0,'','','','','',NULL,1,0,1204,'2024-02-22 12:45:06.414338',NULL,0);
INSERT INTO `propertyunit` VALUES (1251,'commercial','RM2','',350000,'',0,0,0,'','','','','',NULL,1,0,1204,'2024-02-22 12:45:06.416392',NULL,0);
INSERT INTO `propertyunit` VALUES (1252,'commercial','RM3','',350000,'',0,0,0,'','','','','',NULL,1,0,1204,'2024-02-22 12:45:06.419331',NULL,0);
INSERT INTO `propertyunit` VALUES (1253,'commercial','RM4','',350000,'',0,0,0,'','','','','',NULL,1,0,1204,'2024-02-22 12:45:06.421271',NULL,0);
INSERT INTO `propertyunit` VALUES (1254,'commercial','RM5','',350000,'',0,0,0,'','','','','',NULL,1,0,1204,'2024-02-22 12:45:06.423416',NULL,0);
INSERT INTO `propertyunit` VALUES (1255,'commercial','RM6','',350000,'',0,0,0,'','','','','',NULL,1,0,1204,'2024-02-22 12:45:06.425414',NULL,0);
INSERT INTO `propertyunit` VALUES (1256,'commercial','RM7','',350000,'',0,0,0,'','','','','',NULL,1,1,1204,'2024-02-22 12:45:06.427265',NULL,0);
INSERT INTO `propertyunit` VALUES (1257,'commercial','RM8','',350000,'',0,0,0,'','','','','',NULL,1,0,1204,'2024-02-22 12:45:06.429205',NULL,0);
INSERT INTO `propertyunit` VALUES (1258,'commercial','RM1','',60000,'',0,0,0,'','','','','',NULL,1,0,1205,'2024-02-23 08:53:43.488100',NULL,0);
INSERT INTO `propertyunit` VALUES (1259,'commercial','RM2','',100000,'',NULL,NULL,NULL,'','','','','',NULL,0,0,1205,'2024-02-23 08:53:43.490577',NULL,0);
INSERT INTO `propertyunit` VALUES (1260,'commercial','RM3','',60000,'',NULL,NULL,NULL,'','','','','',NULL,0,0,1205,'2024-02-23 08:53:43.492569',NULL,0);
INSERT INTO `propertyunit` VALUES (1261,'commercial','RM4','',60000,'',NULL,NULL,NULL,'','','','','',NULL,1,0,1205,'2024-02-23 08:53:43.494443',NULL,0);
INSERT INTO `propertyunit` VALUES (1262,'commercial','RM5','',60000,'',NULL,NULL,NULL,'','','','','',NULL,0,0,1205,'2024-02-23 08:53:43.497683',NULL,0);
INSERT INTO `propertyunit` VALUES (1263,'commercial','RM6','',60000,'',NULL,NULL,NULL,'','','','','',NULL,0,0,1205,'2024-02-23 08:53:43.500884',NULL,0);
INSERT INTO `propertyunit` VALUES (1264,'commercial','RM7','',60000,'',NULL,NULL,NULL,'','','','','',NULL,0,0,1205,'2024-02-23 08:53:43.502936',NULL,0);
INSERT INTO `propertyunit` VALUES (1265,'commercial','RM8','',60000,'',NULL,NULL,NULL,'','','','','',NULL,1,1,1205,'2024-02-23 08:53:43.504997',NULL,0);
INSERT INTO `propertyunit` VALUES (1266,'commercial','RM1','',100000,'',0,0,0,'','','','','',NULL,0,0,1206,'2024-02-23 09:49:12.528413',NULL,0);
INSERT INTO `propertyunit` VALUES (1267,'commercial','RM2','',100000,'',0,0,0,'','','','','',NULL,0,0,1206,'2024-02-23 09:49:12.530999',NULL,0);
INSERT INTO `propertyunit` VALUES (1268,'commercial','RM3','',60000,'',0,0,0,'','','','','',NULL,0,0,1206,'2024-02-23 09:49:12.532773',NULL,0);
INSERT INTO `propertyunit` VALUES (1269,'commercial','RM4','',60000,'',0,0,0,'','','','','',NULL,0,0,1206,'2024-02-23 09:49:12.535848',NULL,0);
INSERT INTO `propertyunit` VALUES (1270,'commercial','RM5','',120000,'',0,0,0,'','','','','',NULL,0,0,1206,'2024-02-23 09:49:12.540681',NULL,0);
INSERT INTO `propertyunit` VALUES (1271,'commercial','RM6','',60000,'',0,0,0,'','','','','',NULL,0,0,1206,'2024-02-23 09:49:12.542957',NULL,0);
INSERT INTO `propertyunit` VALUES (1272,'commercial','RM7','',60000,'',0,0,0,'','','','','',NULL,0,0,1206,'2024-02-23 09:49:12.545180',NULL,0);
INSERT INTO `propertyunit` VALUES (1273,'commercial','RM8','',60000,'',0,0,0,'','','','','',NULL,0,0,1206,'2024-02-23 09:49:12.547416',NULL,0);
INSERT INTO `propertyunit` VALUES (1274,'commercial','RM9','',100000,'',0,0,0,'','','','','',NULL,0,0,1206,'2024-02-23 09:49:12.549733',NULL,0);
INSERT INTO `propertyunit` VALUES (1284,'commercial','CH1','',300000,'',0,0,0,'','','','','',NULL,1,0,1208,'2024-02-23 10:36:46.935113',NULL,0);
INSERT INTO `propertyunit` VALUES (1285,'commercial','CH2','',300000,'',0,0,0,'','','','','',NULL,1,0,1208,'2024-02-23 10:36:46.938147',NULL,0);
INSERT INTO `propertyunit` VALUES (1286,'commercial','CH3','',300000,'',0,0,0,'','','','','',NULL,1,0,1208,'2024-02-23 10:36:46.940001',NULL,0);
INSERT INTO `propertyunit` VALUES (1287,'commercial','CH4','',370000,'',0,0,0,'','','','','','',1,0,1208,'2024-02-23 10:36:46.941336',NULL,0);
INSERT INTO `propertyunit` VALUES (1288,'commercial','RM1','',80000,'',0,0,0,'','','','','',NULL,0,0,1208,'2024-02-23 10:36:46.942811',NULL,0);
INSERT INTO `propertyunit` VALUES (1289,'commercial','RM2','',80000,'',0,0,0,'','','','','',NULL,1,0,1208,'2024-02-23 10:36:46.944469',NULL,0);
INSERT INTO `propertyunit` VALUES (1290,'commercial','RM3','',80000,'',0,0,0,'','','','','',NULL,0,0,1208,'2024-02-23 10:36:46.945920',NULL,0);
INSERT INTO `propertyunit` VALUES (1291,'commercial','RM4','',80000,'',0,0,0,'','','','','',NULL,1,1,1208,'2024-02-23 10:36:46.947369',NULL,0);
INSERT INTO `propertyunit` VALUES (1292,'commercial','RM5','',80000,'',0,0,0,'','','','','',NULL,0,0,1208,'2024-02-23 10:36:46.948807',NULL,0);
INSERT INTO `propertyunit` VALUES (1293,'commercial','RM6','',80000,'',0,0,0,'','','','','',NULL,0,0,1208,'2024-02-23 10:36:46.950365',NULL,0);
INSERT INTO `propertyunit` VALUES (1294,'commercial','RM7','',80000,'',0,0,0,'','','','','',NULL,0,0,1208,'2024-02-23 10:36:46.951711',NULL,0);
INSERT INTO `propertyunit` VALUES (1295,'commercial','RM8','',80000,'',0,0,0,'','','','','',NULL,1,0,1208,'2024-02-23 10:36:46.953061',NULL,0);
INSERT INTO `propertyunit` VALUES (1296,'commercial','RM1','',200000,'',0,0,0,'','','','','',NULL,1,0,1209,'2024-02-23 11:43:13.926421',NULL,0);
INSERT INTO `propertyunit` VALUES (1297,'commercial','RM2','',200000,'',0,0,0,'','','','','','',1,1,1209,'2024-02-23 11:43:13.929083',NULL,0);
INSERT INTO `propertyunit` VALUES (1298,'commercial','RM3','',200000,'',0,0,0,'','','','','',NULL,0,0,1209,'2024-02-23 11:43:13.931149',NULL,0);
INSERT INTO `propertyunit` VALUES (1299,'commercial','RM4','',80000,'',0,0,0,'','','','','',NULL,1,0,1209,'2024-02-23 11:43:13.932823',NULL,0);
INSERT INTO `propertyunit` VALUES (1300,'commercial','RM5','',80000,'',0,0,0,'','','','','',NULL,1,0,1209,'2024-02-23 11:43:13.934795',NULL,0);
INSERT INTO `propertyunit` VALUES (1301,'commercial','RM6','',80000,'',0,0,0,'','','','','',NULL,1,0,1209,'2024-02-23 11:43:13.936428',NULL,0);
INSERT INTO `propertyunit` VALUES (1302,'commercial','RM7','',80000,'',0,0,0,'','','','','',NULL,1,0,1209,'2024-02-23 11:43:13.938345',NULL,0);
INSERT INTO `propertyunit` VALUES (1303,'commercial','RM8','',80000,'',0,0,0,'','','','','',NULL,0,0,1209,'2024-02-23 11:43:13.940356',NULL,0);
INSERT INTO `propertyunit` VALUES (1304,'commercial','RM9','',80000,'',0,0,0,'','','','','',NULL,1,0,1209,'2024-02-23 11:43:13.942522',NULL,0);
INSERT INTO `propertyunit` VALUES (1305,'commercial','RM10','',80000,'',0,0,0,'','','','','',NULL,1,0,1209,'2024-02-23 11:43:13.944494',NULL,0);
INSERT INTO `propertyunit` VALUES (1306,'commercial','RM11','',80000,'',0,0,0,'','','','','',NULL,0,0,1209,'2024-02-23 11:43:13.946454',NULL,0);
INSERT INTO `propertyunit` VALUES (1307,'commercial','RM12','',80000,'',0,0,0,'','','','','',NULL,1,1,1209,'2024-02-23 11:43:13.948277',NULL,0);
INSERT INTO `propertyunit` VALUES (1308,'commercial','RM13','',200000,'',0,0,0,'','','','','','',0,0,1209,'2024-02-23 11:43:13.950205',NULL,0);
INSERT INTO `propertyunit` VALUES (1309,'commercial','RM14','',80000,'',0,0,0,'','','','','','',1,1,1209,'2024-02-23 11:43:13.951952',NULL,0);
INSERT INTO `propertyunit` VALUES (1310,'commercial','RM15','',50000,'',0,0,0,'','','','','',NULL,0,0,1209,'2024-02-23 11:43:13.953620',NULL,0);
INSERT INTO `propertyunit` VALUES (1311,'commercial','RM16','',80000,'',0,0,0,'','','','','',NULL,0,0,1209,'2024-02-23 11:43:13.955498',NULL,0);
INSERT INTO `propertyunit` VALUES (1312,'commercial','RM17','',80000,'',0,0,0,'','','','','',NULL,0,0,1209,'2024-02-23 11:43:13.957133',NULL,0);
INSERT INTO `propertyunit` VALUES (1313,'commercial','RM1','',100000,'',0,0,0,'','','','','',NULL,0,0,1210,'2024-02-23 12:20:41.871175',NULL,0);
INSERT INTO `propertyunit` VALUES (1314,'commercial','RM2','',100000,'',0,0,0,'','','','','',NULL,0,0,1210,'2024-02-23 12:20:41.874616',NULL,0);
INSERT INTO `propertyunit` VALUES (1315,'commercial','RM3','',60000,'',0,0,0,'','','','','',NULL,1,0,1210,'2024-02-23 12:20:41.900311',NULL,0);
INSERT INTO `propertyunit` VALUES (1316,'commercial','RM4','',60000,'',0,0,0,'','','','','',NULL,0,0,1210,'2024-02-23 12:20:41.929344',NULL,0);
INSERT INTO `propertyunit` VALUES (1317,'commercial','RM5','',120000,'',0,0,0,'','','','','',NULL,1,0,1210,'2024-02-23 12:20:41.974172',NULL,0);
INSERT INTO `propertyunit` VALUES (1318,'commercial','RM6','',60000,'',0,0,0,'','','','','',NULL,1,0,1210,'2024-02-23 12:20:42.010177',NULL,0);
INSERT INTO `propertyunit` VALUES (1319,'commercial','RM7','',60000,'',0,0,0,'','','','','',NULL,0,0,1210,'2024-02-23 12:20:42.037307',NULL,0);
INSERT INTO `propertyunit` VALUES (1320,'commercial','RM8','',60000,'',0,0,0,'','','','','',NULL,0,0,1210,'2024-02-23 12:20:42.052242',NULL,0);
INSERT INTO `propertyunit` VALUES (1321,'commercial','RM9','',100000,'',0,0,0,'','','','','',NULL,0,0,1210,'2024-02-23 12:20:42.092169',NULL,0);
INSERT INTO `propertyunit` VALUES (1349,'commercial','RM1','',100000,'',0,0,0,'','','','','',NULL,0,0,1214,'2024-02-24 12:39:17.180480',NULL,0);
INSERT INTO `propertyunit` VALUES (1350,'commercial','RM2','',60000,'',0,0,0,'','','','','',NULL,0,0,1214,'2024-02-24 12:39:17.181768',NULL,0);
INSERT INTO `propertyunit` VALUES (1351,'commercial','RM3','',60000,'',0,0,0,'','','','','',NULL,1,1,1214,'2024-02-24 12:39:17.183036',NULL,0);
INSERT INTO `propertyunit` VALUES (1352,'commercial','RM4','',60000,'',0,0,0,'','','','','',NULL,1,0,1214,'2024-02-24 12:39:17.184270',NULL,0);
INSERT INTO `propertyunit` VALUES (1353,'commercial','RM5','',60000,'',0,0,0,'','','','','',NULL,0,0,1214,'2024-02-24 12:39:17.185476',NULL,0);
INSERT INTO `propertyunit` VALUES (1354,'commercial','RM6','',60000,'',0,0,0,'','','','','',NULL,0,0,1214,'2024-02-24 12:39:17.186712',NULL,0);
INSERT INTO `propertyunit` VALUES (1355,'commercial','RM7','',60000,'',0,0,0,'','','','','',NULL,0,0,1214,'2024-02-24 12:39:17.188156',NULL,0);
INSERT INTO `propertyunit` VALUES (1356,'commercial','RM1','',100000,'',0,0,0,'','','','','',NULL,1,0,1215,'2024-02-24 13:16:19.463341',NULL,0);
INSERT INTO `propertyunit` VALUES (1357,'commercial','RM2','',80000,'',0,0,0,'','','','','',NULL,1,0,1215,'2024-02-24 13:16:19.464545',NULL,0);
INSERT INTO `propertyunit` VALUES (1358,'commercial','RM3','',150000,'',0,0,0,'','','','','',NULL,0,0,1215,'2024-02-24 13:16:19.465736',NULL,0);
INSERT INTO `propertyunit` VALUES (1378,'commercial','RM1','',80000,'',0,0,0,'','','','','',NULL,0,0,1218,'2024-02-26 09:27:26.008251',NULL,0);
INSERT INTO `propertyunit` VALUES (1379,'commercial','RM2','',70000,'',0,0,0,'','','','','','',0,0,1218,'2024-02-26 09:27:26.011249',NULL,0);
INSERT INTO `propertyunit` VALUES (1380,'commercial','RM3','',80000,'',0,0,0,'','','','','',NULL,0,0,1218,'2024-02-26 09:27:26.013898',NULL,0);
INSERT INTO `propertyunit` VALUES (1381,'commercial','RM4','',80000,'',0,0,0,'','','','','',NULL,0,0,1218,'2024-02-26 09:27:26.016514',NULL,0);
INSERT INTO `propertyunit` VALUES (1382,'commercial','RM5','',80000,'',0,0,0,'','','','','',NULL,0,0,1218,'2024-02-26 09:27:26.019169',NULL,0);
INSERT INTO `propertyunit` VALUES (1383,'commercial','RM6','',80000,'',0,0,0,'','','','','','',1,1,1218,'2024-02-26 09:27:26.021748',NULL,0);
INSERT INTO `propertyunit` VALUES (1384,'commercial','RM7','',80000,'',0,0,0,'','','','','',NULL,0,0,1218,'2024-02-26 09:27:26.023954',NULL,0);
INSERT INTO `propertyunit` VALUES (1389,'commercial','CH1','',150000,'',0,0,0,'','','','','',NULL,0,0,1220,'2024-02-26 10:33:15.382788',NULL,0);
INSERT INTO `propertyunit` VALUES (1390,'commercial','CH2','',150000,'',0,0,0,'','','','','',NULL,1,0,1220,'2024-02-26 10:33:15.385153',NULL,0);
INSERT INTO `propertyunit` VALUES (1391,'commercial','CH3','',150000,'',0,0,0,'','','','','',NULL,0,0,1220,'2024-02-26 10:33:15.387274',NULL,0);
INSERT INTO `propertyunit` VALUES (1392,'commercial','RM4','',150000,'',0,0,0,'','','','','',NULL,1,0,1220,'2024-02-26 10:33:15.389306',NULL,0);
INSERT INTO `propertyunit` VALUES (1393,'commercial','RM5','',120000,'',0,0,0,'','','','','',NULL,1,0,1220,'2024-02-26 10:33:15.391253',NULL,0);
INSERT INTO `propertyunit` VALUES (1394,'commercial','RM6','',50000,'',0,0,0,'','','','','','',0,0,1220,'2024-02-26 10:33:15.393233',NULL,0);
INSERT INTO `propertyunit` VALUES (1395,'commercial','RM7','',120000,'',0,0,0,'','','','','',NULL,1,0,1220,'2024-02-26 10:33:15.395222',NULL,0);
INSERT INTO `propertyunit` VALUES (1396,'commercial','RM8','',60000,'',0,0,0,'','','','','',NULL,1,0,1220,'2024-02-26 10:33:15.397232',NULL,0);
INSERT INTO `propertyunit` VALUES (1397,'commercial','RM9','',120000,'',0,0,0,'','','','','',NULL,1,0,1220,'2024-02-26 10:33:15.399389',NULL,0);
INSERT INTO `propertyunit` VALUES (1398,'commercial','RM10','',60000,'',0,0,0,'','','','','',NULL,0,0,1220,'2024-02-26 10:33:15.401698',NULL,0);
INSERT INTO `propertyunit` VALUES (1399,'commercial','RM1','',80000,'',0,0,0,'','','','','',NULL,1,0,1221,'2024-02-26 11:49:02.382128',NULL,0);
INSERT INTO `propertyunit` VALUES (1400,'commercial','RM2','',80000,'',NULL,NULL,NULL,'','','','','',NULL,0,0,1221,'2024-02-26 11:49:02.384756',NULL,0);
INSERT INTO `propertyunit` VALUES (1401,'commercial','RM3','',80000,'',NULL,NULL,NULL,'','','','','',NULL,0,0,1221,'2024-02-26 11:49:02.386632',NULL,0);
INSERT INTO `propertyunit` VALUES (1402,'commercial','RM4','',160000,'',NULL,NULL,NULL,'','','','','','',1,1,1221,'2024-02-26 11:49:02.388409',NULL,0);
INSERT INTO `propertyunit` VALUES (1403,'commercial','RM5','',80000,'',NULL,NULL,NULL,'','','','','',NULL,1,0,1221,'2024-02-26 11:49:02.390246',NULL,0);
INSERT INTO `propertyunit` VALUES (1404,'commercial','RM6','',100000,'',NULL,NULL,NULL,'','','','','',NULL,0,0,1221,'2024-02-26 11:49:02.392110',NULL,0);
INSERT INTO `propertyunit` VALUES (1405,'commercial','RM7','',80000,'',NULL,NULL,NULL,'','','','','',NULL,0,0,1221,'2024-02-26 11:49:02.393817',NULL,0);
INSERT INTO `propertyunit` VALUES (1406,'commercial','RM8','',80000,'',NULL,NULL,NULL,'','','','','',NULL,0,0,1221,'2024-02-26 11:49:02.395523',NULL,0);
INSERT INTO `propertyunit` VALUES (1407,'commercial','RM9','',80000,'',NULL,NULL,NULL,'','','','','',NULL,0,0,1221,'2024-02-26 11:49:02.397215',NULL,0);
INSERT INTO `propertyunit` VALUES (1408,'commercial','RM10','',80000,'',NULL,NULL,NULL,'','','','','',NULL,1,0,1221,'2024-02-26 11:49:02.398903',NULL,0);
INSERT INTO `propertyunit` VALUES (1409,'commercial','RM11','',80000,'',NULL,NULL,NULL,'','','','','',NULL,0,0,1221,'2024-02-26 11:49:02.400904',NULL,0);
INSERT INTO `propertyunit` VALUES (1410,'commercial','RM12','',80000,'',NULL,NULL,NULL,'','','','','',NULL,0,0,1221,'2024-02-26 11:49:02.402896',NULL,0);
INSERT INTO `propertyunit` VALUES (1411,'commercial','RM13','',80000,'',NULL,NULL,NULL,'','','','','',NULL,1,0,1221,'2024-02-26 11:49:02.405142',NULL,0);
INSERT INTO `propertyunit` VALUES (1412,'commercial','RM14','',80000,'',NULL,NULL,NULL,'','','','','',NULL,0,0,1221,'2024-02-26 11:49:02.407371',NULL,0);
INSERT INTO `propertyunit` VALUES (1413,'commercial','RM15','',80000,'',NULL,NULL,NULL,'','','','','',NULL,1,0,1221,'2024-02-26 11:49:02.409519',NULL,0);
INSERT INTO `propertyunit` VALUES (1414,'commercial','RM16','',80000,'',NULL,NULL,NULL,'','','','','',NULL,1,1,1221,'2024-02-26 11:49:02.411615',NULL,0);
INSERT INTO `propertyunit` VALUES (1415,'commercial','RM17','',150000,'',NULL,NULL,NULL,'','','','','','',1,1,1221,'2024-02-26 11:49:02.413644',NULL,0);
INSERT INTO `propertyunit` VALUES (1416,'commercial','RM1','',150000,'',0,0,0,'','','','','','',0,0,1222,'2024-03-01 08:43:59.880983',NULL,0);
INSERT INTO `propertyunit` VALUES (1417,'commercial','RM2','',100000,'',0,0,0,'','','','','',NULL,1,0,1222,'2024-03-01 08:43:59.883323',NULL,0);
INSERT INTO `propertyunit` VALUES (1418,'commercial','RM3','',70000,'',0,0,0,'','','','','',NULL,0,0,1222,'2024-03-01 08:43:59.885139',NULL,0);
INSERT INTO `propertyunit` VALUES (1419,'commercial','RM4','',60000,'',0,0,0,'','','','','',NULL,1,0,1222,'2024-03-01 08:43:59.886875',NULL,0);
INSERT INTO `propertyunit` VALUES (1420,'commercial','RM5','',70000,'',0,0,0,'','','','','',NULL,1,0,1222,'2024-03-01 08:43:59.888644',NULL,0);
INSERT INTO `propertyunit` VALUES (1421,'commercial','RM6','',150000,'',0,0,0,'','','','','',NULL,1,0,1222,'2024-03-01 08:43:59.890603',NULL,0);
INSERT INTO `propertyunit` VALUES (1422,'commercial','RM7','',150000,'',0,0,0,'','','','','',NULL,1,0,1222,'2024-03-01 08:43:59.892413',NULL,0);
INSERT INTO `propertyunit` VALUES (1423,'commercial','RM8A','',80000,'',0,0,0,'','','','','','',0,0,1222,'2024-03-01 08:43:59.894208',NULL,0);
INSERT INTO `propertyunit` VALUES (1424,'commercial','RM9','',150000,'',0,0,0,'','','','','',NULL,0,0,1222,'2024-03-01 08:43:59.896105',NULL,0);
INSERT INTO `propertyunit` VALUES (1425,'commercial','RM10','',80000,'',0,0,0,'','','','','',NULL,0,0,1222,'2024-03-01 08:43:59.898445',NULL,0);
INSERT INTO `propertyunit` VALUES (1426,'commercial','RM11','',300000,'',0,0,0,'','','','','','',0,0,1222,'2024-03-01 08:43:59.900298',NULL,0);
INSERT INTO `propertyunit` VALUES (1427,'commercial','RM12','',250000,'',0,0,0,'','','','','',NULL,0,0,1222,'2024-03-01 08:43:59.902399',NULL,0);
INSERT INTO `propertyunit` VALUES (1428,'commercial','RM13','',250000,'',0,0,0,'','','','','',NULL,0,0,1222,'2024-03-01 08:43:59.904866',NULL,0);
INSERT INTO `propertyunit` VALUES (1429,'commercial','RM14','',250000,'',0,0,0,'','','','','',NULL,0,0,1222,'2024-03-01 08:43:59.907208',NULL,0);
INSERT INTO `propertyunit` VALUES (1430,'commercial','RM15','',250000,'',0,0,0,'','','','','',NULL,0,0,1222,'2024-03-01 08:43:59.909395',NULL,0);
INSERT INTO `propertyunit` VALUES (1431,'commercial','RM16','',250000,'',0,0,0,'','','','','',NULL,0,0,1222,'2024-03-01 08:43:59.911409',NULL,0);
INSERT INTO `propertyunit` VALUES (1432,'commercial','CH1','',1500000,'',0,0,0,'','','','','',NULL,1,0,1177,'2024-03-09 09:07:56.140334',NULL,0);
INSERT INTO `propertyunit` VALUES (1438,'commercial','H1','',100000,'',0,0,0,'','','','','',NULL,1,0,1222,'2024-03-19 11:24:03.834388',NULL,0);
INSERT INTO `propertyunit` VALUES (1439,'commercial','RM17','',100000,'',0,0,0,'','','','','',NULL,0,0,1222,'2024-03-19 11:29:02.697454',NULL,0);
INSERT INTO `propertyunit` VALUES (1466,'residential','RM1','',120000,'',0,0,0,'','','','','','',1,0,1234,'2024-04-19 08:07:45.825341',NULL,0);
INSERT INTO `propertyunit` VALUES (1467,'residential','RM2','',120000,'',NULL,NULL,NULL,'','','','','','',1,1,1234,'2024-04-19 08:07:45.827670',NULL,0);
INSERT INTO `propertyunit` VALUES (1468,'residential','RM3','',120000,'',NULL,NULL,NULL,'','','','','','',0,0,1234,'2024-04-19 08:07:45.829549',NULL,0);
INSERT INTO `propertyunit` VALUES (1469,'residential','RM4','',120000,'',NULL,NULL,NULL,'','','','','','',0,0,1234,'2024-04-19 08:07:45.831385',NULL,0);
INSERT INTO `propertyunit` VALUES (1470,'residential','RM5','',120000,'',NULL,NULL,NULL,'','','','','','',0,0,1234,'2024-04-19 08:07:45.833106',NULL,0);
INSERT INTO `propertyunit` VALUES (1471,'residential','RM6','',120000,'',NULL,NULL,NULL,'','','','','','',1,0,1234,'2024-04-19 08:07:45.834835',NULL,0);
INSERT INTO `propertyunit` VALUES (1472,'residential','RM7','',120000,'',NULL,NULL,NULL,'','','','','','',1,0,1234,'2024-04-19 08:07:45.836688',NULL,0);
INSERT INTO `propertyunit` VALUES (1473,'residential','RM8','',120000,'',NULL,NULL,NULL,'','','','','','',1,0,1234,'2024-04-19 08:07:45.838398',NULL,0);
INSERT INTO `propertyunit` VALUES (1474,'residential','RM9','',120000,'',NULL,NULL,NULL,'','','','','','',0,0,1234,'2024-04-19 08:07:45.840113',NULL,0);
INSERT INTO `propertyunit` VALUES (1475,'residential','RM10','',120000,'',NULL,NULL,NULL,'','','','','','',1,0,1234,'2024-04-19 08:07:45.841794',NULL,0);
INSERT INTO `propertyunit` VALUES (1476,'residential','RM11','',120000,'',NULL,NULL,NULL,'','','','','','',1,0,1234,'2024-04-19 08:07:45.843493',NULL,0);
INSERT INTO `propertyunit` VALUES (1477,'residential','RM12','',120000,'',NULL,NULL,NULL,'','','','','','',0,0,1234,'2024-04-19 08:07:45.845268',NULL,0);
INSERT INTO `propertyunit` VALUES (1478,'residential','RM13','',120000,'',NULL,NULL,NULL,'','','','','','',1,0,1234,'2024-04-19 08:07:45.846999',NULL,0);
INSERT INTO `propertyunit` VALUES (1512,'residential','RM1','',130000,'',0,0,0,'','','','','',NULL,0,0,1238,'2024-04-24 14:51:11.148937',NULL,0);
INSERT INTO `propertyunit` VALUES (1513,'residential','RM2','',130000,'',0,0,0,'','','','','',NULL,0,0,1238,'2024-04-24 14:51:11.151752',NULL,0);
INSERT INTO `propertyunit` VALUES (1514,'residential','RM3','',130000,'',0,0,0,'','','','','',NULL,0,0,1238,'2024-04-24 14:51:11.153890',NULL,0);
INSERT INTO `propertyunit` VALUES (1515,'residential','RM4','',130000,'',0,0,0,'','','','','',NULL,0,0,1238,'2024-04-24 14:51:11.156367',NULL,0);
INSERT INTO `propertyunit` VALUES (1516,'residential','RM5','',130000,'',0,0,0,'','','','','',NULL,1,0,1238,'2024-04-24 14:51:11.158830',NULL,0);
INSERT INTO `propertyunit` VALUES (1517,'residential','RM6','',130000,'',0,0,0,'','','','','',NULL,0,0,1238,'2024-04-24 14:51:11.161538',NULL,0);
INSERT INTO `propertyunit` VALUES (1518,'residential','RM6','',130000,'',0,0,0,'','','','','','',0,0,1238,'2024-04-24 14:51:11.164049',NULL,0);
INSERT INTO `propertyunit` VALUES (1519,'residential','RM8','',130000,'',0,0,0,'','','','','',NULL,0,0,1238,'2024-04-24 14:51:11.166394',NULL,0);
INSERT INTO `propertyunit` VALUES (1520,'residential','RM9','',130000,'',0,0,0,'','','','','',NULL,0,0,1238,'2024-04-24 14:51:11.168776',NULL,0);
INSERT INTO `propertyunit` VALUES (1521,'residential','RM10','',130000,'',0,0,0,'','','','','',NULL,0,0,1238,'2024-04-24 14:51:11.171375',NULL,0);
INSERT INTO `propertyunit` VALUES (1522,'residential','RM11','',130000,'',0,0,0,'','','','','',NULL,1,1,1238,'2024-04-24 14:51:11.174346',NULL,0);
INSERT INTO `propertyunit` VALUES (1523,'residential','RM12','',120000,'',0,0,0,'','','','','','',0,0,1238,'2024-04-24 14:51:11.176784',NULL,0);
INSERT INTO `propertyunit` VALUES (1524,'residential','RM13','',130000,'',0,0,0,'','','','','','',0,0,1238,'2024-04-24 14:51:11.179228',NULL,0);
INSERT INTO `propertyunit` VALUES (1525,'residential','RM14','',130000,'',0,0,0,'','','','','',NULL,0,0,1238,'2024-04-24 14:51:11.181393',NULL,0);
INSERT INTO `propertyunit` VALUES (1526,'residential','RM15','',130000,'',0,0,0,'','','','','',NULL,0,0,1238,'2024-04-24 14:51:11.183607',NULL,0);
INSERT INTO `propertyunit` VALUES (1592,'residential','RM1','',150000,'',0,0,0,'','','','','',NULL,0,0,1244,'2024-05-02 06:35:37.269763',NULL,0);
INSERT INTO `propertyunit` VALUES (1593,'residential','RM2','',150000,'',0,0,0,'','','','','',NULL,1,0,1244,'2024-05-02 06:35:37.272746',NULL,0);
INSERT INTO `propertyunit` VALUES (1594,'residential','RM3','',150000,'',0,0,0,'','','','','',NULL,0,0,1244,'2024-05-02 06:35:37.275276',NULL,0);
INSERT INTO `propertyunit` VALUES (1595,'residential','RM4','',150000,'',0,0,0,'','','','','',NULL,0,0,1244,'2024-05-02 06:35:37.277773',NULL,0);
INSERT INTO `propertyunit` VALUES (1596,'residential','RM5','',150000,'',0,0,0,'','','','','',NULL,0,0,1244,'2024-05-02 06:35:37.280334',NULL,0);
INSERT INTO `propertyunit` VALUES (1597,'residential','RM6','',150000,'',0,0,0,'','','','','',NULL,0,0,1244,'2024-05-02 06:35:37.282800',NULL,0);
INSERT INTO `propertyunit` VALUES (1598,'residential','RM7','',150000,'',0,0,0,'','','','','',NULL,0,0,1244,'2024-05-02 06:35:37.285318',NULL,0);
INSERT INTO `propertyunit` VALUES (1599,'residential','RM8','',150000,'',0,0,0,'','','','','',NULL,0,0,1244,'2024-05-02 06:35:37.287800',NULL,0);
INSERT INTO `propertyunit` VALUES (1600,'residential','RM9','',150000,'',0,0,0,'','','','','',NULL,0,0,1244,'2024-05-02 06:35:37.290335',NULL,0);
INSERT INTO `propertyunit` VALUES (1601,'residential','RM10','',150000,'',0,0,0,'','','','','',NULL,0,0,1244,'2024-05-02 06:35:37.292835',NULL,0);
INSERT INTO `propertyunit` VALUES (1602,'residential','RM11','',150000,'',0,0,0,'','','','','',NULL,0,0,1244,'2024-05-02 06:35:37.295106',NULL,0);
INSERT INTO `propertyunit` VALUES (1603,'residential','RM12','',150000,'',0,0,0,'','','','','',NULL,0,0,1244,'2024-05-02 06:35:37.296804',NULL,0);
INSERT INTO `propertyunit` VALUES (1604,'residential','RM13','',150000,'',0,0,0,'','','','','',NULL,0,0,1244,'2024-05-02 06:35:37.298501',NULL,0);
INSERT INTO `propertyunit` VALUES (1605,'residential','RM14','',150000,'',0,0,0,'','','','','',NULL,0,0,1244,'2024-05-02 06:35:37.300514',NULL,0);
INSERT INTO `propertyunit` VALUES (1606,'residential','RM15','',150000,'',0,0,0,'','','','','',NULL,0,0,1244,'2024-05-02 06:35:37.302379',NULL,0);
INSERT INTO `propertyunit` VALUES (1607,'commercial','RM1','',120000,'',0,0,0,'','','','','',NULL,1,0,1245,'2024-05-02 06:46:23.530032',NULL,0);
INSERT INTO `propertyunit` VALUES (1608,'commercial','RM2','',120000,'',0,0,0,'','','','','',NULL,0,0,1245,'2024-05-02 06:46:23.532118',NULL,0);
INSERT INTO `propertyunit` VALUES (1609,'commercial','RM3','',120000,'',0,0,0,'','','','','',NULL,1,0,1245,'2024-05-02 06:46:23.534219',NULL,0);
INSERT INTO `propertyunit` VALUES (1610,'residential','RM4','',70000,'',0,0,0,'','','','','',NULL,0,0,1245,'2024-05-02 06:46:23.535861',NULL,0);
INSERT INTO `propertyunit` VALUES (1611,'residential','RM5','',70000,'',0,0,0,'','','','','','',1,0,1245,'2024-05-02 06:46:23.537808',NULL,0);
INSERT INTO `propertyunit` VALUES (1612,'residential','RM6','',70000,'',0,0,0,'','','','','',NULL,1,0,1245,'2024-05-02 06:46:23.539500',NULL,0);
INSERT INTO `propertyunit` VALUES (1613,'residential','RM7','',70000,'',0,0,0,'','','','','',NULL,0,0,1245,'2024-05-02 06:46:23.541127',NULL,0);
INSERT INTO `propertyunit` VALUES (1614,'residential','RM8','',70000,'',0,0,0,'','','','','',NULL,0,0,1245,'2024-05-02 06:46:23.543898',NULL,0);
INSERT INTO `propertyunit` VALUES (1615,'residential','RM9','',70000,'',0,0,0,'','','','','',NULL,1,0,1245,'2024-05-02 06:46:23.545930',NULL,0);
INSERT INTO `propertyunit` VALUES (1616,'residential','RM10','',70000,'',0,0,0,'','','','','',NULL,0,0,1245,'2024-05-02 06:46:23.547938',NULL,0);
INSERT INTO `propertyunit` VALUES (1617,'residential','RM11','',70000,'',0,0,0,'','','','','',NULL,0,0,1245,'2024-05-02 06:46:23.549862',NULL,0);
INSERT INTO `propertyunit` VALUES (1618,'residential','RM12','',70000,'',0,0,0,'','','','','',NULL,0,0,1245,'2024-05-02 06:46:23.551844',NULL,0);
INSERT INTO `propertyunit` VALUES (1619,'residential','RM13','',70000,'',0,0,0,'','','','','',NULL,0,0,1245,'2024-05-02 06:46:23.553981',NULL,0);
INSERT INTO `propertyunit` VALUES (1620,'residential','RM14','',70000,'',0,0,0,'','','','','',NULL,1,0,1245,'2024-05-02 06:46:23.555890',NULL,0);
INSERT INTO `propertyunit` VALUES (1621,'residential','RM15','',70000,'',0,0,0,'','','','','',NULL,0,0,1245,'2024-05-02 06:46:23.557959',NULL,0);
INSERT INTO `propertyunit` VALUES (1622,'residential','RM I','',80000,'',0,0,0,'','','','','','',0,0,1246,'2024-05-02 07:18:58.705805',NULL,0);
INSERT INTO `propertyunit` VALUES (1623,'residential','RM2','',70000,'',0,0,0,'','','','','','',0,0,1246,'2024-05-02 07:18:58.707847',NULL,0);
INSERT INTO `propertyunit` VALUES (1624,'residential','A','',80000,'',0,0,0,'','','','','',NULL,0,0,1246,'2024-05-02 07:18:58.709842',NULL,0);
INSERT INTO `propertyunit` VALUES (1625,'commercial','B','',150000,'',0,0,0,'','','','','','',0,0,1246,'2024-05-02 07:18:58.711783',NULL,0);
INSERT INTO `propertyunit` VALUES (1626,'residential','C','',75000,'',0,0,0,'','','','','','',1,0,1246,'2024-05-02 07:18:58.713698',NULL,0);
INSERT INTO `propertyunit` VALUES (1627,'residential','D','',90000,'',0,0,0,'','','','','','',0,0,1246,'2024-05-02 07:18:58.715627',NULL,0);
INSERT INTO `propertyunit` VALUES (1628,'residential','E','',90000,'',0,0,0,'','','','','',NULL,1,0,1246,'2024-05-02 07:18:58.717719',NULL,0);
INSERT INTO `propertyunit` VALUES (1629,'residential','F','',100000,'',0,0,0,'','','','','',NULL,1,0,1246,'2024-05-02 07:18:58.719334',NULL,0);
INSERT INTO `propertyunit` VALUES (1630,'residential','G','',90000,'',0,0,0,'','','','','',NULL,0,0,1246,'2024-05-02 07:18:58.720815',NULL,0);
INSERT INTO `propertyunit` VALUES (1631,'residential','H','',100000,'',0,0,0,'','','','','','',0,0,1246,'2024-05-02 07:18:58.722299',NULL,0);
INSERT INTO `propertyunit` VALUES (1632,'residential','RM1','',70000,'',0,0,0,'','','','','',NULL,1,0,1247,'2024-05-02 07:50:41.803815',NULL,0);
INSERT INTO `propertyunit` VALUES (1633,'residential','RM2','',70000,'',0,0,0,'','','','','','',0,0,1247,'2024-05-02 07:50:41.805526',NULL,0);
INSERT INTO `propertyunit` VALUES (1634,'residential','RM3','',80000,'',0,0,0,'','','','','',NULL,0,0,1247,'2024-05-02 07:50:41.807064',NULL,0);
INSERT INTO `propertyunit` VALUES (1635,'residential','RM4','',70000,'',0,0,0,'','','','','','',0,0,1247,'2024-05-02 07:50:41.808727',NULL,0);
INSERT INTO `propertyunit` VALUES (1636,'residential','RM5','',80000,'',0,0,0,'','','','','',NULL,0,0,1247,'2024-05-02 07:50:41.811050',NULL,0);
INSERT INTO `propertyunit` VALUES (1637,'residential','RM6','',80000,'',0,0,0,'','','','','',NULL,0,0,1247,'2024-05-02 07:50:41.812764',NULL,0);
INSERT INTO `propertyunit` VALUES (1638,'residential','RM7','',80000,'',0,0,0,'','','','','',NULL,0,0,1247,'2024-05-02 07:50:41.814379',NULL,0);
INSERT INTO `propertyunit` VALUES (1639,'residential','RM8','',80000,'',0,0,0,'','','','','',NULL,1,0,1247,'2024-05-02 07:50:41.815939',NULL,0);
INSERT INTO `propertyunit` VALUES (1640,'residential','RMQ','',500000,'',0,0,0,'','','','','',NULL,0,0,1248,'2024-05-07 08:09:10.176835',NULL,0);
INSERT INTO `propertyunit` VALUES (1641,'residential','RMY','',500000,'',0,0,0,'','','','','',NULL,1,0,1248,'2024-05-07 08:09:10.179841',NULL,0);
INSERT INTO `propertyunit` VALUES (1642,'residential','RMT','',300000,'',0,0,0,'','','','','',NULL,1,1,1248,'2024-05-07 08:09:10.183162',NULL,0);
INSERT INTO `propertyunit` VALUES (1643,'residential','RMZ','',500000,'',0,0,0,'','','','','',NULL,0,0,1248,'2024-05-07 08:09:10.186314',NULL,0);
INSERT INTO `propertyunit` VALUES (1644,'residential','RMR','',500000,'',0,0,0,'','','','','',NULL,1,1,1248,'2024-05-07 08:09:10.188862',NULL,0);
INSERT INTO `propertyunit` VALUES (1645,'residential','RMV','',350000,'',0,0,0,'','','','','',NULL,1,0,1248,'2024-05-07 08:09:10.191349',NULL,0);
INSERT INTO `propertyunit` VALUES (1646,'residential','RMW','',500000,'',0,0,0,'','','','','',NULL,0,0,1248,'2024-05-07 08:09:10.193820',NULL,0);
INSERT INTO `propertyunit` VALUES (1647,'residential','RM1','',500000,'',0,0,0,'','','','','',NULL,0,0,1249,'2024-05-10 11:30:34.241247',NULL,0);
INSERT INTO `propertyunit` VALUES (1648,'residential','RM2','',500000,'',0,0,0,'','','','','',NULL,0,0,1249,'2024-05-10 11:30:34.242542',NULL,0);
INSERT INTO `propertyunit` VALUES (1649,'residential','RM3','',500000,'',0,0,0,'','','','','',NULL,1,0,1249,'2024-05-10 11:30:34.244110',NULL,0);
INSERT INTO `propertyunit` VALUES (1650,'residential','RM5','',450000,'',0,0,0,'','','','','',NULL,0,0,1250,'2024-05-10 11:36:34.677533',NULL,0);
INSERT INTO `propertyunit` VALUES (1651,'residential','RM6','',450000,'',0,0,0,'','','','','',NULL,0,0,1250,'2024-05-10 11:36:34.679636',NULL,0);
INSERT INTO `propertyunit` VALUES (1652,'residential','RM7','',450000,'',0,0,0,'','','','','','',0,0,1250,'2024-05-10 11:36:34.681560',NULL,0);
INSERT INTO `propertyunit` VALUES (1653,'residential','RM8','',450000,'',0,0,0,'','','','','',NULL,0,0,1250,'2024-05-10 11:36:34.683435',NULL,0);
INSERT INTO `propertyunit` VALUES (1654,'residential','RM9','',450000,'',0,0,0,'','','','','',NULL,1,0,1250,'2024-05-10 11:36:34.685302',NULL,0);
INSERT INTO `propertyunit` VALUES (1655,'residential','RM10','',450000,'',0,0,0,'','','','','',NULL,0,0,1250,'2024-05-10 11:36:34.687271',NULL,0);
INSERT INTO `propertyunit` VALUES (1656,'residential','A','GROUND',300000,'',2,1,0,'','kitchen','Sitting_Room','Dinning_Room','not_available',NULL,1,1,1251,'2024-05-17 10:42:36.014366',NULL,0);
INSERT INTO `propertyunit` VALUES (1657,'residential','B','GROUND',300000,'DOUBLE',2,1,0,'','kitchen','Sitting_Room','not_available','not_available',NULL,1,0,1251,'2024-05-17 10:42:36.016658',NULL,0);
INSERT INTO `propertyunit` VALUES (1658,'residential','C','GROUND',300000,'',0,0,0,'','','','','',NULL,0,0,1251,'2024-05-17 10:42:36.018566',NULL,0);
INSERT INTO `propertyunit` VALUES (1659,'residential','D','GROUND',300000,'DOUBLE',0,0,0,'','','','','',NULL,1,0,1251,'2024-05-17 10:42:36.020395',NULL,0);
INSERT INTO `propertyunit` VALUES (1660,'residential','E','',300000,'',0,0,0,'','','','','',NULL,1,1,1251,'2024-05-17 10:42:36.022317',NULL,0);
INSERT INTO `propertyunit` VALUES (1661,'commercial','RESIDENTIAL ','',60000,'',0,0,0,'','','','','','',1,1,1197,'2024-05-18 05:42:25.202404',NULL,0);
INSERT INTO `propertyunit` VALUES (1672,'residential','RM13','',150000,'',0,0,0,'','','','','',NULL,0,0,1194,'2024-05-21 11:59:17.851269',NULL,0);
INSERT INTO `propertyunit` VALUES (1673,'residential','RM14','',150000,'',0,0,0,'','','','','',NULL,0,0,1194,'2024-05-21 11:59:17.855810',NULL,0);
INSERT INTO `propertyunit` VALUES (1674,'residential','RM15','',150000,'',0,0,0,'','','','','',NULL,0,0,1194,'2024-05-21 11:59:17.858611',NULL,0);
INSERT INTO `propertyunit` VALUES (1682,'commercial','CH1','',50000,'',0,0,0,'','','','','',NULL,0,0,1255,'2024-05-31 08:07:55.536734',NULL,0);
INSERT INTO `propertyunit` VALUES (1683,'commercial','CH2','',50000,'',0,0,0,'','','','','',NULL,0,0,1255,'2024-05-31 08:07:55.541884',NULL,0);
INSERT INTO `propertyunit` VALUES (1684,'residential','RM3','',50000,'',0,0,0,'','','','','',NULL,0,0,1255,'2024-05-31 08:07:55.544740',NULL,0);
INSERT INTO `propertyunit` VALUES (1685,'residential','RM4','',50000,'',0,0,0,'','','','','',NULL,1,1,1255,'2024-05-31 08:07:55.547294',NULL,0);
INSERT INTO `propertyunit` VALUES (1686,'residential','RM5','',50000,'',0,0,0,'','','','','',NULL,0,0,1255,'2024-05-31 08:07:55.550332',NULL,0);
INSERT INTO `propertyunit` VALUES (1687,'commercial','RM6','',50000,'',0,0,0,'','','','','',NULL,1,0,1255,'2024-05-31 08:07:55.553164',NULL,0);
INSERT INTO `propertyunit` VALUES (1688,'residential','RM7','',50000,'',0,0,0,'','','','','',NULL,0,0,1255,'2024-05-31 08:07:55.556401',NULL,0);
INSERT INTO `propertyunit` VALUES (1689,'residential','RM8','',50000,'',0,0,0,'','','','','',NULL,1,0,1255,'2024-05-31 08:07:55.559311',NULL,0);
INSERT INTO `propertyunit` VALUES (1690,'residential','RM9','',50000,'',0,0,0,'','','','','',NULL,0,0,1255,'2024-05-31 08:07:55.561870',NULL,0);
INSERT INTO `propertyunit` VALUES (1691,'residential','RM10','',50000,'',0,0,0,'','','','','',NULL,0,0,1255,'2024-05-31 08:07:55.564459',NULL,0);
INSERT INTO `propertyunit` VALUES (1692,'commercial','CH1','',120000,'',0,0,0,'','','','','',NULL,1,0,1256,'2024-05-31 09:24:58.146730',NULL,0);
INSERT INTO `propertyunit` VALUES (1693,'commercial','CH2','',110000,'',0,0,0,'','','','','',NULL,1,0,1256,'2024-05-31 09:24:58.153152',NULL,0);
INSERT INTO `propertyunit` VALUES (1694,'residential','RM1','',100000,'',0,0,0,'','','','','',NULL,0,0,1256,'2024-05-31 09:24:58.156043',NULL,0);
INSERT INTO `propertyunit` VALUES (1695,'residential','RM2','',110000,'',0,0,0,'','','','','',NULL,0,0,1256,'2024-05-31 09:24:58.158900',NULL,0);
INSERT INTO `propertyunit` VALUES (1696,'residential','RM3','',100000,'',0,0,0,'','','','','',NULL,0,0,1256,'2024-05-31 09:24:58.161760',NULL,0);
INSERT INTO `propertyunit` VALUES (1697,'residential','RM4','',100000,'',0,0,0,'','','','','',NULL,0,0,1256,'2024-05-31 09:24:58.164536',NULL,0);
INSERT INTO `propertyunit` VALUES (1698,'residential','RM5','',100000,'',0,0,0,'','','','','',NULL,0,0,1256,'2024-05-31 09:24:58.167560',NULL,0);
INSERT INTO `propertyunit` VALUES (1699,'residential','RM6','',100000,'',0,0,0,'','','','','',NULL,1,0,1256,'2024-05-31 09:24:58.170505',NULL,0);
INSERT INTO `propertyunit` VALUES (1700,'residential','RM7','',100000,'',0,0,0,'','','','','',NULL,0,0,1256,'2024-05-31 09:24:58.173461',NULL,0);
INSERT INTO `propertyunit` VALUES (1701,'residential','RM8','',100000,'',0,0,0,'','','','','',NULL,1,1,1256,'2024-05-31 09:24:58.179499',NULL,0);
INSERT INTO `propertyunit` VALUES (1702,'residential','RM9','',75000,'',0,0,0,'','','','','',NULL,1,0,1256,'2024-05-31 09:24:58.182577',NULL,0);
INSERT INTO `propertyunit` VALUES (1703,'residential','RM10','',100000,'',0,0,0,'','','','','',NULL,1,0,1256,'2024-05-31 09:24:58.189001',NULL,0);
INSERT INTO `propertyunit` VALUES (1704,'residential','RM11','',50000,'',0,0,0,'','','','','','',0,0,1256,'2024-05-31 09:24:58.192768',NULL,0);
INSERT INTO `propertyunit` VALUES (1705,'residential','RM12','',80000,'',0,0,0,'','','','','',NULL,1,1,1256,'2024-05-31 09:24:58.196086',NULL,0);
INSERT INTO `propertyunit` VALUES (1706,'residential','RM13','',80000,'',0,0,0,'','','','','',NULL,0,0,1256,'2024-05-31 09:24:58.198701',NULL,0);
INSERT INTO `propertyunit` VALUES (1707,'residential','RM14','',80000,'',0,0,0,'','','','','',NULL,0,0,1256,'2024-05-31 09:24:58.201165',NULL,0);
INSERT INTO `propertyunit` VALUES (1708,'residential','RM15','',80000,'',0,0,0,'','','','','',NULL,0,0,1256,'2024-05-31 09:24:58.203697',NULL,0);
INSERT INTO `propertyunit` VALUES (1709,'residential','RM16','',80000,'',0,0,0,'','','','','',NULL,1,0,1256,'2024-05-31 09:24:58.206318',NULL,0);
INSERT INTO `propertyunit` VALUES (1710,'residential','RM17','',80000,'',0,0,0,'','','','','',NULL,0,0,1256,'2024-05-31 09:24:58.209207',NULL,0);
INSERT INTO `propertyunit` VALUES (1711,'residential','RM18','',80000,'',0,0,0,'','','','','',NULL,1,0,1256,'2024-05-31 09:24:58.212304',NULL,0);
INSERT INTO `propertyunit` VALUES (1712,'residential','RM19','',80000,'',0,0,0,'','','','','',NULL,0,0,1256,'2024-05-31 09:24:58.215143',NULL,0);
INSERT INTO `propertyunit` VALUES (1713,'residential','RM20','',80000,'',0,0,0,'','','','','',NULL,1,1,1256,'2024-05-31 09:24:58.218002',NULL,0);
INSERT INTO `propertyunit` VALUES (1714,'residential','A','',70000,'',0,0,0,'','','','','',NULL,0,0,1257,'2024-06-05 06:14:04.694747',NULL,0);
INSERT INTO `propertyunit` VALUES (1715,'residential','B','',80000,'',0,0,0,'','','','','',NULL,1,0,1257,'2024-06-05 06:14:04.698098',NULL,0);
INSERT INTO `propertyunit` VALUES (1716,'residential','C','',70000,'',0,0,0,'','','','','',NULL,1,0,1257,'2024-06-05 06:14:04.701196',NULL,0);
INSERT INTO `propertyunit` VALUES (1717,'residential','D','Groud',70000,'Residential',0,0,0,'','not_available','not_available','not_available','not_available','',0,0,1257,'2024-06-05 06:14:04.703997',NULL,0);
INSERT INTO `propertyunit` VALUES (1718,'residential','E','',70000,'',0,0,0,'','','','','',NULL,1,0,1257,'2024-06-05 06:14:04.706387',NULL,0);
INSERT INTO `propertyunit` VALUES (1719,'residential','F','',70000,'',0,0,0,'','','','','',NULL,0,0,1257,'2024-06-05 06:14:04.709265',NULL,0);
INSERT INTO `propertyunit` VALUES (1720,'residential','G','',70000,'',0,0,0,'','','','','',NULL,0,0,1257,'2024-06-05 06:14:04.712010',NULL,0);
INSERT INTO `propertyunit` VALUES (1721,'residential','H','',70000,'',0,0,0,'','','','','',NULL,0,0,1257,'2024-06-05 06:14:04.714549',NULL,0);
INSERT INTO `propertyunit` VALUES (1722,'residential','I','',70000,'',0,0,0,'','','','','',NULL,1,0,1257,'2024-06-05 06:14:04.717272',NULL,0);
INSERT INTO `propertyunit` VALUES (1723,'residential','J','',70000,'',0,0,0,'','','','','',NULL,1,0,1257,'2024-06-05 06:14:04.719692',NULL,0);
INSERT INTO `propertyunit` VALUES (1724,'residential','K','',70000,'',0,0,0,'','','','','',NULL,0,0,1257,'2024-06-05 06:14:04.722489',NULL,0);
INSERT INTO `propertyunit` VALUES (1725,'residential','L','',70000,'',0,0,0,'','','','','',NULL,0,0,1257,'2024-06-05 06:14:04.725454',NULL,0);
INSERT INTO `propertyunit` VALUES (1726,'residential','RM1','',200000,'',0,0,0,'','','','','','',1,0,1258,'2024-06-05 06:49:37.939019',NULL,0);
INSERT INTO `propertyunit` VALUES (1727,'residential','RM2','',200000,'',0,0,0,'','','','','','',1,0,1258,'2024-06-05 06:49:37.941184',NULL,0);
INSERT INTO `propertyunit` VALUES (1728,'residential','RM3','',200000,'',0,0,0,'','','','','','',0,0,1258,'2024-06-05 06:49:37.943022',NULL,0);
INSERT INTO `propertyunit` VALUES (1729,'residential','RM4','',200000,'',0,0,0,'','','','','','',1,0,1258,'2024-06-05 06:49:37.944823',NULL,0);
INSERT INTO `propertyunit` VALUES (1730,'residential','RM5','',120000,'',0,0,0,'','','','','','',0,0,1258,'2024-06-05 06:49:37.946882',NULL,0);
INSERT INTO `propertyunit` VALUES (1731,'residential','RM6','',120000,'',0,0,0,'','','','','','',0,0,1258,'2024-06-05 06:49:37.949005',NULL,0);
INSERT INTO `propertyunit` VALUES (1732,'residential','RM7','',120000,'',0,0,0,'','','','','','',1,0,1258,'2024-06-05 06:49:37.951074',NULL,0);
INSERT INTO `propertyunit` VALUES (1733,'residential','RM8','',120000,'',0,0,0,'','','','','','',0,0,1258,'2024-06-05 06:49:37.953086',NULL,0);
INSERT INTO `propertyunit` VALUES (1734,'residential','RM9','',120000,'',0,0,0,'','','','','',NULL,0,0,1258,'2024-06-05 06:49:37.955006',NULL,0);
INSERT INTO `propertyunit` VALUES (1735,'residential','RM10','',120000,'',0,0,0,'','','','','',NULL,0,0,1258,'2024-06-05 06:49:37.957044',NULL,0);
INSERT INTO `propertyunit` VALUES (1736,'residential','RM11','',120000,'',0,0,0,'','','','','',NULL,1,0,1258,'2024-06-05 06:49:37.958873',NULL,0);
INSERT INTO `propertyunit` VALUES (1737,'residential','RM12','',120000,'',0,0,0,'','','','','',NULL,1,0,1258,'2024-06-05 06:49:37.961303',NULL,0);
INSERT INTO `propertyunit` VALUES (1738,'residential','RM13','',120000,'',0,0,0,'','','','','',NULL,1,0,1258,'2024-06-05 06:49:37.963269',NULL,0);
INSERT INTO `propertyunit` VALUES (1739,'residential','RM14','',120000,'',0,0,0,'','','','','',NULL,0,0,1258,'2024-06-05 06:49:37.965752',NULL,0);
INSERT INTO `propertyunit` VALUES (1740,'residential','RM15','',120000,'',0,0,0,'','','','','',NULL,1,0,1258,'2024-06-05 06:49:37.968140',NULL,0);
INSERT INTO `propertyunit` VALUES (1741,'residential','RM16','',120000,'',0,0,0,'','','','','',NULL,0,0,1258,'2024-06-05 06:49:37.970267',NULL,0);
INSERT INTO `propertyunit` VALUES (1742,'residential','RM17','',120000,'',0,0,0,'','','','','',NULL,0,0,1258,'2024-06-05 06:49:37.972296',NULL,0);
INSERT INTO `propertyunit` VALUES (1743,'residential','RM18','',120000,'',0,0,0,'','','','','',NULL,1,1,1258,'2024-06-05 06:49:37.974253',NULL,0);
INSERT INTO `propertyunit` VALUES (1744,'residential','RM19','',120000,'',0,0,0,'','','','','',NULL,0,0,1258,'2024-06-05 06:49:37.976317',NULL,0);
INSERT INTO `propertyunit` VALUES (1745,'residential','RM20','',180000,'',0,0,0,'','','','','',NULL,1,0,1258,'2024-06-05 06:49:37.978581',NULL,0);
INSERT INTO `propertyunit` VALUES (1746,'commercial','CH1','',150000,'',0,0,0,'','','','','',NULL,0,0,1259,'2024-06-10 08:16:24.434045',NULL,0);
INSERT INTO `propertyunit` VALUES (1747,'commercial','CH2','',150000,'',0,0,0,'','','','','',NULL,0,0,1259,'2024-06-10 08:16:24.435856',NULL,0);
INSERT INTO `propertyunit` VALUES (1748,'commercial','CH3','',150000,'',0,0,0,'','','','','',NULL,0,0,1259,'2024-06-10 08:16:24.437251',NULL,0);
INSERT INTO `propertyunit` VALUES (1749,'commercial','CH4','',150000,'',0,0,0,'','','','','',NULL,0,0,1259,'2024-06-10 08:16:24.438926',NULL,0);
INSERT INTO `propertyunit` VALUES (1750,'commercial','CH5','',150000,'',0,0,0,'','','','','',NULL,0,0,1259,'2024-06-10 08:16:24.440836',NULL,0);
INSERT INTO `propertyunit` VALUES (1751,'commercial','RM2','',70000,'',0,0,0,'','','','','',NULL,1,0,1191,'2024-06-17 09:36:30.042013',NULL,0);
INSERT INTO `propertyunit` VALUES (1752,'commercial','RM3','',70000,'',0,0,0,'','','','','',NULL,0,0,1191,'2024-06-17 09:36:30.046544',NULL,0);
INSERT INTO `propertyunit` VALUES (1753,'commercial','RM4','',70000,'',0,0,0,'','','','','',NULL,1,1,1191,'2024-06-17 09:36:30.052903',NULL,0);
INSERT INTO `propertyunit` VALUES (1754,'commercial','RM5','',70000,'',0,0,0,'','','','','','',1,1,1191,'2024-06-17 09:36:30.055049',NULL,0);
INSERT INTO `propertyunit` VALUES (1755,'commercial','RM6','',80000,'',0,0,0,'','','','','',NULL,1,0,1191,'2024-06-17 09:45:29.639822',NULL,0);
INSERT INTO `propertyunit` VALUES (1756,'commercial','RM7','',70000,'',0,0,0,'','','','','','',1,1,1191,'2024-06-17 09:45:29.642404',NULL,0);
INSERT INTO `propertyunit` VALUES (1757,'commercial','RM8','',80000,'',0,0,0,'','','','','',NULL,1,1,1191,'2024-06-17 09:45:29.644270',NULL,0);
INSERT INTO `propertyunit` VALUES (1758,'commercial','RM9','',70000,'',0,0,0,'','','','','','',1,1,1191,'2024-06-17 10:10:21.752671',NULL,0);
INSERT INTO `propertyunit` VALUES (1759,'commercial','RM10','',80000,'',0,0,0,'','','','','',NULL,1,1,1191,'2024-06-17 10:10:21.756152',NULL,0);
INSERT INTO `propertyunit` VALUES (1760,'commercial','CH1','',200000,'',0,0,0,'','','','','',NULL,0,0,1260,'2024-06-18 09:52:57.136204',NULL,0);
INSERT INTO `propertyunit` VALUES (1761,'commercial','CH2','',250000,'',0,0,0,'','','','','',NULL,1,0,1260,'2024-06-18 09:52:57.138183',NULL,0);
INSERT INTO `propertyunit` VALUES (1762,'commercial','CH3','',250000,'',0,0,0,'','','','','',NULL,1,0,1260,'2024-06-18 09:52:57.139762',NULL,0);
INSERT INTO `propertyunit` VALUES (1763,'commercial','CH4','',250000,'',0,0,0,'','','','','',NULL,1,0,1260,'2024-06-18 09:52:57.141254',NULL,0);
INSERT INTO `propertyunit` VALUES (1764,'commercial','CH5','',250000,'',0,0,0,'','','','','',NULL,0,0,1260,'2024-06-18 09:52:57.142879',NULL,0);
INSERT INTO `propertyunit` VALUES (1765,'commercial','CH6','',250000,'',0,0,0,'','','','','',NULL,1,1,1260,'2024-06-18 09:52:57.144571',NULL,0);
INSERT INTO `propertyunit` VALUES (1766,'commercial','CH7','',250000,'',0,0,0,'','','','','',NULL,1,0,1260,'2024-06-18 09:52:57.146186',NULL,0);
INSERT INTO `propertyunit` VALUES (1767,'commercial','CH1','',200000,'',0,0,0,'','','','','','',0,0,1261,'2024-06-18 11:04:24.018257',NULL,0);
INSERT INTO `propertyunit` VALUES (1768,'commercial','CH2','',250000,'',0,0,0,'','','','','',NULL,0,0,1261,'2024-06-18 11:04:24.020577',NULL,0);
INSERT INTO `propertyunit` VALUES (1769,'commercial','CH3','',200000,'',0,0,0,'','','','','',NULL,0,0,1261,'2024-06-18 11:04:24.022426',NULL,0);
INSERT INTO `propertyunit` VALUES (1770,'commercial','CH4','',200000,'',0,0,0,'','','','','',NULL,1,1,1261,'2024-06-18 11:04:24.024193',NULL,0);
INSERT INTO `propertyunit` VALUES (1787,'residential','RM1','',250000,'',0,0,0,'','','','','',NULL,0,0,1263,'2024-07-15 10:10:37.929131',NULL,0);
INSERT INTO `propertyunit` VALUES (1788,'residential','RM2','',250000,'',NULL,NULL,NULL,'','','','','',NULL,1,1,1263,'2024-07-15 10:10:37.932212',NULL,0);
INSERT INTO `propertyunit` VALUES (1789,'residential','RM3','',250000,'',NULL,NULL,NULL,'','','','','',NULL,1,1,1263,'2024-07-15 10:10:37.933862',NULL,0);
INSERT INTO `propertyunit` VALUES (1790,'residential','RM4','',250000,'',NULL,NULL,NULL,'','','','','',NULL,1,1,1263,'2024-07-15 10:10:37.935507',NULL,0);
INSERT INTO `propertyunit` VALUES (1791,'residential','RM5','',200000,'',NULL,NULL,NULL,'','','','','','',0,0,1263,'2024-07-15 10:10:37.937246',NULL,0);
INSERT INTO `propertyunit` VALUES (1792,'residential','RM6','',250000,'',NULL,NULL,NULL,'','','','','',NULL,0,0,1263,'2024-07-15 10:10:37.938938',NULL,0);
INSERT INTO `propertyunit` VALUES (1793,'residential','RM7','',250000,'',NULL,NULL,NULL,'','','','','',NULL,0,0,1263,'2024-07-15 10:10:37.940577',NULL,0);
INSERT INTO `propertyunit` VALUES (1794,'residential','RM8','',250000,'',NULL,NULL,NULL,'','','','','',NULL,1,1,1263,'2024-07-15 10:10:37.943138',NULL,0);
INSERT INTO `propertyunit` VALUES (1795,'residential','RM9','',250000,'',NULL,NULL,NULL,'','','','','',NULL,1,1,1263,'2024-07-15 10:10:37.945271',NULL,0);
INSERT INTO `propertyunit` VALUES (1805,'commercial','CM1','',200000,'',0,0,0,'','','','','',NULL,0,0,1265,'2024-07-29 09:53:28.820778',NULL,0);
INSERT INTO `propertyunit` VALUES (1806,'commercial','CM2','',200000,'',0,0,0,'','','','','',NULL,0,0,1265,'2024-07-29 09:53:28.826187',NULL,0);
INSERT INTO `propertyunit` VALUES (1807,'commercial','CM3','',200000,'',0,0,0,'','','','','',NULL,0,0,1265,'2024-07-29 09:53:28.829253',NULL,0);
INSERT INTO `propertyunit` VALUES (1808,'commercial','CM4','',200000,'',0,0,0,'','','','','',NULL,0,0,1265,'2024-07-29 09:53:28.832041',NULL,0);
INSERT INTO `propertyunit` VALUES (1809,'commercial','CM5','',150000,'',0,0,0,'','','','','',NULL,1,1,1265,'2024-07-29 09:53:28.834893',NULL,0);
INSERT INTO `propertyunit` VALUES (1810,'commercial','CM6','',200000,'',0,0,0,'','','','','',NULL,0,0,1265,'2024-07-29 09:53:28.838089',NULL,0);
INSERT INTO `propertyunit` VALUES (1811,'residential','RESIDENTIAL','',150000,'',0,0,0,'','','','','',NULL,0,0,1265,'2024-07-29 09:53:28.841129',NULL,0);
INSERT INTO `propertyunit` VALUES (2101,'commercial','ROOM001','GROUND',180000,'',0,0,0,'','','','','',NULL,0,0,1279,'2024-07-30 13:35:53.625260',NULL,0);
INSERT INTO `propertyunit` VALUES (2102,'commercial','SHOP1','GROUND',400000,'',0,0,0,'','','','','',NULL,0,0,1279,'2024-07-30 13:35:53.627441',NULL,0);
INSERT INTO `propertyunit` VALUES (2103,'commercial','ROOM1-13','FIRST FLOOR',200000,'',0,0,0,'','','','','','',1,0,1279,'2024-07-30 13:35:53.629873',NULL,0);
INSERT INTO `propertyunit` VALUES (2104,'commercial','ROOM1-7-8','FIRST FLOOR',360000,'',0,0,0,'','','','','',NULL,1,0,1279,'2024-07-30 13:35:53.631828',NULL,0);
INSERT INTO `propertyunit` VALUES (2105,'commercial','ROOM1-11','FIRST FLOOR',177000,'',0,0,0,'','','','','',NULL,1,0,1279,'2024-07-30 13:35:53.633701',NULL,0);
INSERT INTO `propertyunit` VALUES (2106,'commercial','ROOM2-1-2','SECOND FLOOR',300000,'',0,0,0,'','','','','',NULL,0,0,1279,'2024-07-30 13:35:53.635601',NULL,0);
INSERT INTO `propertyunit` VALUES (2107,'commercial','ROOM2-6','SECOND FLOOR',236000,'',0,0,0,'','','','','',NULL,1,0,1279,'2024-07-30 13:35:53.637619',NULL,0);
INSERT INTO `propertyunit` VALUES (2108,'commercial','ROOM2-5','SECOND FLOOR',250000,'',0,0,0,'','','','','',NULL,1,0,1279,'2024-07-30 13:35:53.639521',NULL,0);
INSERT INTO `propertyunit` VALUES (2109,'commercial','ROOM1-3','FIRST FLOOR',250000,'',0,0,0,'','','','','',NULL,1,0,1279,'2024-07-30 13:35:53.641389',NULL,0);
INSERT INTO `propertyunit` VALUES (2110,'commercial','ROOM2-12','SECOND FLOOR',300000,'',0,0,0,'','','','','',NULL,1,0,1279,'2024-07-30 13:35:53.643227',NULL,0);
INSERT INTO `propertyunit` VALUES (2111,'commercial','ROOM003','GROUND',177000,'',0,0,0,'','','','','',NULL,1,0,1279,'2024-07-30 13:35:53.645142',NULL,0);
INSERT INTO `propertyunit` VALUES (2112,'commercial','ROOM6&8','GROUND',600000,'',0,0,0,'','','','','',NULL,1,0,1279,'2024-07-30 13:35:53.647132',NULL,0);
INSERT INTO `propertyunit` VALUES (2113,'commercial','SHOOP3&6','GROUND',600000,'',0,0,0,'','','','','',NULL,0,0,1279,'2024-07-30 13:35:53.671023',NULL,0);
INSERT INTO `propertyunit` VALUES (2114,'commercial','ROOM1-2/1-5','FIRST FLOOR',500000,'',0,0,0,'','','','','',NULL,1,0,1279,'2024-07-30 13:35:53.673168',NULL,0);
INSERT INTO `propertyunit` VALUES (2115,'commercial','ROOM1-1','GROUND',300000,'',0,0,0,'','','','','',NULL,1,0,1279,'2024-07-30 13:35:53.675063',NULL,0);
INSERT INTO `propertyunit` VALUES (2116,'commercial','ROOM1-4','FIRST FLOOR',350000,'',0,0,0,'','','','','',NULL,1,0,1279,'2024-07-30 13:35:53.677803',NULL,0);
INSERT INTO `propertyunit` VALUES (2117,'commercial','ROOM10','GROUND',170000,'',0,0,0,'','','','','',NULL,1,0,1279,'2024-07-30 13:35:53.679773',NULL,0);
INSERT INTO `propertyunit` VALUES (2118,'commercial','ROOM2-4','SECOND FLOOR',250000,'',0,0,0,'','','','','',NULL,1,0,1279,'2024-07-30 13:35:53.681730',NULL,0);
INSERT INTO `propertyunit` VALUES (2119,'commercial','ROOM2-3','SECOND FLOOR',300000,'',0,0,0,'','','','','',NULL,1,0,1279,'2024-07-30 13:35:53.683588',NULL,0);
INSERT INTO `propertyunit` VALUES (2120,'commercial','ROOM2-1','SECOND FLOOR',250000,'',0,0,0,'','','','','',NULL,1,0,1279,'2024-07-30 13:35:53.743373',NULL,0);
INSERT INTO `propertyunit` VALUES (2121,'commercial','ROOM002','GROUND',180000,'',0,0,0,'','','','','',NULL,1,0,1279,'2024-07-30 13:35:53.749875',NULL,0);
INSERT INTO `propertyunit` VALUES (2122,'commercial','ROOM009','GROUND',200000,'',0,0,0,'','','','','',NULL,1,0,1279,'2024-07-30 13:35:53.781401',NULL,0);
INSERT INTO `propertyunit` VALUES (2123,'commercial','ROOM1-12','FIRST FLOOR',200000,'',0,0,0,'','','','','',NULL,1,0,1279,'2024-07-30 13:35:53.800141',NULL,0);
INSERT INTO `propertyunit` VALUES (2124,'commercial','ROOM1-6','FIRST FLOOR',500000,'',0,0,0,'','','','','',NULL,0,0,1279,'2024-07-30 13:35:53.812792',NULL,0);
INSERT INTO `propertyunit` VALUES (2125,'commercial','ROOM.002','GROUND',300000,'',0,0,0,'','','','','','',0,0,1279,'2024-07-30 13:35:53.815479',NULL,0);
INSERT INTO `propertyunit` VALUES (2127,'commercial','ROOM004','GROUND',200000,'',0,0,0,'','','','','',NULL,0,0,1279,'2024-07-30 13:35:53.820569',NULL,0);
INSERT INTO `propertyunit` VALUES (2128,'commercial','ROOM1-7-9','FIRST FLOOR',200000,'',0,0,0,'','','','','',NULL,0,0,1279,'2024-07-30 13:35:53.823072',NULL,0);
INSERT INTO `propertyunit` VALUES (2129,'residential','STAND ALONE HOUSE','Ground ',1000000,'',4,2,0,'','','','','not_available','',0,0,1280,'2024-08-02 08:07:46.407687',NULL,0);
INSERT INTO `propertyunit` VALUES (2130,'residential','X','Ground Floor',500000,'Duplex',2,1,3,'','','','','',NULL,1,0,1248,'2024-08-07 06:18:37.927556',NULL,0);
INSERT INTO `propertyunit` VALUES (2223,'commercial','RM8B','',70000,'',0,0,0,'','','','','',NULL,1,1,1222,'2024-08-11 15:07:18.553577',NULL,0);
INSERT INTO `propertyunit` VALUES (2228,'commercial','CH1','',150000,'',0,0,0,'','','','','',NULL,0,0,1285,'2024-08-14 13:19:00.766837',NULL,0);
INSERT INTO `propertyunit` VALUES (2229,'commercial','CH2','',150000,'',0,0,0,'','','','','',NULL,1,1,1285,'2024-08-14 13:19:00.769607',NULL,0);
INSERT INTO `propertyunit` VALUES (2230,'commercial','CH3','',150000,'',0,0,0,'','','','','',NULL,1,1,1285,'2024-08-14 13:19:00.772139',NULL,0);
INSERT INTO `propertyunit` VALUES (2231,'commercial','CH4','',150000,'',0,0,0,'','','','','',NULL,0,0,1285,'2024-08-14 13:19:00.774801',NULL,0);
INSERT INTO `propertyunit` VALUES (2232,'residential','RM001','',60000,'',0,0,0,'','','','','',NULL,0,0,1285,'2024-08-14 13:19:00.777546',NULL,0);
INSERT INTO `propertyunit` VALUES (2233,'residential','RM002','',60000,'',0,0,0,'','','','','',NULL,1,1,1285,'2024-08-14 13:19:00.780648',NULL,0);
INSERT INTO `propertyunit` VALUES (2234,'residential','RM003','',60000,'',0,0,0,'','','','','',NULL,1,1,1285,'2024-08-14 13:19:00.783448',NULL,0);
INSERT INTO `propertyunit` VALUES (2235,'residential','RM004','',60000,'',0,0,0,'','','','','',NULL,0,0,1285,'2024-08-14 13:19:00.786365',NULL,0);
INSERT INTO `propertyunit` VALUES (2236,'residential','RM005','',60000,'',0,0,0,'','','','','',NULL,1,1,1285,'2024-08-14 13:19:00.789948',NULL,0);
INSERT INTO `propertyunit` VALUES (2237,'residential','RM006','',60000,'',0,0,0,'','','','','',NULL,0,0,1285,'2024-08-14 13:19:00.794073',NULL,0);
INSERT INTO `propertyunit` VALUES (2238,'residential','RM007','',60000,'',0,0,0,'','','','','',NULL,0,0,1285,'2024-08-14 13:19:00.797237',NULL,0);
INSERT INTO `propertyunit` VALUES (2239,'residential','RM008','',60000,'',0,0,0,'','','','','',NULL,0,0,1285,'2024-08-14 13:19:00.800133',NULL,0);
INSERT INTO `propertyunit` VALUES (2240,'residential','RM009','',60000,'',0,0,0,'','','','','',NULL,1,1,1285,'2024-08-14 13:19:00.802926',NULL,0);
INSERT INTO `propertyunit` VALUES (2241,'residential','RM010','',60000,'',0,0,0,'','','','','',NULL,1,1,1285,'2024-08-14 13:19:00.805952',NULL,0);
INSERT INTO `propertyunit` VALUES (2242,'residential','RM011','',60000,'',0,0,0,'','','','','',NULL,1,1,1285,'2024-08-14 13:19:00.809074',NULL,0);
INSERT INTO `propertyunit` VALUES (2243,'residential','RM012','',60000,'',0,0,0,'','','','','',NULL,0,0,1285,'2024-08-14 13:19:00.812048',NULL,0);
INSERT INTO `propertyunit` VALUES (2244,'residential','RM013','',60000,'',0,0,0,'','','','','',NULL,0,0,1285,'2024-08-14 13:19:00.815465',NULL,0);
INSERT INTO `propertyunit` VALUES (2245,'residential','RM1','',60000,'',0,0,0,'','','','','',NULL,1,1,1286,'2024-08-14 14:17:10.679939',NULL,0);
INSERT INTO `propertyunit` VALUES (2246,'residential','RM2','',60000,'',0,0,0,'','','','','',NULL,0,0,1286,'2024-08-14 14:17:10.686466',NULL,0);
INSERT INTO `propertyunit` VALUES (2247,'residential','RM3','',60000,'',0,0,0,'','','','','',NULL,0,0,1286,'2024-08-14 14:17:10.688702',NULL,0);
INSERT INTO `propertyunit` VALUES (2248,'residential','RM4','',60000,'',0,0,0,'','','','','',NULL,0,0,1286,'2024-08-14 14:17:10.690740',NULL,0);
INSERT INTO `propertyunit` VALUES (2249,'residential','RM5','',60000,'',0,0,0,'','','','','',NULL,1,1,1286,'2024-08-14 14:17:10.692768',NULL,0);
INSERT INTO `propertyunit` VALUES (2250,'residential','RM6','',60000,'',0,0,0,'','','','','',NULL,1,1,1286,'2024-08-14 14:17:10.694947',NULL,0);
INSERT INTO `propertyunit` VALUES (2251,'residential','RM7','',60000,'',0,0,0,'','','','','',NULL,0,0,1286,'2024-08-14 14:17:10.697180',NULL,0);
INSERT INTO `propertyunit` VALUES (2252,'residential','RM8','',40000,'',0,0,0,'','','','','','',0,0,1286,'2024-08-14 14:17:10.699310',NULL,0);
INSERT INTO `propertyunit` VALUES (2253,'residential','RM9','',60000,'',0,0,0,'','','','','',NULL,1,1,1286,'2024-08-14 14:17:10.701443',NULL,0);
INSERT INTO `propertyunit` VALUES (2254,'residential','RM10','',60000,'',0,0,0,'','','','','',NULL,1,1,1286,'2024-08-14 14:17:10.703492',NULL,0);
INSERT INTO `propertyunit` VALUES (2255,'residential','RM11','',60000,'',0,0,0,'','','','','',NULL,0,0,1286,'2024-08-14 14:17:10.705590',NULL,0);
INSERT INTO `propertyunit` VALUES (2256,'residential','RM12','',60000,'',0,0,0,'','','','','',NULL,1,1,1286,'2024-08-14 14:17:10.707739',NULL,0);
INSERT INTO `propertyunit` VALUES (2257,'residential','RM13','',60000,'',0,0,0,'','','','','',NULL,1,1,1286,'2024-08-14 14:17:10.709857',NULL,0);
INSERT INTO `propertyunit` VALUES (2258,'residential','RM14','',60000,'',0,0,0,'','','','','',NULL,1,1,1286,'2024-08-14 14:17:10.711938',NULL,0);
INSERT INTO `propertyunit` VALUES (2259,'residential','RM15','',60000,'',0,0,0,'','','','','',NULL,0,0,1286,'2024-08-14 14:17:10.714043',NULL,0);
INSERT INTO `propertyunit` VALUES (2260,'residential','RM16','',60000,'',0,0,0,'','','','','',NULL,0,0,1286,'2024-08-14 14:17:10.716426',NULL,0);
INSERT INTO `propertyunit` VALUES (2261,'residential','RM17','',60000,'',0,0,0,'','','','','',NULL,1,1,1286,'2024-08-14 14:17:10.718602',NULL,0);
INSERT INTO `propertyunit` VALUES (2262,'residential','11','',80000,'',0,0,0,'','','','','',NULL,0,0,1191,'2024-09-02 17:40:22.087731',NULL,0);
INSERT INTO `propertyunit` VALUES (2263,'commercial','ROOM14','',40000,'',0,0,0,'','','','','',NULL,0,0,1285,'2024-09-02 17:43:19.868391',NULL,0);
INSERT INTO `propertyunit` VALUES (2264,'commercial','RM14','',40000,'',0,0,0,'','','','','',NULL,0,0,1285,'2024-09-02 17:43:19.870777',NULL,0);
INSERT INTO `propertyunit` VALUES (2265,'residential','RM18','',40000,'',0,0,0,'','','','','','',1,1,1286,'2024-09-11 15:41:41.834634',NULL,0);
INSERT INTO `propertyunit` VALUES (2266,'commercial','CM10','',100000,'',0,0,0,'','','','','',NULL,0,0,1210,'2024-09-30 15:07:05.535284',NULL,0);
INSERT INTO `propertyunit` VALUES (2270,'residential','RM','',60000,'Single',0,0,0,'','not_available','not_available','not_available','not_available',NULL,1,1,1288,'2024-10-03 08:32:02.010103',NULL,0);
INSERT INTO `propertyunit` VALUES (2271,'residential','RM1','',60000,'Single ',0,0,0,'','not_available','not_available','not_available','not_available','',0,0,1288,'2024-10-03 08:47:54.227455',NULL,0);
INSERT INTO `propertyunit` VALUES (2272,'residential','RM2','',60000,'Single ',0,0,0,'','not_available','not_available','not_available','not_available','',1,1,1288,'2024-10-03 08:47:54.229782',NULL,0);
INSERT INTO `propertyunit` VALUES (2273,'residential','RM3','',60000,'Single ',0,0,0,'','not_available','not_available','not_available','not_available','',0,0,1288,'2024-10-03 08:47:54.231735',NULL,0);
INSERT INTO `propertyunit` VALUES (2274,'residential','RM4','',60000,'Single ',0,0,0,'','not_available','not_available','not_available','not_available','',0,0,1288,'2024-10-03 08:47:54.233666',NULL,0);
INSERT INTO `propertyunit` VALUES (2275,'residential','RM5','',60000,'Single ',0,0,0,'','not_available','not_available','not_available','not_available','',0,0,1288,'2024-10-03 08:47:54.235503',NULL,0);
INSERT INTO `propertyunit` VALUES (2276,'residential','RM6','',60000,'Single ',0,0,0,'','not_available','not_available','not_available','not_available','',0,0,1288,'2024-10-03 08:47:54.237315',NULL,0);
INSERT INTO `propertyunit` VALUES (2277,'residential','RM7','',60000,'Single ',0,0,0,'','not_available','not_available','not_available','not_available','',1,1,1288,'2024-10-03 08:47:54.239127',NULL,0);
INSERT INTO `propertyunit` VALUES (2278,'residential','RM8','',60000,'Single ',0,0,0,'','not_available','not_available','not_available','not_available','',1,1,1288,'2024-10-03 08:47:54.240909',NULL,0);
INSERT INTO `propertyunit` VALUES (2279,'residential','RM9','',60000,'Single ',0,0,0,'','not_available','not_available','not_available','not_available','',1,1,1288,'2024-10-03 08:47:54.242603',NULL,0);
INSERT INTO `propertyunit` VALUES (2280,'residential','RM10','',60000,'Single ',0,0,0,'','not_available','not_available','not_available','not_available','',1,1,1288,'2024-10-03 08:47:54.244434',NULL,0);
INSERT INTO `propertyunit` VALUES (2281,'residential','RM11','',60000,'Single ',0,0,0,'','not_available','not_available','not_available','not_available','',0,0,1288,'2024-10-03 08:47:54.246238',NULL,0);
INSERT INTO `propertyunit` VALUES (2282,'residential','RM12','',60000,'Single ',0,0,0,'','not_available','not_available','not_available','not_available','',1,1,1288,'2024-10-03 08:47:54.248107',NULL,0);
INSERT INTO `propertyunit` VALUES (2283,'residential','RM13','',60000,'Single ',0,0,0,'','not_available','not_available','not_available','not_available','',1,1,1288,'2024-10-03 08:47:54.249949',NULL,0);
INSERT INTO `propertyunit` VALUES (2284,'residential','RM14','',60000,'Single ',0,0,0,'','not_available','not_available','not_available','not_available','',1,1,1288,'2024-10-03 08:47:54.251812',NULL,0);
INSERT INTO `propertyunit` VALUES (2303,'residential','ROOM 1','',100000,'Single ',0,1,0,'','kitchen','not_available','not_available','not_available',NULL,0,0,1291,'2024-10-04 13:37:35.851573',NULL,0);
INSERT INTO `propertyunit` VALUES (2304,'residential','ROOM 2','',100000,'Single ',0,1,0,'','kitchen','not_available','not_available','not_available',NULL,1,1,1291,'2024-10-04 13:37:35.853574',NULL,0);
INSERT INTO `propertyunit` VALUES (2305,'residential','ROOM 3','',100000,'Single ',0,1,0,'','kitchen','not_available','not_available','not_available',NULL,1,1,1291,'2024-10-04 13:37:35.855456',NULL,0);
INSERT INTO `propertyunit` VALUES (2306,'residential','ROOM 4','',100000,'Single ',0,1,0,'','kitchen','not_available','not_available','not_available',NULL,1,1,1291,'2024-10-04 13:37:35.857934',NULL,0);
INSERT INTO `propertyunit` VALUES (2307,'residential','ROOM 5','',160000,'Single ',0,1,0,'','kitchen','not_available','not_available','not_available',NULL,1,1,1291,'2024-10-04 13:37:35.859929',NULL,0);
INSERT INTO `propertyunit` VALUES (2308,'residential','ROOM 6','',100000,'Single ',0,1,0,'','kitchen','not_available','not_available','not_available',NULL,0,0,1291,'2024-10-04 13:37:35.861782',NULL,0);
INSERT INTO `propertyunit` VALUES (2309,'residential','ROOM 7','',100000,'Single ',0,1,0,'','kitchen','not_available','not_available','not_available',NULL,0,0,1291,'2024-10-04 13:37:35.864052',NULL,0);
INSERT INTO `propertyunit` VALUES (2310,'residential','ROOM 8','',100000,'Single ',0,1,0,'','kitchen','not_available','not_available','not_available',NULL,1,1,1291,'2024-10-04 13:37:35.865737',NULL,0);
INSERT INTO `propertyunit` VALUES (2311,'residential','ROOM 9','',100000,'Single ',0,1,0,'','kitchen','not_available','not_available','not_available',NULL,0,0,1291,'2024-10-04 13:37:35.867593',NULL,0);
INSERT INTO `propertyunit` VALUES (2313,'residential','RM 1','',330000,'',0,0,0,'','','','','',NULL,1,1,1292,'2024-10-17 08:51:08.577310',NULL,0);
INSERT INTO `propertyunit` VALUES (2314,'residential','RM 2','',200000,'',0,0,0,'','','','','',NULL,1,1,1292,'2024-10-17 08:51:08.579820',NULL,0);
INSERT INTO `propertyunit` VALUES (2315,'residential','RM 3','',200000,'',0,0,0,'','','','','',NULL,1,1,1292,'2024-10-17 08:51:08.582369',NULL,0);
INSERT INTO `propertyunit` VALUES (2316,'residential','RM 4','',80000,'',0,0,0,'','','','','',NULL,1,1,1292,'2024-10-17 08:51:08.584040',NULL,0);
INSERT INTO `propertyunit` VALUES (2317,'residential','RM 5','',80000,'',0,0,0,'','','','','',NULL,1,1,1292,'2024-10-17 08:51:08.585742',NULL,0);
INSERT INTO `propertyunit` VALUES (2318,'residential','RM 6','',80000,'',0,0,0,'','','','','',NULL,1,1,1292,'2024-10-17 08:51:08.587618',NULL,0);
INSERT INTO `propertyunit` VALUES (2319,'residential','RM 1','',100000,'',0,0,0,'','','','','',NULL,1,1,1293,'2024-10-17 09:24:01.217670',142,0);
INSERT INTO `propertyunit` VALUES (2320,'residential','RM 2','',90000,'',0,0,0,'','','','','',NULL,0,0,1293,'2024-10-17 09:24:01.225016',NULL,0);
INSERT INTO `propertyunit` VALUES (2321,'residential','RM 3','',150000,'',0,0,0,'','','','','',NULL,1,1,1293,'2024-10-17 09:24:01.232170',NULL,0);
INSERT INTO `propertyunit` VALUES (2322,'residential','RM4','',50000,'',0,0,0,'','','','','',NULL,0,0,1293,'2024-10-17 09:24:01.234665',NULL,0);
INSERT INTO `propertyunit` VALUES (2323,'residential','RM5','',50000,'',0,0,0,'','','','','',NULL,1,1,1293,'2024-10-17 09:24:01.237061',NULL,0);
INSERT INTO `propertyunit` VALUES (2324,'residential','RM6','',50000,'',0,0,0,'','','','','',NULL,1,1,1293,'2024-10-17 09:24:01.239381',NULL,0);
INSERT INTO `propertyunit` VALUES (2325,'residential','RM 7','',50000,'',0,0,0,'','','','','','',1,1,1293,'2024-10-17 09:24:01.242139',NULL,0);
INSERT INTO `propertyunit` VALUES (2326,'residential','RM 8','',65000,'',0,0,0,'','','','','',NULL,1,1,1293,'2024-10-17 09:24:01.244892',NULL,0);
INSERT INTO `propertyunit` VALUES (2327,'residential','RM 9','',60000,'',0,0,0,'','','','','',NULL,1,1,1293,'2024-10-17 09:24:01.247892',NULL,0);
INSERT INTO `propertyunit` VALUES (2328,'residential','RM 10','',65000,'',0,0,0,'','','','','',NULL,0,0,1293,'2024-10-17 09:24:01.250940',NULL,0);
INSERT INTO `propertyunit` VALUES (2329,'residential','RM 11','',65000,'',0,0,0,'','','','','',NULL,0,0,1293,'2024-10-17 09:24:01.253414',NULL,0);
INSERT INTO `propertyunit` VALUES (2330,'residential','RM 12','',65000,'',0,0,0,'','','','','',NULL,1,1,1293,'2024-10-17 09:24:01.255948',NULL,0);
INSERT INTO `propertyunit` VALUES (2331,'residential','RM13','',50000,'',0,0,0,'','','','','','',0,0,1293,'2024-10-17 09:24:01.259358',NULL,0);
INSERT INTO `propertyunit` VALUES (2332,'residential','RM 1 ','',50000,'Single ',0,0,0,'','','','','',NULL,1,1,1294,'2024-10-21 09:18:12.055721',NULL,0);
INSERT INTO `propertyunit` VALUES (2333,'residential','RM 2 ','',50000,'Single ',0,0,0,'','','','','',NULL,1,1,1294,'2024-10-21 09:18:12.060254',NULL,0);
INSERT INTO `propertyunit` VALUES (2334,'residential','RM 3 ','',50000,'Double ',0,0,0,'','','','','','',1,1,1294,'2024-10-21 09:18:12.066894',NULL,0);
INSERT INTO `propertyunit` VALUES (2335,'residential','RM 4','',50000,'Single ',0,0,0,'','','','','',NULL,0,0,1294,'2024-10-21 09:18:12.074277',NULL,0);
INSERT INTO `propertyunit` VALUES (2336,'residential','RM 5','',50000,'Single ',0,0,0,'','','','','',NULL,1,1,1294,'2024-10-21 09:18:12.078094',NULL,0);
INSERT INTO `propertyunit` VALUES (2337,'residential','RM 6','',50000,'Single ',0,0,0,'','','','','',NULL,0,0,1294,'2024-10-21 09:18:12.081504',NULL,0);
INSERT INTO `propertyunit` VALUES (2338,'residential','RM 7','',50000,'Single ',0,0,0,'','','','','',NULL,1,1,1294,'2024-10-21 09:18:12.087188',NULL,0);
INSERT INTO `propertyunit` VALUES (2339,'residential','RM 8','',50000,'',0,0,0,'','','','','',NULL,0,0,1294,'2024-10-21 09:18:12.090801',NULL,0);
INSERT INTO `propertyunit` VALUES (2340,'residential','RM 9','',50000,'Single ',0,0,0,'','','','','',NULL,0,0,1294,'2024-10-21 09:18:12.097324',NULL,0);
INSERT INTO `propertyunit` VALUES (2341,'residential','RM 1','',50000,'Single ',0,0,0,'','','','','',NULL,1,1,1295,'2024-10-21 10:16:03.772812',NULL,0);
INSERT INTO `propertyunit` VALUES (2342,'residential','RM2','',50000,'Single ',0,0,0,'','','','','',NULL,1,1,1295,'2024-10-21 10:16:03.777488',NULL,0);
INSERT INTO `propertyunit` VALUES (2343,'residential','RM3','',50000,'Single ',0,0,0,'','','','','',NULL,1,1,1295,'2024-10-21 10:16:03.780057',NULL,0);
INSERT INTO `propertyunit` VALUES (2344,'residential','RM 4','',50000,'Single ',0,0,0,'','','','','',NULL,1,1,1295,'2024-10-21 10:16:03.792437',NULL,0);
INSERT INTO `propertyunit` VALUES (2345,'residential','RM 5','',50000,'Single ',0,0,0,'','','','','',NULL,1,1,1295,'2024-10-21 10:16:03.795048',NULL,0);
INSERT INTO `propertyunit` VALUES (2346,'residential','RM 6','',50000,'Single ',0,0,0,'','','','','',NULL,0,0,1295,'2024-10-21 10:16:03.797319',NULL,0);
INSERT INTO `propertyunit` VALUES (2348,'residential','RM1','',150000,'Single ',0,1,0,'','','','','',NULL,0,0,1297,'2024-11-04 08:33:47.998365',NULL,0);
INSERT INTO `propertyunit` VALUES (2349,'residential','RM2','',150000,'Single ',0,1,0,'','','','','',NULL,1,1,1297,'2024-11-04 08:33:48.008494',NULL,0);
INSERT INTO `propertyunit` VALUES (2350,'residential','RM3','',150000,'',0,1,0,'','','','','',NULL,1,1,1297,'2024-11-04 08:33:48.055495',NULL,0);
INSERT INTO `propertyunit` VALUES (2351,'residential','RM4','',150000,'Single ',0,1,0,'','','','','',NULL,1,1,1297,'2024-11-04 08:33:48.085928',NULL,0);
INSERT INTO `propertyunit` VALUES (2352,'residential','RM5','',150000,'Single ',0,0,0,'','','','','',NULL,0,0,1297,'2024-11-04 08:33:48.136258',NULL,0);
INSERT INTO `propertyunit` VALUES (2353,'residential','RM6','',150000,'Single ',0,1,0,'','','','','',NULL,0,0,1297,'2024-11-04 08:33:48.164321',NULL,0);
INSERT INTO `propertyunit` VALUES (2354,'residential','RM7','',150000,'Single ',0,1,0,'','','','','',NULL,1,1,1297,'2024-11-04 08:33:48.188155',NULL,0);
INSERT INTO `propertyunit` VALUES (2355,'residential','RM8','',150000,'',0,1,0,'','','','','',NULL,1,1,1297,'2024-11-04 08:33:48.190149',NULL,0);
INSERT INTO `propertyunit` VALUES (2356,'residential','RM9','',150000,'Single ',0,1,0,'','','','','',NULL,0,0,1297,'2024-11-04 08:33:48.207776',NULL,0);
INSERT INTO `propertyunit` VALUES (2357,'residential','RM10','',150000,'',0,1,0,'','','','','',NULL,0,0,1297,'2024-11-04 08:33:48.213563',NULL,0);
INSERT INTO `propertyunit` VALUES (2358,'residential','RM11','',150000,'Single ',0,1,0,'','','','','',NULL,0,0,1297,'2024-11-04 08:33:48.219460',NULL,0);
INSERT INTO `propertyunit` VALUES (2359,'residential','RM12','',150000,'Single ',0,1,0,'','','','','',NULL,1,1,1297,'2024-11-04 08:33:48.225995',NULL,0);
INSERT INTO `propertyunit` VALUES (2360,'residential','RM13','',150000,'Single ',0,1,0,'','','','','',NULL,1,1,1297,'2024-11-04 08:33:48.233489',NULL,0);
INSERT INTO `propertyunit` VALUES (2361,'residential','RM14','',150000,'Single ',0,1,0,'','','','','',NULL,0,0,1297,'2024-11-04 08:33:48.239296',NULL,0);
INSERT INTO `propertyunit` VALUES (2362,'residential','RM15','',150000,'Single ',0,1,0,'','','','','',NULL,1,1,1297,'2024-11-04 08:33:48.244828',NULL,0);
INSERT INTO `propertyunit` VALUES (2363,'commercial','CH1','',150000,'',0,0,0,'','','','','',NULL,1,1,1298,'2024-11-04 09:09:39.794982',NULL,0);
INSERT INTO `propertyunit` VALUES (2364,'residential','RM2','',150000,'Single ',0,0,0,'','','','','',NULL,0,0,1298,'2024-11-04 09:09:39.816461',NULL,0);
INSERT INTO `propertyunit` VALUES (2365,'residential','RM3','',150000,'Single ',0,0,0,'','','','','',NULL,1,1,1298,'2024-11-04 09:09:39.845538',NULL,0);
INSERT INTO `propertyunit` VALUES (2366,'residential','RM4','',150000,'Double ',0,0,0,'','','','','',NULL,1,1,1298,'2024-11-04 09:09:39.890272',NULL,0);
INSERT INTO `propertyunit` VALUES (2367,'residential','RM5','',150000,'Double ',0,0,0,'','','','','',NULL,1,1,1298,'2024-11-04 09:09:39.929620',NULL,0);
INSERT INTO `propertyunit` VALUES (2368,'residential','RM1','',60000,'',0,0,0,'','','','','',NULL,1,1,1299,'2024-11-27 13:09:52.846900',NULL,0);
INSERT INTO `propertyunit` VALUES (2369,'residential','RM2','',60000,'',0,0,0,'','','','','',NULL,1,1,1299,'2024-11-27 13:09:52.858868',NULL,0);
INSERT INTO `propertyunit` VALUES (2370,'residential','RM3','',100000,'',0,0,0,'','','','','',NULL,1,1,1299,'2024-11-27 13:09:52.867103',NULL,0);
INSERT INTO `propertyunit` VALUES (2371,'residential','RM4','',60000,'',0,0,0,'','','','','',NULL,0,0,1299,'2024-11-27 13:09:52.869421',NULL,0);
INSERT INTO `propertyunit` VALUES (2372,'residential','RM5','',60000,'',0,0,0,'','','','','',NULL,1,1,1299,'2024-11-27 13:09:52.871643',NULL,0);
INSERT INTO `propertyunit` VALUES (2373,'residential','RM6','',60000,'',0,0,0,'','','','','',NULL,0,0,1299,'2024-11-27 13:09:52.873744',NULL,0);
INSERT INTO `propertyunit` VALUES (2374,'residential','RM7','',60000,'',0,0,0,'','','','','',NULL,0,0,1299,'2024-11-27 13:09:52.875829',NULL,0);
INSERT INTO `propertyunit` VALUES (2375,'residential','RM8','',60000,'',0,0,0,'','','','','',NULL,1,1,1299,'2024-11-27 13:09:52.877874',NULL,0);
INSERT INTO `propertyunit` VALUES (2376,'residential','RM9','',60000,'',0,0,0,'','','','','',NULL,1,1,1299,'2024-11-27 13:09:52.880023',NULL,0);
INSERT INTO `propertyunit` VALUES (2377,'residential','RM10','',60000,'',0,0,0,'','','','','','',0,0,1299,'2024-11-27 13:09:52.882173',NULL,0);
INSERT INTO `propertyunit` VALUES (2378,'residential','RM11','',100000,'',0,0,0,'','','','','','',1,1,1299,'2024-11-27 13:09:52.884315',NULL,0);
INSERT INTO `propertyunit` VALUES (2379,'residential','RM 12','',60000,'',0,0,0,'','','','','',NULL,1,1,1299,'2024-11-27 13:09:52.886338',NULL,0);
INSERT INTO `propertyunit` VALUES (2380,'residential','RM13','',60000,'',0,0,0,'','','','','',NULL,1,1,1299,'2024-11-27 13:09:52.888401',NULL,0);
INSERT INTO `propertyunit` VALUES (2381,'residential','RM14','',60000,'',0,0,0,'','','','','',NULL,0,0,1299,'2024-11-27 13:09:52.890596',NULL,0);
INSERT INTO `propertyunit` VALUES (2382,'residential','RM15','',60000,'',0,0,0,'','','','','',NULL,0,0,1299,'2024-11-27 13:09:52.892875',NULL,0);
INSERT INTO `propertyunit` VALUES (2383,'residential','RM16','',60000,'',0,0,0,'','','','','',NULL,1,1,1299,'2024-11-27 13:09:52.895029',NULL,0);
INSERT INTO `propertyunit` VALUES (2384,'residential','RM1','',40000,'',0,0,0,'','','','','',NULL,1,1,1300,'2024-12-03 06:12:02.509035',NULL,0);
INSERT INTO `propertyunit` VALUES (2385,'residential','RM2','',80000,'',0,0,0,'','','','','',NULL,1,1,1300,'2024-12-03 06:12:02.511461',NULL,0);
INSERT INTO `propertyunit` VALUES (2386,'residential','RM3','',50000,'',0,0,0,'','','','','',NULL,1,1,1300,'2024-12-03 06:12:02.513412',NULL,0);
INSERT INTO `propertyunit` VALUES (2387,'residential','RM4','',80000,'',0,0,0,'','','','','',NULL,1,1,1300,'2024-12-03 06:12:02.515330',NULL,0);
INSERT INTO `propertyunit` VALUES (2388,'residential','RM5','',50000,'',0,0,0,'','','','','',NULL,1,1,1300,'2024-12-03 06:12:02.517359',NULL,0);
INSERT INTO `propertyunit` VALUES (2389,'residential','RM6','',80000,'',0,0,0,'','','','','',NULL,1,1,1300,'2024-12-03 06:12:02.519459',NULL,0);
INSERT INTO `propertyunit` VALUES (2390,'residential','RM7','',50000,'',0,0,0,'','','','','',NULL,0,0,1300,'2024-12-03 06:12:02.521480',NULL,0);
INSERT INTO `propertyunit` VALUES (2391,'residential','RM8','',80000,'',0,0,0,'','','','','',NULL,0,0,1300,'2024-12-03 06:12:02.523438',NULL,0);
INSERT INTO `propertyunit` VALUES (2392,'residential','RM9','',80000,'',0,0,0,'','','','','',NULL,1,1,1300,'2024-12-03 06:12:02.525563',NULL,0);
INSERT INTO `propertyunit` VALUES (2393,'residential','RM10','',50000,'',0,0,0,'','','','','',NULL,1,1,1300,'2024-12-03 06:12:02.527672',NULL,0);
INSERT INTO `propertyunit` VALUES (2394,'commercial','CH1','',70000,'',0,0,0,'','','','','',NULL,0,0,1301,'2025-01-10 14:46:31.998952',NULL,0);
INSERT INTO `propertyunit` VALUES (2395,'commercial','CH2','',70000,'',0,0,0,'','','','','',NULL,0,0,1301,'2025-01-10 15:02:20.243070',NULL,0);
INSERT INTO `propertyunit` VALUES (2396,'commercial','CH3','',70000,'',0,0,0,'','','','','',NULL,1,1,1301,'2025-01-10 15:03:45.609615',NULL,0);
INSERT INTO `propertyunit` VALUES (2397,'commercial','CH4','',70000,'',0,0,0,'','','','','',NULL,0,0,1301,'2025-01-10 15:03:45.611732',NULL,0);
INSERT INTO `propertyunit` VALUES (2398,'residential','RM1','',50000,'',0,0,0,'','','','','',NULL,0,0,1301,'2025-01-10 15:05:36.919414',NULL,0);
INSERT INTO `propertyunit` VALUES (2399,'residential','RM2','',50000,'',0,0,0,'','','','','',NULL,1,1,1301,'2025-01-10 15:05:36.921530',NULL,0);
INSERT INTO `propertyunit` VALUES (2400,'residential','RM3','',50000,'',0,0,0,'','','','','',NULL,0,0,1301,'2025-01-10 15:07:05.468963',NULL,0);
INSERT INTO `propertyunit` VALUES (2401,'residential','RM4','',50000,'',0,0,0,'','','','','',NULL,0,0,1301,'2025-01-10 15:09:02.790573',NULL,0);
INSERT INTO `propertyunit` VALUES (2402,'residential','RM5','',50000,'',0,0,0,'','','','','',NULL,1,1,1301,'2025-01-10 15:09:02.792686',NULL,0);
INSERT INTO `propertyunit` VALUES (2406,'residential','RM6','',50000,'',0,0,0,'','','','','',NULL,0,0,1301,'2025-01-11 06:38:47.095670',NULL,0);
INSERT INTO `propertyunit` VALUES (2407,'residential','RM7','',50000,'',0,0,0,'','','','','',NULL,0,0,1301,'2025-01-11 06:38:47.097699',NULL,0);
INSERT INTO `propertyunit` VALUES (2408,'residential','RM8','',50000,'',0,0,0,'','','','','',NULL,0,0,1301,'2025-01-11 06:38:47.099352',NULL,0);
INSERT INTO `propertyunit` VALUES (2409,'residential','RM9','',50000,'',0,0,0,'','','','','',NULL,0,0,1301,'2025-01-21 07:05:15.009859',NULL,0);
INSERT INTO `propertyunit` VALUES (2410,'residential','RM10','',50000,'',0,0,0,'','','','','',NULL,1,1,1301,'2025-01-21 07:05:15.012700',NULL,0);
INSERT INTO `propertyunit` VALUES (2411,'residential','RM11','',50000,'',0,0,0,'','','','','',NULL,0,0,1301,'2025-01-21 07:05:15.015396',NULL,0);
INSERT INTO `propertyunit` VALUES (2412,'residential','RM1\'2','',70000,'',0,0,0,'','','','','',NULL,0,0,1166,'2025-02-02 12:10:18.349701',NULL,0);
INSERT INTO `propertyunit` VALUES (2413,'commercial','CH1','',120000,'',0,0,0,'','not_available','not_available','not_available','not_available',NULL,1,1,1302,'2025-03-05 13:20:51.244246',NULL,0);
INSERT INTO `propertyunit` VALUES (2414,'commercial','CH2','',120000,'',NULL,NULL,NULL,'','not_available','not_available','not_available','not_available',NULL,1,1,1302,'2025-03-05 13:20:51.264674',NULL,0);
INSERT INTO `propertyunit` VALUES (2415,'residential','RM1','',60000,'Single ',NULL,NULL,NULL,'','not_available','not_available','not_available','not_available',NULL,0,0,1302,'2025-03-05 13:20:51.268840',NULL,0);
INSERT INTO `propertyunit` VALUES (2416,'residential','RM2','',60000,'Single ',NULL,NULL,NULL,'','not_available','not_available','not_available','not_available',NULL,1,1,1302,'2025-03-05 13:20:51.274387',NULL,0);
INSERT INTO `propertyunit` VALUES (2417,'residential','RM3','',60000,'Single',NULL,NULL,NULL,'','not_available','not_available','not_available','not_available',NULL,1,1,1302,'2025-03-05 13:20:51.278583',NULL,0);
INSERT INTO `propertyunit` VALUES (2418,'residential','RM4','',60000,'Single ',NULL,NULL,NULL,'','not_available','not_available','not_available','not_available',NULL,1,1,1302,'2025-03-05 13:20:51.282530',NULL,0);
INSERT INTO `propertyunit` VALUES (2419,'residential','RM5','',100000,'Double ',NULL,NULL,NULL,'','not_available','not_available','not_available','not_available',NULL,0,0,1302,'2025-03-05 13:20:51.286483',NULL,0);
INSERT INTO `propertyunit` VALUES (2420,'residential','RM6','',60000,'Single ',NULL,NULL,NULL,'','not_available','not_available','not_available','not_available',NULL,1,1,1302,'2025-03-05 13:20:51.301128',NULL,0);
INSERT INTO `propertyunit` VALUES (2421,'residential','STAND ALONE ','',1000000,'',4,2,6,'','kitchen','Sitting_Room','Dinning_Room','Garage',NULL,1,1,1280,'2025-03-10 14:15:23.215493',NULL,0);
INSERT INTO `propertyunit` VALUES (2422,'residential','RM 8','',60000,'',0,0,0,'','','','','',NULL,0,0,1303,'2025-04-14 08:59:57.189759',NULL,0);
INSERT INTO `propertyunit` VALUES (2423,'residential','RM11','',60000,'',0,0,0,'','','','','',NULL,0,0,1303,'2025-04-14 08:59:57.194486',NULL,0);
INSERT INTO `propertyunit` VALUES (2424,'commercial','RM1','',60000,'',0,0,0,'','','','','',NULL,1,1,1303,'2025-04-14 09:18:54.721212',NULL,0);
INSERT INTO `propertyunit` VALUES (2425,'residential','RM2','',60000,'',0,0,0,'','','','','',NULL,1,1,1303,'2025-04-16 07:43:00.424121',NULL,0);
INSERT INTO `propertyunit` VALUES (2426,'residential','RM3','',60000,'',0,0,0,'','','','','',NULL,1,1,1303,'2025-04-16 07:43:00.427453',NULL,0);
INSERT INTO `propertyunit` VALUES (2427,'residential','RM4','',60000,'',0,0,0,'','','','','',NULL,1,1,1303,'2025-04-16 07:43:00.429153',NULL,0);
INSERT INTO `propertyunit` VALUES (2428,'residential','RM5','',60000,'',0,0,0,'','','','','',NULL,1,1,1303,'2025-04-16 07:48:37.211147',NULL,0);
INSERT INTO `propertyunit` VALUES (2429,'residential','RM6','',60000,'',0,0,0,'','','','','',NULL,1,1,1303,'2025-04-16 07:48:37.221483',NULL,0);
INSERT INTO `propertyunit` VALUES (2430,'residential','RM7','',60000,'',0,0,0,'','','','','',NULL,1,1,1303,'2025-04-16 07:48:37.264173',NULL,0);
INSERT INTO `propertyunit` VALUES (2431,'residential','RM9','',60000,'',0,0,0,'','','','','',NULL,1,1,1303,'2025-04-16 07:48:37.299949',NULL,0);
INSERT INTO `propertyunit` VALUES (2432,'residential','RM10','',60000,'',0,0,0,'','','','','',NULL,0,0,1303,'2025-04-16 07:48:37.347036',NULL,0);
INSERT INTO `propertyunit` VALUES (2433,'residential','RM12','',60000,'',0,0,0,'','','','','',NULL,1,1,1303,'2025-04-16 07:48:37.383261',NULL,0);
INSERT INTO `propertyunit` VALUES (2434,'residential','ROOM 1','',350000,'',2,1,2,'','not_available','Sitting_Room','Dinning_Room','not_available',NULL,1,1,1304,'2025-05-08 07:40:24.291603',NULL,0);
INSERT INTO `propertyunit` VALUES (2435,'residential','ROOM 2','',600000,'',2,1,4,'','kitchen','Sitting_Room','Dinning_Room','not_available',NULL,0,0,1304,'2025-05-08 07:40:24.294432',NULL,0);
INSERT INTO `propertyunit` VALUES (2436,'residential','RM1','',40000,'Single ',0,0,0,'','','','','',NULL,0,0,1305,'2025-06-09 06:10:36.777600',NULL,0);
INSERT INTO `propertyunit` VALUES (2437,'residential','RM2','',40000,'Single ',0,0,0,'','','','','',NULL,0,0,1305,'2025-06-09 06:10:36.782416',NULL,0);
INSERT INTO `propertyunit` VALUES (2438,'residential','RM3','',40000,'Single ',0,0,0,'','','','','',NULL,0,0,1305,'2025-06-09 06:10:36.784871',NULL,0);
INSERT INTO `propertyunit` VALUES (2439,'residential','RM4','',40000,'Single ',0,0,0,'','','','','',NULL,0,0,1305,'2025-06-09 06:10:36.787705',NULL,0);
INSERT INTO `propertyunit` VALUES (2440,'residential','RM5','',40000,'Single ',0,0,0,'','','','','',NULL,0,0,1305,'2025-06-09 06:10:36.790133',NULL,0);
INSERT INTO `propertyunit` VALUES (2441,'residential','RM6','',40000,'Single ',0,0,0,'','','','','',NULL,0,0,1305,'2025-06-09 06:10:36.792394',NULL,0);
INSERT INTO `propertyunit` VALUES (2442,'residential','RM7','',40000,'Single ',0,0,0,'','','','','',NULL,0,0,1305,'2025-06-09 06:10:36.794854',NULL,0);
INSERT INTO `propertyunit` VALUES (2443,'residential','RM8','',40000,'Single ',0,0,0,'','','','','',NULL,0,0,1305,'2025-06-09 06:10:36.797631',NULL,0);
INSERT INTO `propertyunit` VALUES (2444,'residential','RM9','',40000,'Single ',0,0,0,'','','','','',NULL,0,0,1305,'2025-06-09 06:10:36.801679',NULL,0);
INSERT INTO `propertyunit` VALUES (2445,'residential','RM10','',40000,'Single ',0,0,0,'','','','','',NULL,0,0,1305,'2025-06-09 06:10:36.803506',NULL,0);
INSERT INTO `propertyunit` VALUES (2446,'residential','RM11','',80000,'Double ',0,0,0,'','','','','',NULL,0,0,1305,'2025-06-09 06:10:36.805206',NULL,0);
INSERT INTO `propertyunit` VALUES (2447,'residential','RM12','',80000,'Double ',0,0,0,'','','','','',NULL,0,0,1305,'2025-06-09 06:10:36.807445',NULL,0);
INSERT INTO `propertyunit` VALUES (2448,'commercial','CH1','',80000,'',0,0,0,'','','','','',NULL,0,0,1305,'2025-06-09 06:10:36.811580',NULL,0);
INSERT INTO `propertyunit` VALUES (2449,'commercial','CH2','',100000,'',0,0,0,'','','','','',NULL,0,0,1305,'2025-06-09 06:10:36.815836',NULL,0);
INSERT INTO `propertyunit` VALUES (2450,'commercial','CH3','',100000,'',0,0,0,'','','','','',NULL,0,0,1305,'2025-06-09 06:10:36.820777',NULL,0);
INSERT INTO `propertyunit` VALUES (2451,'commercial','CH4','',100000,'',0,0,0,'','','','','',NULL,0,0,1305,'2025-06-09 06:10:36.824690',NULL,0);
INSERT INTO `propertyunit` VALUES (2452,'residential','RM 1','',50000,'Single ',0,1,0,'','','','','',NULL,1,1,1306,'2025-06-10 07:15:11.285356',NULL,0);
INSERT INTO `propertyunit` VALUES (2453,'residential','RM2','',50000,'Single ',0,1,0,'','','','','',NULL,1,1,1306,'2025-06-10 07:15:11.326874',NULL,0);
INSERT INTO `propertyunit` VALUES (2454,'residential','RM3','',50000,'Single ',0,1,0,'','','','','',NULL,0,0,1306,'2025-06-10 07:15:11.432892',NULL,0);
INSERT INTO `propertyunit` VALUES (2455,'residential','RM4','',50000,'Single ',0,1,0,'','','','','',NULL,1,1,1306,'2025-06-10 07:15:11.439188',NULL,0);
INSERT INTO `propertyunit` VALUES (2456,'residential','RM5','',50000,'Single ',0,1,0,'','','','','',NULL,1,1,1306,'2025-06-10 07:15:11.443503',NULL,0);
INSERT INTO `propertyunit` VALUES (2457,'residential','RM6','',50000,'Single ',0,1,0,'','','','','',NULL,1,1,1306,'2025-06-10 07:15:11.450235',NULL,0);
INSERT INTO `propertyunit` VALUES (2458,'residential','RM 1','',120000,'Double ',0,1,0,'','kitchen','','','',NULL,0,0,1307,'2025-06-26 07:03:19.378045',NULL,0);
INSERT INTO `propertyunit` VALUES (2459,'residential','RM2','',70000,'Single ',0,1,0,'','kitchen','','','',NULL,1,1,1307,'2025-06-26 07:03:19.415775',NULL,0);
INSERT INTO `propertyunit` VALUES (2460,'residential','RM3','',70000,'Single ',0,1,0,'','kitchen','','','',NULL,1,1,1307,'2025-06-26 07:03:19.429651',NULL,0);
INSERT INTO `propertyunit` VALUES (2461,'residential','RM4','',70000,'Single ',0,1,0,'','kitchen','','','',NULL,1,1,1307,'2025-06-26 07:03:19.439638',NULL,0);
INSERT INTO `propertyunit` VALUES (2462,'commercial','CH 1','',200000,'Single ',0,0,0,'','','','','',NULL,0,0,1308,'2025-06-26 07:22:52.132254',NULL,0);
INSERT INTO `propertyunit` VALUES (2463,'commercial','CH 2','',200000,'Single ',0,0,0,'','','','','',NULL,1,1,1308,'2025-06-26 07:22:52.134621',NULL,0);
INSERT INTO `propertyunit` VALUES (2464,'residential','RM 1','',100000,'Single ',0,0,0,'','','','','',NULL,0,0,1308,'2025-06-26 07:22:52.136868',NULL,0);
INSERT INTO `propertyunit` VALUES (2465,'residential','RM2','',100000,'Single ',0,0,0,'','','','','',NULL,0,0,1308,'2025-06-26 07:22:52.139008',NULL,0);
INSERT INTO `propertyunit` VALUES (2466,'residential','RM3','',100000,'Single ',0,0,0,'','','','','',NULL,1,1,1308,'2025-06-26 07:22:52.141148',NULL,0);
INSERT INTO `propertyunit` VALUES (2467,'residential','RM4','',100000,'Single ',0,0,0,'','','','','',NULL,1,1,1308,'2025-06-26 07:22:52.143324',NULL,0);
INSERT INTO `propertyunit` VALUES (2468,'residential','RM5','',100000,'Single ',0,0,0,'','','','','',NULL,0,0,1308,'2025-06-26 07:22:52.145417',NULL,0);
DELIMITER ;;
/*!50003 CREATE*/ /*!50017 DEFINER=`estatesmanager`@`localhost`*/ /*!50003 TRIGGER `before_inserting_propertyunit` 
BEFORE INSERT ON `propertyunit`
FOR EACH ROW 
BEGIN
    SET NEW.active = NEW.unitstatus;
END */;;
DELIMITER ;
DELIMITER ;;
/*!50003 CREATE*/ /*!50017 DEFINER=`estatesmanager`@`localhost`*/ /*!50003 TRIGGER before_update_propertyunit
BEFORE UPDATE ON `propertyunit`
FOR EACH ROW
BEGIN
    SET NEW.active = NEW.unitstatus;
END */;;
DELIMITER ;

--
