-- Table structure for table `auth_rule`
--

CREATE TABLE `auth_rule` (
  `name` varchar(64) NOT NULL,
  `data` blob DEFAULT NULL,
  `created_at` int(11) DEFAULT NULL,
  `updated_at` int(11) DEFAULT NULL,
  PRIMARY KEY (`name`)
) ENGINE=InnoDB DEFAULT CHARSET=utf8mb3 COLLATE=utf8mb3_unicode_ci;

--
-- Dumping data for table `auth_rule`
--


--
-- Table structure for table `banking`
--

CREATE TABLE `banking` (
  `id` int(11) NOT NULL AUTO_INCREMENT,
  `bank` int(11) NOT NULL,
  `account` varchar(250) NOT NULL,
  `number` varchar(250) NOT NULL,
  `saving` int(11) NOT NULL,
  `user` int(11) NOT NULL,
  `username` varchar(250) NOT NULL,
  `date` timestamp(6) NOT NULL DEFAULT current_timestamp(6),
  PRIMARY KEY (`id`),
  KEY `user` (`user`),
  KEY `bank` (`bank`),
  CONSTRAINT `banking_ibfk_1` FOREIGN KEY (`user`) REFERENCES `user` (`id`) ON DELETE CASCADE ON UPDATE CASCADE,
  CONSTRAINT `banking_ibfk_2` FOREIGN KEY (`bank`) REFERENCES `subcategories` (`id`) ON DELETE CASCADE ON UPDATE CASCADE
) ENGINE=InnoDB AUTO_INCREMENT=23 DEFAULT CHARSET=utf8mb4 COLLATE=utf8mb4_general_ci;

--
-- Dumping data for table `banking`
--

INSERT INTO `banking` VALUES (11,15,'','100475',50000,138,'Tumusiime Ian','2024-10-02 08:58:08.749232');
INSERT INTO `banking` VALUES (16,16,'TEST ACCOUNT','11003225',667671600,17,'superadmin','2024-11-27 08:55:36.103299');
INSERT INTO `banking` VALUES (17,12,'CRANE PROPERTIES (U) LTD','2305606737',190000,138,'Tumusiime Ian','2024-11-27 09:08:50.372034');
DELIMITER ;;
/*!50003 CREATE*/ /*!50017 DEFINER=`estatesmanager`@`localhost`*/ /*!50003 TRIGGER `after_insert_or_update_banking` AFTER INSERT ON `banking` FOR EACH ROW BEGIN
    -- Check if the bank_id already exists in the banksavings table
    IF EXISTS (SELECT 1 FROM `banksavings` WHERE `bank_id` = NEW.bank) THEN
        -- If the record exists, update the total_savings by adding the new saving amount
        UPDATE `banksavings`
        SET `total_savings` = `total_savings` + NEW.saving
        WHERE `bank_id` = NEW.bank;
    ELSE
        -- If the record does not exist, insert a new record
        INSERT INTO `banksavings` (`bank_id`, `total_savings`)
        VALUES (NEW.bank, NEW.saving);
    END IF;
END */;;
DELIMITER ;

--
-- Table structure for table `banksavings`
--

CREATE TABLE `banksavings` (
  `id` int(11) NOT NULL AUTO_INCREMENT,
  `bank_id` int(11) NOT NULL,
  `total_savings` bigint(20) NOT NULL DEFAULT 0,
  PRIMARY KEY (`id`),
  UNIQUE KEY `unique_bank` (`bank_id`),
  CONSTRAINT `banksavings_ibfk_1` FOREIGN KEY (`bank_id`) REFERENCES `subcategories` (`id`) ON DELETE CASCADE ON UPDATE CASCADE
) ENGINE=InnoDB AUTO_INCREMENT=13 DEFAULT CHARSET=utf8mb4 COLLATE=utf8mb4_general_ci;

--
-- Dumping data for table `banksavings`
--

INSERT INTO `banksavings` VALUES (10,16,4);
DELIMITER ;;
/*!50003 CREATE*/ /*!50017 DEFINER=`estatesmanager`@`localhost`*/ /*!50003 TRIGGER `update_total_savings_after_update` 
AFTER UPDATE ON `banksavings`
FOR EACH ROW 
BEGIN
    DECLARE new_total_savings BIGINT;

    -- Recalculate the total_savings for the bank_id of the updated record
    SELECT SUM(`total_savings`) INTO new_total_savings
    FROM `banksavings`
    WHERE `bank_id` = NEW.bank_id;

    -- Check if total_savings is calculated successfully
    IF new_total_savings IS NOT NULL THEN
        -- Update the corresponding row in subcategories table
        UPDATE `subcategories`
        SET `total` = new_total_savings
        WHERE `id` = NEW.bank_id;
    END IF;
END */;;
DELIMITER ;

--
-- Table structure for table `blogs`
--

CREATE TABLE `blogs` (
  `id` int(11) NOT NULL AUTO_INCREMENT,
  `name` varchar(4000) NOT NULL,
  `description` longtext NOT NULL,
  `imageFile` varchar(3000) DEFAULT NULL,
  `cover` varchar(3000) DEFAULT NULL,
  `date` timestamp(6) NOT NULL DEFAULT current_timestamp(6) ON UPDATE current_timestamp(6),
  PRIMARY KEY (`id`)
) ENGINE=InnoDB AUTO_INCREMENT=13 DEFAULT CHARSET=utf8mb4 COLLATE=utf8mb4_general_ci;

--
-- Dumping data for table `blogs`
--

INSERT INTO `blogs` VALUES (4,'The Importance of Having a Property Manager in Uganda','<h3 style=\"line-height: 1.3em; margin-right: 0px; margin-bottom: 13px; margin-left: 0px; border: 0px; outline: 0px; padding: 0px; vertical-align: baseline;\"><p class=\"MsoTitle\" style=\"\"><b style=\"color: rgb(50, 58, 69); font-family: Roboto; font-size: 1.75rem; background-color: var(--bs-card-bg); text-align: var(--bs-body-text-align);\">By Nkalubo Dickson</b><br></p><p class=\"MsoNormal\" style=\"color: rgb(50, 58, 69); font-family: Roboto;\">Managing property can be a daunting task, especially in a\r\ndynamic and growing real estate market like Uganda’s. Property owners often\r\nfind themselves overwhelmed by the responsibilities that come with managing\r\ntenants, collecting rent, and maintaining the property. This is where property\r\nmanagers step in, offering valuable services that streamline the process and\r\nenhance the investment\'s profitability. In this blog, we will explore the\r\ncritical importance of having a property manager to help collect rent and\r\nmanage property in Uganda.<o:p></o:p></p><p class=\"MsoNormal\" style=\"color: rgb(50, 58, 69); font-family: Roboto;\"><o:p>&nbsp;</o:p></p></h3><h1>1. Efficient Rent Collection<o:p></o:p></h1><h3 style=\"font-family: Roboto; line-height: 1.3em; color: rgb(50, 58, 69); margin-right: 0px; margin-bottom: 13px; margin-left: 0px; border: 0px; outline: 0px; padding: 0px; vertical-align: baseline;\"><p class=\"MsoNormal\"><span style=\"font-family:&quot;Calibri&quot;,sans-serif;\r\nmso-ascii-theme-font:minor-latin;mso-hansi-theme-font:minor-latin;mso-bidi-font-family:\r\n&quot;Times New Roman&quot;;mso-bidi-theme-font:minor-bidi\"><b>a. Timely Payments</b><o:p></o:p></span></p><p class=\"MsoNormal\">One of the most significant challenges for property owners\r\nis ensuring timely rent collection. Property managers have systems in place to\r\nhandle rent collection efficiently. They ensure that tenants pay on time,\r\nreducing the risk of cash flow issues for property owners.<o:p></o:p></p><p class=\"MsoNormal\"><b>b. Handling Late Payments</b><o:p></o:p></p><p class=\"MsoNormal\">Property managers are experienced in dealing with late\r\npayments. They have established procedures for following up with tenants and\r\ncan enforce late fees or other penalties, which encourages timely payments and\r\nensures that property owners receive their income without undue delays.<o:p></o:p></p><p class=\"MsoNormal\"><o:p>&nbsp;</o:p></p></h3><h1>2. Tenant Management<o:p></o:p></h1><h3 style=\"font-family: Roboto; line-height: 1.3em; color: rgb(50, 58, 69); margin-right: 0px; margin-bottom: 13px; margin-left: 0px; border: 0px; outline: 0px; padding: 0px; vertical-align: baseline;\"><p class=\"MsoNormal\"><span style=\"font-family:&quot;Calibri&quot;,sans-serif;\r\nmso-ascii-theme-font:minor-latin;mso-hansi-theme-font:minor-latin;mso-bidi-font-family:\r\n&quot;Times New Roman&quot;;mso-bidi-theme-font:minor-bidi\"><b>a. Screening and Selection</b><o:p></o:p></span></p><p class=\"MsoNormal\">Finding the right tenants is crucial for the long-term\r\nsuccess of a rental property. Property managers have the expertise and\r\nresources to conduct thorough tenant screening. This includes background\r\nchecks, credit checks, and verifying employment or income, ensuring that\r\ntenants are reliable and financially stable.<o:p></o:p></p><p class=\"MsoNormal\"><b>b. Tenant Retention</b><o:p></o:p></p><p class=\"MsoNormal\">Property managers work to maintain good relationships with\r\ntenants, which helps in retaining them for longer periods. They address tenant\r\nconcerns promptly and ensure that the property is well-maintained, which leads\r\nto higher tenant satisfaction and reduces turnover rates.</p></h3><h1>3. Property Maintenance<o:p></o:p></h1><h3 style=\"font-family: Roboto; line-height: 1.3em; color: rgb(50, 58, 69); margin-right: 0px; margin-bottom: 13px; margin-left: 0px; border: 0px; outline: 0px; padding: 0px; vertical-align: baseline;\"><p class=\"MsoNormal\"><span style=\"font-family:&quot;Calibri&quot;,sans-serif;\r\nmso-ascii-theme-font:minor-latin;mso-hansi-theme-font:minor-latin;mso-bidi-font-family:\r\n&quot;Times New Roman&quot;;mso-bidi-theme-font:minor-bidi\"><b>a. Regular Inspections</b><o:p></o:p></span></p><p class=\"MsoNormal\">Regular inspections are essential to identify and address\r\nmaintenance issues before they become major problems. Property managers conduct\r\nroutine inspections and ensure that the property is in good condition,\r\npreventing costly repairs in the future.<o:p></o:p></p><p class=\"MsoNormal\"><b>b. Repairs and Maintenance</b><o:p></o:p></p><p class=\"MsoNormal\">When maintenance issues arise, property managers coordinate\r\nrepairs and maintenance promptly. They have a network of trusted contractors\r\nand service providers, ensuring that repairs are done efficiently and\r\ncost-effectively.</p></h3><h1>4. Legal Compliance<o:p></o:p></h1><h3 style=\"font-family: Roboto; line-height: 1.3em; color: rgb(50, 58, 69); margin-right: 0px; margin-bottom: 13px; margin-left: 0px; border: 0px; outline: 0px; padding: 0px; vertical-align: baseline;\"><p class=\"MsoNormal\"><span style=\"font-family:&quot;Calibri&quot;,sans-serif;\r\nmso-ascii-theme-font:minor-latin;mso-hansi-theme-font:minor-latin;mso-bidi-font-family:\r\n&quot;Times New Roman&quot;;mso-bidi-theme-font:minor-bidi\"><b>a. Understanding Regulations</b><o:p></o:p></span></p><p class=\"MsoNormal\">The real estate market in Uganda is governed by various laws\r\nand regulations. Property managers stay updated on these regulations and ensure\r\nthat the property complies with all legal requirements, including tenancy laws,\r\nsafety standards, and zoning regulations.<o:p></o:p></p><p class=\"MsoNormal\"><b>b. Handling Evictions</b><o:p></o:p></p><p class=\"MsoNormal\">In cases where eviction becomes necessary, property managers\r\nhandle the process professionally and legally. They ensure that the eviction is\r\nconducted in accordance with the law, minimizing the risk of legal\r\ncomplications for the property owner.</p></h3><h1>5. Financial Management<o:p></o:p></h1><h3 style=\"font-family: Roboto; line-height: 1.3em; color: rgb(50, 58, 69); margin-right: 0px; margin-bottom: 13px; margin-left: 0px; border: 0px; outline: 0px; padding: 0px; vertical-align: baseline;\"><p class=\"MsoNormal\"><span style=\"font-family:&quot;Calibri&quot;,sans-serif;\r\nmso-ascii-theme-font:minor-latin;mso-hansi-theme-font:minor-latin;mso-bidi-font-family:\r\n&quot;Times New Roman&quot;;mso-bidi-theme-font:minor-bidi\"><b>a. Accurate Record-Keeping</b><o:p></o:p></span></p><p class=\"MsoNormal\">Property managers maintain accurate records of all financial\r\ntransactions related to the property. This includes rent collection,\r\nmaintenance expenses, and other costs. Proper record-keeping is essential for\r\ntax purposes and provides property owners with a clear picture of their\r\ninvestment\'s performance.<o:p></o:p></p><p class=\"MsoNormal\"><b>b. Budgeting and Financial Planning</b><o:p></o:p></p><p class=\"MsoNormal\">Property managers assist in budgeting and financial planning\r\nfor the property. They provide valuable insights into expected expenses and\r\npotential income, helping property owners make informed decisions about their\r\ninvestment.<o:p></o:p></p><p class=\"MsoNormal\"><o:p>&nbsp;</o:p></p></h3><h1>6. Marketing and Advertising<o:p></o:p></h1><h3 style=\"font-family: Roboto; line-height: 1.3em; color: rgb(50, 58, 69); margin-right: 0px; margin-bottom: 13px; margin-left: 0px; border: 0px; outline: 0px; padding: 0px; vertical-align: baseline;\"><p class=\"MsoNormal\"><span style=\"font-family:&quot;Calibri&quot;,sans-serif;\r\nmso-ascii-theme-font:minor-latin;mso-hansi-theme-font:minor-latin;mso-bidi-font-family:\r\n&quot;Times New Roman&quot;;mso-bidi-theme-font:minor-bidi\"><b>a. Effective Advertising</b><o:p></o:p></span></p><p class=\"MsoNormal\">Property managers handle the marketing and advertising of\r\nrental properties. They know how to create appealing listings and use various\r\nplatforms to reach potential tenants. Effective advertising ensures that\r\nproperties are rented quickly, reducing vacancy periods.<o:p></o:p></p><p class=\"MsoNormal\"><span style=\"font-family:&quot;Calibri&quot;,sans-serif;\r\nmso-ascii-theme-font:minor-latin;mso-hansi-theme-font:minor-latin;mso-bidi-font-family:\r\n&quot;Times New Roman&quot;;mso-bidi-theme-font:minor-bidi\"><b>b. Competitive Pricing</b><o:p></o:p></span></p><p class=\"MsoNormal\">Property managers conduct market research to determine\r\ncompetitive rental rates. They ensure that the property is priced appropriately\r\nto attract tenants while maximizing the owner\'s income.</p></h3><h1>7. Time Savings<o:p></o:p></h1><h3 style=\"font-family: Roboto; line-height: 1.3em; color: rgb(50, 58, 69); margin-right: 0px; margin-bottom: 13px; margin-left: 0px; border: 0px; outline: 0px; padding: 0px; vertical-align: baseline;\"><p class=\"MsoNormal\"><span style=\"font-family:&quot;Calibri&quot;,sans-serif;\r\nmso-ascii-theme-font:minor-latin;mso-hansi-theme-font:minor-latin;mso-bidi-font-family:\r\n&quot;Times New Roman&quot;;mso-bidi-theme-font:minor-bidi\"><b>a. Reducing Owner Workload</b><o:p></o:p></span></p><p class=\"MsoNormal\">Managing a property can be time-consuming, especially for\r\nowners with multiple properties or other commitments. Property managers take\r\nover the day-to-day tasks, allowing owners to focus on other priorities.<o:p></o:p></p><p class=\"MsoNormal\"><span style=\"font-family:&quot;Calibri&quot;,sans-serif;\r\nmso-ascii-theme-font:minor-latin;mso-hansi-theme-font:minor-latin;mso-bidi-font-family:\r\n&quot;Times New Roman&quot;;mso-bidi-theme-font:minor-bidi\"><b>b. Streamlined Processes</b><o:p></o:p></span></p><p class=\"MsoNormal\">Property managers have established processes and systems for\r\nmanaging properties efficiently. This reduces the time and effort required to\r\nhandle tasks such as rent collection, maintenance, and tenant communication.<o:p></o:p></p><p class=\"MsoNormal\"><o:p>&nbsp;</o:p><span style=\"color: var(--bs-heading-color); font-family: inherit; font-size: 2.5rem; background-color: var(--bs-card-bg); text-align: var(--bs-body-text-align);\">8. Enhanced Property Value</span></p></h3><h3 style=\"font-family: Roboto; line-height: 1.3em; color: rgb(50, 58, 69); margin-right: 0px; margin-bottom: 13px; margin-left: 0px; border: 0px; outline: 0px; padding: 0px; vertical-align: baseline;\"><p class=\"MsoNormal\"><span style=\"font-family:&quot;Calibri&quot;,sans-serif;\r\nmso-ascii-theme-font:minor-latin;mso-hansi-theme-font:minor-latin;mso-bidi-font-family:\r\n&quot;Times New Roman&quot;;mso-bidi-theme-font:minor-bidi\"><b>a. Professional Management</b><o:p></o:p></span></p><p class=\"MsoNormal\">Professional property management can enhance the value of a\r\nproperty. Regular maintenance, prompt repairs, and effective tenant management\r\ncontribute to the property\'s overall condition and appeal, which can increase\r\nits market value.<o:p></o:p></p><p class=\"MsoNormal\"><span style=\"font-family:&quot;Calibri&quot;,sans-serif;\r\nmso-ascii-theme-font:minor-latin;mso-hansi-theme-font:minor-latin;mso-bidi-font-family:\r\n&quot;Times New Roman&quot;;mso-bidi-theme-font:minor-bidi\"><b>b. Long-Term Investment\r\nGrowth</b><o:p></o:p></span></p><p class=\"MsoNormal\">With a property manager’s expertise, owners can make\r\ninformed decisions about property improvements and upgrades. This strategic\r\napproach to property management can lead to long-term growth and profitability\r\nof the investment.<o:p></o:p></p><p class=\"MsoNormal\"><o:p>&nbsp;</o:p><span style=\"color: var(--bs-heading-color); font-family: inherit; font-size: 2.5rem; background-color: var(--bs-card-bg); text-align: var(--bs-body-text-align);\">Conclusion</span></p></h3><h3 style=\"font-family: Roboto; line-height: 1.3em; color: rgb(50, 58, 69); margin-right: 0px; margin-bottom: 13px; margin-left: 0px; border: 0px; outline: 0px; padding: 0px; vertical-align: baseline;\"><p class=\"MsoTitle\" style=\"\">\r\n\r\n\r\n\r\n\r\n\r\n\r\n\r\n\r\n\r\n\r\n\r\n\r\n\r\n\r\n\r\n\r\n\r\n\r\n\r\n\r\n\r\n\r\n\r\n\r\n\r\n\r\n\r\n\r\n\r\n\r\n\r\n\r\n\r\n\r\n\r\n\r\n\r\n\r\n\r\n\r\n\r\n\r\n\r\n\r\n\r\n\r\n\r\n\r\n\r\n\r\n\r\n\r\n\r\n\r\n\r\n\r\n\r\n\r\n\r\n\r\n\r\n\r\n\r\n\r\n\r\n\r\n\r\n\r\n\r\n\r\n\r\n\r\n\r\n\r\n\r\n\r\n\r\n\r\n\r\n\r\n\r\n\r\n\r\n\r\n\r\n\r\n\r\n\r\n\r\n\r\n\r\n\r\n\r\n\r\n\r\n\r\n\r\n\r\n\r\n\r\n\r\n\r\n\r\n\r\n\r\n</p><p class=\"MsoNormal\" style=\"\">In Uganda\'s burgeoning real estate market, the role of a\r\nproperty manager is indispensable. From efficient rent collection and tenant\r\nmanagement to ensuring legal compliance and enhancing property value, property\r\nmanagers provide a comprehensive solution that benefits property owners in\r\nmultiple ways. By entrusting their properties to professional managers, owners\r\ncan enjoy peace of mind, reduced workload, and optimized returns on their\r\ninvestment. If you own property in Uganda, partnering with a property manager\r\nis a smart decision that will pay off in the long run.<b><o:p></o:p></b></p></h3>',NULL,'4.jpg','2024-06-14 17:19:33.638306');

--
-- Table structure for table `branch`
--

CREATE TABLE `branch` (
  `branch_id` int(11) NOT NULL AUTO_INCREMENT,
  `branch_name` varchar(350) NOT NULL,
  `phone` varchar(25) NOT NULL,
  `other_number` varchar(25) NOT NULL,
  `call_center` varchar(25) DEFAULT NULL,
  `whatsApp` varchar(25) DEFAULT NULL,
  `email` varchar(150) NOT NULL,
  `location` mediumtext NOT NULL,
  `manager` varchar(150) DEFAULT NULL,
  PRIMARY KEY (`branch_id`)
) ENGINE=InnoDB AUTO_INCREMENT=3 DEFAULT CHARSET=utf8mb4 COLLATE=utf8mb4_general_ci;

--
-- Dumping data for table `branch`
--

INSERT INTO `branch` VALUES (1,'Mbarara City','+256783467819','0783890784','20230065','','cranembarara@hotmail.com','Mmbarar city','Kellen');
INSERT INTO `branch` VALUES (2,'Kampala','+256779120038','0752397801','+256 779120038','','kerebu@craneproperties.co.ug','Kampala Capital City','Kerebu');

--
-- Table structure for table `category`
--

CREATE TABLE `category` (
  `id` int(85) NOT NULL AUTO_INCREMENT,
  `expcateg` varchar(2000) NOT NULL,
  `user` varchar(90) NOT NULL,
  `date` timestamp NOT NULL DEFAULT current_timestamp() ON UPDATE current_timestamp(),
  PRIMARY KEY (`id`),
  KEY `category_ibfk` (`user`)
) ENGINE=InnoDB AUTO_INCREMENT=154 DEFAULT CHARSET=utf8mb4 COLLATE=utf8mb4_general_ci;

--
-- Dumping data for table `category`
--

INSERT INTO `category` VALUES (92,'Office Welfare','superadmin','2023-11-17 12:40:10');
INSERT INTO `category` VALUES (93,'Transport','Kushaba Elias','2024-01-12 14:35:43');
INSERT INTO `category` VALUES (94,'Electricity Bills','Kushaba Elias','2024-01-12 14:51:11');
INSERT INTO `category` VALUES (95,'Water Bills','Kushaba Elias','2024-01-12 14:51:32');
INSERT INTO `category` VALUES (96,'Chairman Fee','Kushaba Elias','2024-01-12 15:03:34');
INSERT INTO `category` VALUES (97,'Repairs and Mantainance','Kushaba Elias','2024-01-12 15:06:44');
INSERT INTO `category` VALUES (98,'Finance costs','superadmin','2024-03-09 09:21:36');
INSERT INTO `category` VALUES (100,'Tax','suzan','2024-03-14 07:29:17');
INSERT INTO `category` VALUES (101,'Office stationary ','suzan','2024-03-15 06:53:24');
INSERT INTO `category` VALUES (102,'Withdraw charges ','suzan','2024-03-15 06:59:24');
INSERT INTO `category` VALUES (103,'Landlord Payments','superadmin','2024-03-21 14:06:10');
INSERT INTO `category` VALUES (104,'Landlord expenses','suzan','2024-03-29 07:03:06');
INSERT INTO `category` VALUES (105,'Property Tax','superadmin','2024-05-28 10:12:02');
INSERT INTO `category` VALUES (106,'Cleaning services ','Kabibi Moreen','2024-06-27 11:13:48');
INSERT INTO `category` VALUES (107,'Marketing and Advertising ','Kabibi Moreen','2024-06-28 10:27:42');
INSERT INTO `category` VALUES (108,'Rent ','Kabibi Moreen','2024-06-28 10:34:27');
INSERT INTO `category` VALUES (109,'Salaries and wages ','Kabibi Moreen','2024-07-03 09:21:11');
INSERT INTO `category` VALUES (110,'Broker commissions','Tumusiime Ian','2024-10-02 07:02:01');
INSERT INTO `category` VALUES (111,'Sunday allowances','Tumusiime Ian','2024-10-02 07:03:08');
INSERT INTO `category` VALUES (112,'airtime and data','Tumusiime Ian','2024-10-02 16:39:54');
INSERT INTO `category` VALUES (113,'fuel','Tumusiime Ian','2024-10-02 16:55:41');
INSERT INTO `category` VALUES (114,'office expenditure','Tumusiime Ian','2024-10-02 17:05:31');
INSERT INTO `category` VALUES (115,'Staff lunch ','Tumusiime Ian','2024-10-11 06:12:43');
INSERT INTO `category` VALUES (116,'Meals','Tumusiime Ian','2024-10-18 09:11:19');
INSERT INTO `category` VALUES (117,'Bank charges','Tumusiime Ian','2024-10-18 12:22:34');
INSERT INTO `category` VALUES (118,'Office expense','Nkalubo Dickson','2025-01-16 16:32:26');
INSERT INTO `category` VALUES (119,'mortor cycle wash','Nkalubo Dickson','2025-01-16 16:49:35');
INSERT INTO `category` VALUES (120,'wall design','Nkalubo Dickson','2025-01-16 16:55:09');
INSERT INTO `category` VALUES (121,'Filed returns','Nkalubo Dickson','2025-01-16 16:59:37');
INSERT INTO `category` VALUES (122,'Advances','Nkalubo Dickson','2025-01-16 17:02:12');
INSERT INTO `category` VALUES (123,'Hospitality','Nkalubo Dickson','2025-01-16 17:09:34');
INSERT INTO `category` VALUES (124,'Padlock','Nkalubo Dickson','2025-01-16 17:12:01');
INSERT INTO `category` VALUES (125,'Flexipay charges','Nkalubo Dickson','2025-01-16 18:03:01');
INSERT INTO `category` VALUES (126,'printer catrage','Nkalubo Dickson','2025-01-17 06:58:46');
INSERT INTO `category` VALUES (127,'Monday meeting','Nkalubo Dickson','2025-01-17 07:07:14');
INSERT INTO `category` VALUES (128,'Utilities','Nkalubo Dickson','2025-01-17 07:09:24');
INSERT INTO `category` VALUES (129,'Operation costs','Nkalubo Dickson','2025-01-17 08:45:55');
INSERT INTO `category` VALUES (130,'general printing','Nkalubo Dickson','2025-01-17 08:56:10');
INSERT INTO `category` VALUES (131,'Brooms','Nkalubo Dickson','2025-01-17 10:03:08');
INSERT INTO `category` VALUES (132,'Facilitation','Nkalubo Dickson','2025-01-17 10:07:36');
INSERT INTO `category` VALUES (133,'Mopper','Nkalubo Dickson','2025-01-17 10:26:49');
INSERT INTO `category` VALUES (134,'Loan repayment','Nkalubo Dickson','2025-01-17 11:17:38');
INSERT INTO `category` VALUES (135,'Tuition','Nkalubo Dickson','2025-01-17 11:19:27');
INSERT INTO `category` VALUES (136,'NSSF','Nkalubo Dickson','2025-01-17 11:31:33');
INSERT INTO `category` VALUES (137,'Filling data','Nkalubo Dickson','2025-01-17 11:34:18');
INSERT INTO `category` VALUES (138,'Deposits','Nkalubo Dickson','2025-01-17 11:39:11');
INSERT INTO `category` VALUES (139,'uniform','Nkalubo Dickson','2025-01-17 12:02:00');
INSERT INTO `category` VALUES (140,'shelves','Nkalubo Dickson','2025-01-17 13:12:12');
INSERT INTO `category` VALUES (141,'Adverts','Nkalubo Dickson','2025-01-18 05:50:48');
INSERT INTO `category` VALUES (142,'Requisitions','Nkalubo Dickson','2025-01-18 05:55:24');
INSERT INTO `category` VALUES (143,'Consultancy fees','Nkalubo Dickson','2025-01-18 05:58:05');
INSERT INTO `category` VALUES (144,'Eviction costs','Nkalubo Dickson','2025-01-18 05:59:18');
INSERT INTO `category` VALUES (145,'Toilet paper','Nkalubo Dickson','2025-01-18 06:10:54');
INSERT INTO `category` VALUES (146,'Loan processing','Nkalubo Dickson','2025-01-18 06:24:48');
INSERT INTO `category` VALUES (147,'system messages','Nkalubo Dickson','2025-01-18 06:31:17');
INSERT INTO `category` VALUES (148,'system training data','Nkalubo Dickson','2025-01-18 06:49:14');
INSERT INTO `category` VALUES (149,'trainer facilitation','Nkalubo Dickson','2025-01-18 06:54:42');
INSERT INTO `category` VALUES (150,'calculator','Nkalubo Dickson','2025-01-18 06:59:46');
INSERT INTO `category` VALUES (151,'keyboard','Nkalubo Dickson','2025-01-18 07:01:01');
INSERT INTO `category` VALUES (152,'Toilet fee','Uwimbabazi Hope','2025-02-24 09:06:43');
INSERT INTO `category` VALUES (153,'Paper receipts ','Uwimbabazi Hope','2025-02-24 10:22:21');

--
-- Table structure for table `cities`
--

CREATE TABLE `cities` (
  `id` int(11) NOT NULL AUTO_INCREMENT,
  `name` varchar(255) NOT NULL,
  PRIMARY KEY (`id`)
) ENGINE=InnoDB AUTO_INCREMENT=14 DEFAULT CHARSET=utf8mb4 COLLATE=utf8mb4_general_ci;

--
-- Dumping data for table `cities`
--

INSERT INTO `cities` VALUES (1,'Mbarara City');
INSERT INTO `cities` VALUES (5,'kampala City');
INSERT INTO `cities` VALUES (6,'Masaka');
INSERT INTO `cities` VALUES (7,'Hoima');
INSERT INTO `cities` VALUES (8,'Kiruhura');
INSERT INTO `cities` VALUES (9,'FortPortal');
INSERT INTO `cities` VALUES (10,'Nairobi');
INSERT INTO `cities` VALUES (12,'Gulu');
INSERT INTO `cities` VALUES (13,'Isingiro');

--
-- Table structure for table `compcategories`
--

CREATE TABLE `compcategories` (
  `id` int(11) NOT NULL AUTO_INCREMENT,
  `name` varchar(250) DEFAULT NULL,
  `description` varchar(3000) DEFAULT NULL,
  `date` timestamp(6) NOT NULL DEFAULT current_timestamp(6) ON UPDATE current_timestamp(6),
  PRIMARY KEY (`id`)
) ENGINE=InnoDB AUTO_INCREMENT=8 DEFAULT CHARSET=utf8mb4 COLLATE=utf8mb4_general_ci;

--
-- Dumping data for table `compcategories`
--

INSERT INTO `compcategories` VALUES (4,'LANDLORD COMPLAINTS','All complaints generated by Landlords','2023-12-20 08:21:12.502571');
INSERT INTO `compcategories` VALUES (5,'TENANT COMPLAINTS','Complaints raised by tenants','2023-12-20 08:21:47.613249');
INSERT INTO `compcategories` VALUES (6,'STAFF COMPLAINTS','Complaints raised by Staff Members','2023-12-20 08:22:16.443006');
INSERT INTO `compcategories` VALUES (7,'COMMUNITY COMPLAINTS','Complaints raised from the community','2023-12-20 08:22:43.472642');

--
-- Table structure for table `complaints`
--

CREATE TABLE `complaints` (
  `id` int(11) NOT NULL AUTO_INCREMENT,
  `title` varchar(200) NOT NULL,
  `description` varchar(3000) DEFAULT NULL,
  `due_date` datetime(6) DEFAULT NULL,
  `categories` int(11) DEFAULT NULL,
  `category` varchar(250) DEFAULT NULL,
  `priorities` int(11) DEFAULT NULL,
  `priority` varchar(250) DEFAULT NULL,
  `assign` int(11) DEFAULT NULL,
  `fname` varchar(200) NOT NULL,
  `lname` varchar(200) NOT NULL,
  `statusies` int(11) DEFAULT NULL,
  `status` varchar(250) DEFAULT NULL,
  `remark` varchar(3000) DEFAULT NULL,
  `cover` varchar(8000) DEFAULT NULL,
  `imageFile` longtext DEFAULT NULL,
  `username` varchar(200) DEFAULT NULL,
  `date` timestamp(6) NOT NULL DEFAULT current_timestamp(6),
  `update_date` timestamp(6) NOT NULL DEFAULT current_timestamp(6) ON UPDATE current_timestamp(6),
  PRIMARY KEY (`id`),
  KEY `categories` (`categories`),
  KEY `priorities` (`priorities`),
  KEY `statusies` (`statusies`),
  CONSTRAINT `complaints_ibfk_1` FOREIGN KEY (`categories`) REFERENCES `compcategories` (`id`) ON DELETE CASCADE ON UPDATE CASCADE,
  CONSTRAINT `complaints_ibfk_2` FOREIGN KEY (`priorities`) REFERENCES `priority` (`id`) ON DELETE CASCADE ON UPDATE CASCADE,
  CONSTRAINT `complaints_ibfk_3` FOREIGN KEY (`statusies`) REFERENCES `compstatus` (`id`) ON DELETE CASCADE ON UPDATE CASCADE
) ENGINE=InnoDB AUTO_INCREMENT=30 DEFAULT CHARSET=utf8mb4 COLLATE=utf8mb4_general_ci;

--
-- Dumping data for table `complaints`
--

INSERT INTO `complaints` VALUES (19,'Reinnovation ','Some tenants at kazengas\' premises they are complaining that there rooms needs paint .','2024-01-22 00:00:00.000000',5,'TENANT COMPLAINTS',2,'VERY HIGH',22,'Nkalubo','Dickson',2,'Resolved','Take an action for the well being of our tenants ',NULL,NULL,'TURYAHEBWA RODGERS','2024-01-22 07:45:58.256970','2024-10-26 08:56:05.137455');
INSERT INTO `complaints` VALUES (20,'SECURITY ','Tenants at Garubandas\' premises need security light bulb ','2024-01-28 00:00:00.000000',5,'TENANT COMPLAINTS',4,'MODERATE',23,'Bamwebaze','Kellen',2,'Resolved','Let\'s respond to them positively ',NULL,NULL,'superadmin','2024-01-28 17:49:12.260369','2024-10-26 09:55:24.757834');
INSERT INTO `complaints` VALUES (21,'SANITATION ','Atenant at Elson premises kiyanja is complaining at other tenant who dispose garbage near her house and she was suggesting that we tell all of them to look for a sack and put it on his or her door','2024-02-16 00:00:00.000000',5,'TENANT COMPLAINTS',1,'Low',23,'Bamwebaze','Kellen',2,'Resolved','We talk to the land lord and buy a garbage skip',NULL,NULL,'TURYAHEBWA RODGERS','2024-02-16 07:39:05.321352','2024-10-26 08:56:53.726208');
INSERT INTO `complaints` VALUES (22,'SANITATION ','The toilet at Patrick\'s premises is full and tenants are complaining that when the rain rains warms start moving out the toilet to there compound yet they have children normally playing from there.','2024-03-21 00:00:00.000000',5,'TENANT COMPLAINTS',2,'VERY HIGH',23,'Bamwebaze','Kellen',2,'Resolved','A solution needed coz this can bringing a lot of diseases to our tenants together with there children.',NULL,NULL,'TURYAHEBWA RODGERS','2024-03-21 10:59:13.599200','2024-10-26 08:55:09.636198');
INSERT INTO `complaints` VALUES (24,'SANITATION ','The tenants at Mr clevers\' estate kisenyi are complaining that the toilet is full','2024-05-05 00:00:00.000000',5,'TENANT COMPLAINTS',2,'VERY HIGH',23,'Bamwebaze','Kellen',2,'Resolved','It needs to be emptied ',NULL,NULL,'TURYAHEBWA RODGERS','2024-10-10 13:07:20.703699','2024-10-14 06:57:47.932610');
INSERT INTO `complaints` VALUES (25,'Complaint','1.Repair of toilet doors at Eli Katete\r\n\r\n',NULL,5,'TENANT COMPLAINTS',3,'HIGH',23,'Bamwebaze','Kellen',5,'ASSIGNED','Hope for the positive response',NULL,NULL,'Saverino','2024-05-17 17:56:07.384423','2024-10-14 06:57:47.932610');
INSERT INTO `complaints` VALUES (28,'Data ','My data is low to accomplish my tasks ','2024-06-01 00:00:00.000000',6,'STAFF COMPLAINTS',1,'Low',22,'Nkalubo','Dickson',2,'Resolved','I need some help on that ',NULL,NULL,'Nkalubo Dickson','2024-06-28 15:14:40.569797','2024-10-14 06:57:47.932610');
INSERT INTO `complaints` VALUES (29,'Broken window glass ','There is broken window glass at Elly premises rwemirinzi A ','2024-10-03 00:00:00.000000',5,'TENANT COMPLAINTS',2,'VERY HIGH',23,'Bamwebaze','Kellen',2,'Resolved','It needs to be worked upon because the tenant negotiated with the landlord ',NULL,NULL,'TURYAHEBWA RODGERS','2024-10-10 13:06:49.705686','2024-10-14 06:57:47.932610');

--
-- Table structure for table `components`
--

CREATE TABLE `components` (
  `id` int(11) NOT NULL AUTO_INCREMENT,
  `name` varchar(250) NOT NULL,
  `description` mediumtext DEFAULT NULL,
  PRIMARY KEY (`id`)
) ENGINE=InnoDB AUTO_INCREMENT=5 DEFAULT CHARSET=utf8mb4 COLLATE=utf8mb4_general_ci;

--
-- Dumping data for table `components`
--

INSERT INTO `components` VALUES (1,'Shareholders\' Equity','a company\'s net worth and it is equal to the total amount that would be returned to the shareholders if the company must be liquidated and all its debts are paid off');
INSERT INTO `components` VALUES (2,'Owner Equity','Owner Equity');
INSERT INTO `components` VALUES (3,'KCB','KCB Mbarara Branch ');
INSERT INTO `components` VALUES (4,'EQUITY','Starting capital');

--
-- Table structure for table `compstatus`
--

CREATE TABLE `compstatus` (
  `id` int(11) NOT NULL AUTO_INCREMENT,
  `name` varchar(200) NOT NULL,
  `description` varchar(2000) DEFAULT NULL,
  `date` timestamp(6) NOT NULL DEFAULT current_timestamp(6) ON UPDATE current_timestamp(6),
  PRIMARY KEY (`id`)
) ENGINE=InnoDB AUTO_INCREMENT=6 DEFAULT CHARSET=utf8mb4 COLLATE=utf8mb4_general_ci;

--
-- Dumping data for table `compstatus`
--

INSERT INTO `compstatus` VALUES (2,'Resolved','Already resolved','2023-12-15 11:37:49.641734');
INSERT INTO `compstatus` VALUES (3,'UNRESOLVED','','2023-12-20 08:25:53.872581');
INSERT INTO `compstatus` VALUES (4,'WORK IN PROGRESS','','2023-12-20 08:26:04.833479');
INSERT INTO `compstatus` VALUES (5,'ASSIGNED','','2023-12-20 08:26:13.074553');

--
-- Table structure for table `confirmation`
--

CREATE TABLE `confirmation` (
  `id` int(11) NOT NULL AUTO_INCREMENT,
  `model_id` int(11) NOT NULL,
  PRIMARY KEY (`id`)
) ENGINE=MyISAM AUTO_INCREMENT=115 DEFAULT CHARSET=latin1 COLLATE=latin1_swedish_ci;

--
-- Dumping data for table `confirmation`
--

INSERT INTO `confirmation` VALUES (1,25);
INSERT INTO `confirmation` VALUES (2,26);
INSERT INTO `confirmation` VALUES (3,27);
INSERT INTO `confirmation` VALUES (4,28);
INSERT INTO `confirmation` VALUES (5,29);
INSERT INTO `confirmation` VALUES (6,30);
INSERT INTO `confirmation` VALUES (7,31);
INSERT INTO `confirmation` VALUES (8,32);
INSERT INTO `confirmation` VALUES (9,33);
INSERT INTO `confirmation` VALUES (10,34);
INSERT INTO `confirmation` VALUES (11,35);
INSERT INTO `confirmation` VALUES (12,36);
INSERT INTO `confirmation` VALUES (13,37);
INSERT INTO `confirmation` VALUES (14,38);
INSERT INTO `confirmation` VALUES (15,39);
INSERT INTO `confirmation` VALUES (16,40);
INSERT INTO `confirmation` VALUES (17,41);
INSERT INTO `confirmation` VALUES (18,42);
INSERT INTO `confirmation` VALUES (19,43);
INSERT INTO `confirmation` VALUES (20,44);
INSERT INTO `confirmation` VALUES (21,45);
INSERT INTO `confirmation` VALUES (22,46);
INSERT INTO `confirmation` VALUES (23,47);
INSERT INTO `confirmation` VALUES (24,48);
INSERT INTO `confirmation` VALUES (25,49);
INSERT INTO `confirmation` VALUES (26,50);
INSERT INTO `confirmation` VALUES (27,51);
INSERT INTO `confirmation` VALUES (28,52);
INSERT INTO `confirmation` VALUES (29,53);
INSERT INTO `confirmation` VALUES (30,54);
INSERT INTO `confirmation` VALUES (31,55);
INSERT INTO `confirmation` VALUES (32,56);
INSERT INTO `confirmation` VALUES (33,57);
INSERT INTO `confirmation` VALUES (34,58);
INSERT INTO `confirmation` VALUES (35,59);
INSERT INTO `confirmation` VALUES (36,60);
INSERT INTO `confirmation` VALUES (37,61);
INSERT INTO `confirmation` VALUES (38,62);
INSERT INTO `confirmation` VALUES (39,63);
INSERT INTO `confirmation` VALUES (40,64);
INSERT INTO `confirmation` VALUES (41,65);
INSERT INTO `confirmation` VALUES (42,66);
INSERT INTO `confirmation` VALUES (43,67);
INSERT INTO `confirmation` VALUES (44,68);
INSERT INTO `confirmation` VALUES (45,69);
INSERT INTO `confirmation` VALUES (46,70);
INSERT INTO `confirmation` VALUES (47,71);
INSERT INTO `confirmation` VALUES (48,72);
INSERT INTO `confirmation` VALUES (49,73);
INSERT INTO `confirmation` VALUES (50,74);
INSERT INTO `confirmation` VALUES (51,75);
INSERT INTO `confirmation` VALUES (52,76);
INSERT INTO `confirmation` VALUES (53,77);
INSERT INTO `confirmation` VALUES (54,78);
INSERT INTO `confirmation` VALUES (55,79);
INSERT INTO `confirmation` VALUES (56,80);
INSERT INTO `confirmation` VALUES (57,81);
INSERT INTO `confirmation` VALUES (58,82);
INSERT INTO `confirmation` VALUES (59,83);
INSERT INTO `confirmation` VALUES (60,84);
INSERT INTO `confirmation` VALUES (61,85);
INSERT INTO `confirmation` VALUES (62,86);
INSERT INTO `confirmation` VALUES (63,87);
INSERT INTO `confirmation` VALUES (64,88);
INSERT INTO `confirmation` VALUES (65,89);
INSERT INTO `confirmation` VALUES (66,90);
INSERT INTO `confirmation` VALUES (67,91);
INSERT INTO `confirmation` VALUES (68,92);
INSERT INTO `confirmation` VALUES (69,93);
INSERT INTO `confirmation` VALUES (70,95);
INSERT INTO `confirmation` VALUES (71,96);
INSERT INTO `confirmation` VALUES (72,97);
INSERT INTO `confirmation` VALUES (73,98);
INSERT INTO `confirmation` VALUES (74,99);
INSERT INTO `confirmation` VALUES (75,100);
INSERT INTO `confirmation` VALUES (76,101);
INSERT INTO `confirmation` VALUES (77,102);
INSERT INTO `confirmation` VALUES (78,103);
INSERT INTO `confirmation` VALUES (79,104);
INSERT INTO `confirmation` VALUES (80,105);
INSERT INTO `confirmation` VALUES (81,106);
INSERT INTO `confirmation` VALUES (82,107);
INSERT INTO `confirmation` VALUES (83,108);
INSERT INTO `confirmation` VALUES (84,109);
INSERT INTO `confirmation` VALUES (85,110);
INSERT INTO `confirmation` VALUES (86,111);
INSERT INTO `confirmation` VALUES (87,112);
INSERT INTO `confirmation` VALUES (88,113);
INSERT INTO `confirmation` VALUES (89,114);
INSERT INTO `confirmation` VALUES (90,115);
INSERT INTO `confirmation` VALUES (91,116);
INSERT INTO `confirmation` VALUES (92,117);
INSERT INTO `confirmation` VALUES (93,118);
INSERT INTO `confirmation` VALUES (94,119);
INSERT INTO `confirmation` VALUES (95,120);
INSERT INTO `confirmation` VALUES (96,121);
INSERT INTO `confirmation` VALUES (97,122);
INSERT INTO `confirmation` VALUES (98,123);
INSERT INTO `confirmation` VALUES (99,124);
INSERT INTO `confirmation` VALUES (100,125);
INSERT INTO `confirmation` VALUES (101,126);
INSERT INTO `confirmation` VALUES (102,127);
INSERT INTO `confirmation` VALUES (103,128);
INSERT INTO `confirmation` VALUES (104,129);
INSERT INTO `confirmation` VALUES (105,130);
INSERT INTO `confirmation` VALUES (106,131);
INSERT INTO `confirmation` VALUES (107,132);
INSERT INTO `confirmation` VALUES (108,133);
INSERT INTO `confirmation` VALUES (109,134);
INSERT INTO `confirmation` VALUES (110,135);
INSERT INTO `confirmation` VALUES (111,136);
INSERT INTO `confirmation` VALUES (112,137);
INSERT INTO `confirmation` VALUES (113,138);
INSERT INTO `confirmation` VALUES (114,139);

--
-- Table structure for table `contacts`
--

CREATE TABLE `contacts` (
  `id` int(11) NOT NULL AUTO_INCREMENT,
  `names` varchar(200) NOT NULL,
  `email` varchar(200) NOT NULL,
  `subject` varchar(200) NOT NULL,
  `message` mediumtext NOT NULL,
  `date` timestamp(6) NOT NULL DEFAULT current_timestamp(6) ON UPDATE current_timestamp(6),
  PRIMARY KEY (`id`)
) ENGINE=InnoDB AUTO_INCREMENT=30 DEFAULT CHARSET=utf8mb4 COLLATE=utf8mb4_general_ci;

--
-- Dumping data for table `contacts`
--

INSERT INTO `contacts` VALUES (26,'mbabazi Easter','eastermbabazi@gmail.com','I need Land','Can you get me an Arce of land in Mbarara South','2024-06-16 10:36:55.420059');

--
-- Table structure for table `country`
--

CREATE TABLE `country` (
  `id` int(11) NOT NULL AUTO_INCREMENT,
  `number` smallint(3) NOT NULL,
  `alpha` varchar(2) NOT NULL,
  `calling` smallint(3) NOT NULL,
  `name_en` varchar(255) NOT NULL,
  `name_ru` varchar(255) NOT NULL,
  `name_uk` varchar(255) NOT NULL,
  PRIMARY KEY (`id`),
  UNIQUE KEY `alpha` (`alpha`)
) ENGINE=InnoDB AUTO_INCREMENT=250 DEFAULT CHARSET=utf8mb3 COLLATE=utf8mb3_general_ci;

--
-- Dumping data for table `country`
--

INSERT INTO `country` VALUES (1,4,'af',93,'Afghanistan','Афганистан','Афганістан');
INSERT INTO `country` VALUES (2,8,'al',355,'Albania','Албания','Албанія');
INSERT INTO `country` VALUES (3,10,'aq',672,'Antarctica','Антарктика','Антарктика');
INSERT INTO `country` VALUES (4,12,'dz',213,'Algeria','','');
INSERT INTO `country` VALUES (5,16,'as',1,'American Samoa','','');
INSERT INTO `country` VALUES (6,20,'ad',376,'Andorra','Андора','Андора');
INSERT INTO `country` VALUES (7,24,'ao',244,'Angola','Ангола','Ангола');
INSERT INTO `country` VALUES (8,28,'ag',1,'Antigua and Barbuda','','');
INSERT INTO `country` VALUES (9,31,'az',994,'Azerbaijan','','');
INSERT INTO `country` VALUES (10,32,'ar',54,'Argentina','Аргентина','Аргентина');
INSERT INTO `country` VALUES (11,36,'au',61,'Australia','Австралия','Австралія');
INSERT INTO `country` VALUES (12,40,'at',43,'Austria','Австрия','Австрія');
INSERT INTO `country` VALUES (13,44,'bs',1,'The Bahamas','','');
INSERT INTO `country` VALUES (14,48,'bh',973,'Bahrain','','');
INSERT INTO `country` VALUES (15,50,'bd',880,'Bangladesh','','');
INSERT INTO `country` VALUES (16,51,'am',374,'Armenia','Армения','Арменія');
INSERT INTO `country` VALUES (17,52,'bb',1,'Barbados','','');
INSERT INTO `country` VALUES (18,56,'be',32,'Belgium','Белгия','Белгія');
INSERT INTO `country` VALUES (19,60,'bm',1,'Bermuda','','');
INSERT INTO `country` VALUES (20,64,'bt',975,'Bhutan','','');
INSERT INTO `country` VALUES (21,68,'bo',591,'Bolivia','Боливия','Болівія');
INSERT INTO `country` VALUES (22,70,'ba',387,'Bosnia and Herzegovina','','');
INSERT INTO `country` VALUES (23,72,'bw',267,'Botswana','','');
INSERT INTO `country` VALUES (24,74,'bv',47,'Bouvet Island','','');
INSERT INTO `country` VALUES (25,76,'br',55,'Brazil','Бразилия','Бразилія');
INSERT INTO `country` VALUES (26,84,'bz',501,'Belize','','');
INSERT INTO `country` VALUES (27,86,'io',246,'British Indian Ocean Territory','','');
INSERT INTO `country` VALUES (28,90,'sb',677,'Solomon Islands','','');
INSERT INTO `country` VALUES (29,92,'vg',1,'British Virgin Islands','','');
INSERT INTO `country` VALUES (30,96,'bn',673,'Brunei','','');
INSERT INTO `country` VALUES (31,100,'bg',359,'Bulgaria','','');
INSERT INTO `country` VALUES (32,104,'mm',95,'Myanmar','','');
INSERT INTO `country` VALUES (33,108,'bi',257,'Burundi','','');
INSERT INTO `country` VALUES (34,112,'by',375,'Belarus','Белорусия','Білорусія');
INSERT INTO `country` VALUES (35,116,'kh',855,'Cambodia','','');
INSERT INTO `country` VALUES (36,120,'cm',237,'Cameroon','Камерун','Камерун');
INSERT INTO `country` VALUES (37,124,'ca',1,'Canada','','');
INSERT INTO `country` VALUES (38,132,'cv',238,'Cabo Verde','','');
INSERT INTO `country` VALUES (39,136,'ky',1,'Cayman Islands','','');
INSERT INTO `country` VALUES (40,140,'cf',236,'Central African Republic','','');
INSERT INTO `country` VALUES (41,144,'lk',94,'Sri Lanka','','');
INSERT INTO `country` VALUES (42,148,'td',235,'Chad','','');
INSERT INTO `country` VALUES (43,152,'cl',56,'Chile','','');
INSERT INTO `country` VALUES (44,156,'cn',86,'China','','');
INSERT INTO `country` VALUES (45,158,'tw',886,'Taiwan','','');
INSERT INTO `country` VALUES (46,162,'cx',61,'Christmas Island','','');
INSERT INTO `country` VALUES (47,166,'cc',61,'Cocos Islands','','');
INSERT INTO `country` VALUES (48,170,'co',57,'Colombia','','');
INSERT INTO `country` VALUES (49,174,'km',269,'Comoros','','');
INSERT INTO `country` VALUES (50,175,'yt',262,'Mayotte','','');
INSERT INTO `country` VALUES (51,178,'cg',242,'Republic of the Congo','','');
INSERT INTO `country` VALUES (52,180,'cd',243,'Democratic Republic of the Congo','','');
INSERT INTO `country` VALUES (53,184,'ck',682,'Cook Islands','','');
INSERT INTO `country` VALUES (54,188,'cr',506,'Costa Rica','','');
INSERT INTO `country` VALUES (55,191,'hr',385,'Croatia','','');
INSERT INTO `country` VALUES (56,192,'cu',53,'Cuba','','');
INSERT INTO `country` VALUES (57,196,'cy',357,'Cyprus','','');
INSERT INTO `country` VALUES (58,203,'cz',420,'Czech Republic','','');
INSERT INTO `country` VALUES (59,204,'bj',229,'Benin','','');
INSERT INTO `country` VALUES (60,208,'dk',45,'Denmark','','');
INSERT INTO `country` VALUES (61,212,'dm',1,'Dominica','','');
INSERT INTO `country` VALUES (62,214,'do',1,'Dominican Republic','','');
INSERT INTO `country` VALUES (63,218,'ec',593,'Ecuador','','');
INSERT INTO `country` VALUES (64,222,'sv',503,'El Salvador','','');
INSERT INTO `country` VALUES (65,226,'gq',240,'Equatorial Guinea','','');
INSERT INTO `country` VALUES (66,231,'et',251,'Ethiopia','','');
INSERT INTO `country` VALUES (67,232,'er',291,'Eritrea','','');
INSERT INTO `country` VALUES (68,233,'ee',372,'Estonia','','');
INSERT INTO `country` VALUES (69,234,'fo',298,'Faroe Islands','','');
INSERT INTO `country` VALUES (70,238,'fk',500,'Falkland Islands','','');
INSERT INTO `country` VALUES (71,239,'gs',500,'South Georgia and the South Sandwich Islands','','');
INSERT INTO `country` VALUES (72,242,'fj',679,'Fiji','','');
INSERT INTO `country` VALUES (73,246,'fi',358,'Finland','','');
INSERT INTO `country` VALUES (74,248,'ax',358,'?land Islands','','');
INSERT INTO `country` VALUES (75,250,'fr',33,'France','','');
INSERT INTO `country` VALUES (76,254,'gf',594,'French Guiana','','');
INSERT INTO `country` VALUES (77,258,'pf',689,'French Polynesia','','');
INSERT INTO `country` VALUES (78,260,'tf',33,'French Southern and Antarctic Lands','','');
INSERT INTO `country` VALUES (79,262,'dj',253,'Djibouti','','');
INSERT INTO `country` VALUES (80,266,'ga',241,'Gabon','','');
INSERT INTO `country` VALUES (81,268,'ge',995,'Georgia','','');
INSERT INTO `country` VALUES (82,270,'gm',220,'Gambia','','');
INSERT INTO `country` VALUES (83,275,'ps',970,'Palestine','','');
INSERT INTO `country` VALUES (84,276,'de',49,'Germany','','');
INSERT INTO `country` VALUES (85,288,'gh',233,'Ghana','','');
INSERT INTO `country` VALUES (86,292,'gi',350,'Gibraltar','','');
INSERT INTO `country` VALUES (87,296,'ki',686,'Kiribati','','');
INSERT INTO `country` VALUES (88,300,'gr',30,'Greece','','');
INSERT INTO `country` VALUES (89,304,'gl',299,'Greenland','','');
INSERT INTO `country` VALUES (90,308,'gd',1,'Grenada','','');
INSERT INTO `country` VALUES (91,312,'gp',590,'Guadeloupe','','');
INSERT INTO `country` VALUES (92,316,'gu',1,'Guam','','');
INSERT INTO `country` VALUES (93,320,'gt',502,'Guatemala','','');
INSERT INTO `country` VALUES (94,324,'gn',224,'Guinea','','');
INSERT INTO `country` VALUES (95,328,'gy',592,'Guyana','','');
INSERT INTO `country` VALUES (96,332,'ht',509,'Haiti','','');
INSERT INTO `country` VALUES (97,334,'hm',61,'Heard Island and McDonald Islands','','');
INSERT INTO `country` VALUES (98,336,'va',39,'Vatican City','','');
INSERT INTO `country` VALUES (99,340,'hn',504,'Honduras','','');
INSERT INTO `country` VALUES (100,344,'hk',852,'Hong Kong','','');
INSERT INTO `country` VALUES (101,348,'hu',36,'Hungary','','');
INSERT INTO `country` VALUES (102,352,'is',354,'Iceland','','');
INSERT INTO `country` VALUES (103,356,'in',91,'India','','');
INSERT INTO `country` VALUES (104,360,'id',62,'Indonesia','','');
INSERT INTO `country` VALUES (105,364,'ir',98,'Iran','','');
INSERT INTO `country` VALUES (106,368,'iq',964,'Iraq','','');
INSERT INTO `country` VALUES (107,372,'ie',353,'Ireland','','');
INSERT INTO `country` VALUES (108,376,'il',972,'Israel','','');
INSERT INTO `country` VALUES (109,380,'it',39,'Italy','','');
INSERT INTO `country` VALUES (110,384,'ci',225,'Ivory Coast','','');
INSERT INTO `country` VALUES (111,388,'jm',1,'Jamaica','','');
INSERT INTO `country` VALUES (112,392,'jp',81,'Japan','','');
INSERT INTO `country` VALUES (113,398,'kz',7,'Kazakhstan','','');
INSERT INTO `country` VALUES (114,400,'jo',962,'Jordan','','');
INSERT INTO `country` VALUES (115,404,'ke',254,'Kenya','','');
INSERT INTO `country` VALUES (116,408,'kp',850,'North Korea','','');
INSERT INTO `country` VALUES (117,410,'kr',82,'South Korea','','');
INSERT INTO `country` VALUES (118,414,'kw',965,'Kuwait','','');
INSERT INTO `country` VALUES (119,417,'kg',996,'Kyrgyzstan','','');
INSERT INTO `country` VALUES (120,418,'la',856,'Laos','','');
INSERT INTO `country` VALUES (121,422,'lb',961,'Lebanon','','');
INSERT INTO `country` VALUES (122,426,'ls',266,'Lesotho','','');
INSERT INTO `country` VALUES (123,428,'lv',371,'Latvia','','');
INSERT INTO `country` VALUES (124,430,'lr',231,'Liberia','','');
INSERT INTO `country` VALUES (125,434,'ly',218,'Libya','','');
INSERT INTO `country` VALUES (126,438,'li',423,'Liechtenstein','','');
INSERT INTO `country` VALUES (127,440,'lt',370,'Lithuania','','');
INSERT INTO `country` VALUES (128,442,'lu',352,'Luxembourg','','');
INSERT INTO `country` VALUES (129,446,'mo',853,'Macau','','');
INSERT INTO `country` VALUES (130,450,'mg',261,'Madagascar','','');
INSERT INTO `country` VALUES (131,454,'mw',265,'Malawi','','');
INSERT INTO `country` VALUES (132,458,'my',60,'Malaysia','','');
INSERT INTO `country` VALUES (133,462,'mv',960,'Maldives','','');
INSERT INTO `country` VALUES (134,466,'ml',223,'Mali','','');
INSERT INTO `country` VALUES (135,470,'mt',356,'Malta','','');
INSERT INTO `country` VALUES (136,474,'mq',596,'Martinique','','');
INSERT INTO `country` VALUES (137,478,'mr',222,'Mauritania','','');
INSERT INTO `country` VALUES (138,480,'mu',230,'Mauritius','','');
INSERT INTO `country` VALUES (139,484,'mx',52,'Mexico','','');
INSERT INTO `country` VALUES (140,492,'mc',377,'Monaco','','');
INSERT INTO `country` VALUES (141,496,'mn',976,'Mongolia','','');
INSERT INTO `country` VALUES (142,498,'md',373,'Moldova','','');
INSERT INTO `country` VALUES (143,499,'me',382,'Montenegro','','');
INSERT INTO `country` VALUES (144,500,'ms',1,'Montserrat','','');
INSERT INTO `country` VALUES (145,504,'ma',212,'Morocco','','');
INSERT INTO `country` VALUES (146,508,'mz',258,'Mozambique','','');
INSERT INTO `country` VALUES (147,512,'om',968,'Oman','','');
INSERT INTO `country` VALUES (148,516,'na',264,'Namibia','','');
INSERT INTO `country` VALUES (149,520,'nr',674,'Nauru','','');
INSERT INTO `country` VALUES (150,524,'np',977,'Nepal','','');
INSERT INTO `country` VALUES (151,528,'nl',31,'Netherlands','','');
INSERT INTO `country` VALUES (152,531,'cw',599,'Cura?ao','','');
INSERT INTO `country` VALUES (153,533,'aw',297,'Aruba','','');
INSERT INTO `country` VALUES (154,534,'sx',1,'Sint Maarten','','');
INSERT INTO `country` VALUES (155,535,'bq',599,'Caribbean Netherlands','','');
INSERT INTO `country` VALUES (156,540,'nc',687,'New Caledonia','','');
INSERT INTO `country` VALUES (157,548,'vu',678,'Vanuatu','','');
INSERT INTO `country` VALUES (158,554,'nz',64,'New Zealand','','');
INSERT INTO `country` VALUES (159,558,'ni',505,'Nicaragua','','');
INSERT INTO `country` VALUES (160,562,'ne',227,'Niger','','');
INSERT INTO `country` VALUES (161,566,'ng',234,'Nigeria','','');
INSERT INTO `country` VALUES (162,570,'nu',683,'Niue','','');
INSERT INTO `country` VALUES (163,574,'nf',672,'Norfolk Island','','');
INSERT INTO `country` VALUES (164,578,'no',47,'Norway','','');
INSERT INTO `country` VALUES (165,580,'mp',1,'Northern Mariana Islands','','');
INSERT INTO `country` VALUES (166,581,'um',1,'United States Minor Outlying Islands','','');
INSERT INTO `country` VALUES (167,583,'fm',691,'Federated States of Micronesia','','');
INSERT INTO `country` VALUES (168,584,'mh',692,'Marshall Islands','','');
INSERT INTO `country` VALUES (169,585,'pw',680,'Palau','','');
INSERT INTO `country` VALUES (170,586,'pk',92,'Pakistan','','');
INSERT INTO `country` VALUES (171,591,'pa',507,'Panama','','');
INSERT INTO `country` VALUES (172,598,'pg',675,'Papua New Guinea','','');
INSERT INTO `country` VALUES (173,600,'py',595,'Paraguay','','');
INSERT INTO `country` VALUES (174,604,'pe',51,'Peru','','');
INSERT INTO `country` VALUES (175,608,'ph',63,'Philippines','','');
INSERT INTO `country` VALUES (176,612,'pn',64,'Pitcairn Islands','','');
INSERT INTO `country` VALUES (177,616,'pl',48,'Poland','','');
INSERT INTO `country` VALUES (178,620,'pt',351,'Portugal','','');
INSERT INTO `country` VALUES (179,624,'gw',245,'Guinea-Bissau','','');
INSERT INTO `country` VALUES (180,626,'tl',670,'East Timor','','');
INSERT INTO `country` VALUES (181,630,'pr',1,'Puerto Rico','','');
INSERT INTO `country` VALUES (182,634,'qa',974,'Qatar','','');
INSERT INTO `country` VALUES (183,638,'re',262,'R?union','','');
INSERT INTO `country` VALUES (184,642,'ro',40,'Romania','','');
INSERT INTO `country` VALUES (185,643,'ru',7,'Russia','Россия','Росія');
INSERT INTO `country` VALUES (186,646,'rw',250,'Rwanda','','');
INSERT INTO `country` VALUES (187,652,'bl',590,'Saint Barth?lemy','','');
INSERT INTO `country` VALUES (188,654,'sh',290,'Saint Helena, Ascension and Tristan da Cunha','','');
INSERT INTO `country` VALUES (189,659,'kn',1,'Saint Kitts and Nevis','','');
INSERT INTO `country` VALUES (190,660,'ai',1,'Anguilla','','');
INSERT INTO `country` VALUES (191,662,'lc',1,'Saint Lucia','','');
INSERT INTO `country` VALUES (192,663,'mf',590,'Saint Martin','','');
INSERT INTO `country` VALUES (193,666,'pm',508,'Saint Pierre and Miquelon','','');
INSERT INTO `country` VALUES (194,670,'vc',1,'Saint Vincent and the Grenadines','','');
INSERT INTO `country` VALUES (195,674,'sm',378,'San Marino','','');
INSERT INTO `country` VALUES (196,678,'st',239,'S?o Tom? and Pr?ncipe','','');
INSERT INTO `country` VALUES (197,682,'sa',966,'Saudi Arabia','','');
INSERT INTO `country` VALUES (198,686,'sn',221,'Senegal','','');
INSERT INTO `country` VALUES (199,688,'rs',381,'Serbia','','');
INSERT INTO `country` VALUES (200,690,'sc',248,'Seychelles','','');
INSERT INTO `country` VALUES (201,694,'sl',232,'Sierra Leone','','');
INSERT INTO `country` VALUES (202,702,'sg',65,'Singapore','','');
INSERT INTO `country` VALUES (203,703,'sk',421,'Slovakia','','');
INSERT INTO `country` VALUES (204,704,'vn',84,'Vietnam','','');
INSERT INTO `country` VALUES (205,705,'si',386,'Slovenia','','');
INSERT INTO `country` VALUES (206,706,'so',252,'Somalia','','');
INSERT INTO `country` VALUES (207,710,'za',27,'South Africa','','');
INSERT INTO `country` VALUES (208,716,'zw',263,'Zimbabwe','','');
INSERT INTO `country` VALUES (209,724,'es',34,'Spain','','');
INSERT INTO `country` VALUES (210,728,'ss',211,'South Sudan','','');
INSERT INTO `country` VALUES (211,729,'sd',249,'Sudan','','');
INSERT INTO `country` VALUES (212,732,'eh',212,'Western Sahara','','');
INSERT INTO `country` VALUES (213,740,'sr',597,'Suriname','','');
INSERT INTO `country` VALUES (214,744,'sj',47,'Svalbard and Jan Mayen','','');
INSERT INTO `country` VALUES (215,748,'sz',268,'Swaziland','','');
INSERT INTO `country` VALUES (216,752,'se',46,'Sweden','','');
INSERT INTO `country` VALUES (217,756,'ch',41,'Switzerland','','');
INSERT INTO `country` VALUES (218,760,'sy',963,'Syria','','');
INSERT INTO `country` VALUES (219,762,'tj',992,'Tajikistan','','');
INSERT INTO `country` VALUES (220,764,'th',66,'Thailand','','');
INSERT INTO `country` VALUES (221,768,'tg',228,'Togo','','');
INSERT INTO `country` VALUES (222,772,'tk',690,'Tokelau','','');
INSERT INTO `country` VALUES (223,776,'to',676,'Tonga','','');
INSERT INTO `country` VALUES (224,780,'tt',1,'Trinidad and Tobago','','');
INSERT INTO `country` VALUES (225,784,'ae',971,'United Arab Emirates','','');
INSERT INTO `country` VALUES (226,788,'tn',216,'Tunisia','','');
INSERT INTO `country` VALUES (227,792,'tr',90,'Turkey','','');
INSERT INTO `country` VALUES (228,795,'tm',993,'Turkmenistan','','');
INSERT INTO `country` VALUES (229,796,'tc',1,'Turks and Caicos Islands','','');
INSERT INTO `country` VALUES (230,798,'tv',688,'Tuvalu','','');
INSERT INTO `country` VALUES (231,800,'ug',256,'Uganda','','');
INSERT INTO `country` VALUES (232,804,'ua',380,'Ukraine','Украина','Україна');
INSERT INTO `country` VALUES (233,807,'mk',389,'Macedonia','','');
INSERT INTO `country` VALUES (234,818,'eg',20,'Egypt','','');
INSERT INTO `country` VALUES (235,826,'gb',44,'United Kingdom','','');
INSERT INTO `country` VALUES (236,831,'gg',44,'Guernsey','','');
INSERT INTO `country` VALUES (237,832,'je',44,'Jersey','','');
INSERT INTO `country` VALUES (238,833,'im',44,'Isle of Man','','');
INSERT INTO `country` VALUES (239,834,'tz',255,'Tanzania','','');
INSERT INTO `country` VALUES (240,840,'us',1,'United States','','');
INSERT INTO `country` VALUES (241,850,'vi',1,'United States Virgin Islands','','');
INSERT INTO `country` VALUES (242,854,'bf',226,'Burkina Faso','','');
INSERT INTO `country` VALUES (243,858,'uy',598,'Uruguay','','');
INSERT INTO `country` VALUES (244,860,'uz',998,'Uzbekistan','','');
INSERT INTO `country` VALUES (245,862,'ve',58,'Venezuela','','');
INSERT INTO `country` VALUES (246,876,'wf',681,'Wallis and Futuna','','');
INSERT INTO `country` VALUES (247,882,'ws',685,'Samoa','','');
INSERT INTO `country` VALUES (248,887,'ye',967,'Yemen','','');
INSERT INTO `country` VALUES (249,894,'zm',260,'Zambia','','');

--
-- Table structure for table `deduction`
--

CREATE TABLE `deduction` (
  `id` int(11) NOT NULL AUTO_INCREMENT,
  `name` varchar(255) NOT NULL,
  `percentage` int(11) NOT NULL,
  PRIMARY KEY (`id`)
) ENGINE=InnoDB AUTO_INCREMENT=2 DEFAULT CHARSET=utf8mb4 COLLATE=utf8mb4_general_ci;

--
-- Dumping data for table `deduction`
--

INSERT INTO `deduction` VALUES (1,'NSSF',5);

--
-- Table structure for table `deposit`
--

CREATE TABLE `deposit` (
  `id` int(11) NOT NULL AUTO_INCREMENT,
  `model_id` int(11) NOT NULL,
  PRIMARY KEY (`id`)
) ENGINE=MyISAM AUTO_INCREMENT=21 DEFAULT CHARSET=latin1 COLLATE=latin1_swedish_ci;

--
-- Dumping data for table `deposit`
--

INSERT INTO `deposit` VALUES (1,13);
INSERT INTO `deposit` VALUES (2,14);
INSERT INTO `deposit` VALUES (3,15);
INSERT INTO `deposit` VALUES (4,16);
INSERT INTO `deposit` VALUES (5,17);
INSERT INTO `deposit` VALUES (6,18);
INSERT INTO `deposit` VALUES (7,19);
INSERT INTO `deposit` VALUES (8,20);
INSERT INTO `deposit` VALUES (9,21);
INSERT INTO `deposit` VALUES (10,22);
INSERT INTO `deposit` VALUES (11,23);
INSERT INTO `deposit` VALUES (12,24);
INSERT INTO `deposit` VALUES (13,25);
INSERT INTO `deposit` VALUES (14,26);
INSERT INTO `deposit` VALUES (15,30);
INSERT INTO `deposit` VALUES (16,31);
INSERT INTO `deposit` VALUES (17,32);
INSERT INTO `deposit` VALUES (18,34);
INSERT INTO `deposit` VALUES (19,35);
INSERT INTO `deposit` VALUES (20,36);

--
-- Table structure for table `desgnation`
--

CREATE TABLE `desgnation` (
  `id` int(11) NOT NULL AUTO_INCREMENT,
  `desg` varchar(65) NOT NULL,
  `details` mediumtext NOT NULL,
  PRIMARY KEY (`id`)
) ENGINE=InnoDB AUTO_INCREMENT=19 DEFAULT CHARSET=utf8mb4 COLLATE=utf8mb4_general_ci;

--
-- Dumping data for table `desgnation`
--

INSERT INTO `desgnation` VALUES (1,'HEAD OF FINANCE','Finance management Head');
INSERT INTO `desgnation` VALUES (2,'HUMAN RESOURCE','Human Resource Management\r\n');
INSERT INTO `desgnation` VALUES (8,'ACCOUNTANT','Accountant officer');
INSERT INTO `desgnation` VALUES (9,'HEAD OF OPERATIONS','Overseeing operational functions of a business.');
INSERT INTO `desgnation` VALUES (10,'GENERAL MANAGER','Handles all the duties');
INSERT INTO `desgnation` VALUES (12,'ADMINISTRATOR','Oversees all administrative work.');
INSERT INTO `desgnation` VALUES (13,'OFFICE ATTENDANT','Oversees office duties');
INSERT INTO `desgnation` VALUES (14,'ACCOUNTS ASSISTANT','Receipt entry into system, Ledgers, Cash book, Financial reports');
INSERT INTO `desgnation` VALUES (15,'FIELD OPERATIONS','Rent collection, and debt recoveries ');
INSERT INTO `desgnation` VALUES (16,'LANDLORD','Money Received by Landlord ');
INSERT INTO `desgnation` VALUES (17,'JANITOR','Building caretaker');
INSERT INTO `desgnation` VALUES (18,'SECURITY','Gate Security');

--
-- Table structure for table `duesnotfications`
--

CREATE TABLE `duesnotfications` (
  `id` int(11) NOT NULL AUTO_INCREMENT,
  `payed_id` int(11) NOT NULL,
  `messages` longtext NOT NULL,
  `date` timestamp(6) NOT NULL DEFAULT current_timestamp(6) ON UPDATE current_timestamp(6),
  PRIMARY KEY (`id`),
  KEY `payed_id` (`payed_id`),
  CONSTRAINT `duesnotfications_ibfk_1` FOREIGN KEY (`payed_id`) REFERENCES `payed` (`id`) ON DELETE CASCADE ON UPDATE CASCADE
) ENGINE=InnoDB DEFAULT CHARSET=utf8mb4 COLLATE=utf8mb4_general_ci;

--
-- Dumping data for table `duesnotfications`
--


--
-- Table structure for table `employees`
--

CREATE TABLE `employees` (
  `id` int(11) NOT NULL AUTO_INCREMENT,
  `fname` varchar(90) NOT NULL,
  `lname` varchar(90) NOT NULL,
  `nationalID` varchar(18) NOT NULL,
  `desgnation` int(11) NOT NULL,
  `desg` varchar(300) NOT NULL,
  `designdet` varchar(300) NOT NULL,
  `phone` varchar(20) NOT NULL,
  `rate` varchar(20) NOT NULL,
  `address` varchar(85) NOT NULL,
  `company` varchar(90) NOT NULL,
  `email` varchar(200) DEFAULT NULL,
  `tin_number` varchar(250) DEFAULT NULL,
  `bank` varchar(250) DEFAULT NULL,
  `acoount` varchar(250) DEFAULT NULL,
  `basic_salaries` int(11) NOT NULL,
  `extra_note` mediumtext DEFAULT NULL,
  `imageFile` varchar(3000) NOT NULL,
  `cover` varchar(800) NOT NULL,
  `status` int(11) NOT NULL DEFAULT 1,
  `user` varchar(50) NOT NULL,
  `date` timestamp(6) NOT NULL DEFAULT current_timestamp(6),
  PRIMARY KEY (`id`),
  KEY `desgnation` (`desgnation`)
) ENGINE=MyISAM AUTO_INCREMENT=35 DEFAULT CHARSET=latin1 COLLATE=latin1_swedish_ci;

--
-- Dumping data for table `employees`
--

INSERT INTO `employees` VALUES (25,'Atuhaire ','Denis ','CM84027106FOOJ',2,'HUMAN RESOURCE','','256773140900','commission','Mbarara','','','','','',500000,'','','25.jpeg',0,'superadmin','2024-11-01 07:20:38.064159');
INSERT INTO `employees` VALUES (26,'Tumusiime','Ian','CM0206110799GJ',8,'ACCOUNTANT','','256256256779534274','salary','Ibanda','300000','iantumusiime10@gmail.com','','','',300000,'','','26.jpg',0,'Tumusiime Ian','2024-11-07 11:57:18.625988');
INSERT INTO `employees` VALUES (22,'Nkalubo','Dickson','CM84027106YKVC',1,'HEAD OF FINANCE','','256776424218','commission','Rwobuyenje Kishasha Biharwe Mbarara city North','','','','','',600000,'','','22.jpg',1,'superadmin','2024-11-07 11:58:17.117397');
INSERT INTO `employees` VALUES (23,'Bamwebaze','Kellen','CF0003410JZMHD',10,'GENERAL MANAGER','','256781674090','salary','Nyabubaare Kahunga Ward Western Division Ntungamo ','320000','bamwebazekellen@gmail.com','','','',320000,'Property Management, Consulting, Buyer\'s Agent, Listing Agent, Relocation','','23.jpg',1,'superadmin','2024-11-07 11:58:50.490323');
INSERT INTO `employees` VALUES (24,'Turyarugayo','Kerebu','CM88034107C67K',9,'HEAD OF OPERATIONS','','256779120038','commission','Karugangama Katete Nyamitanga Mbarara','','','','','',600000,'','','24.jpg',1,'superadmin','2024-10-23 07:44:35.983470');
INSERT INTO `employees` VALUES (29,'RODGERS','TURYAHEBWA','CM0000910ML03F',14,'ACCOUNTS ASSISTANT','','256758273703','salary','Nyabushamira, Kyanamira, Ndorwa County East, Kabale','150000','','','','',150000,'','','29.jpg',1,'superadmin','2024-11-07 11:56:53.807650');
INSERT INTO `employees` VALUES (30,'Uwimbabazi','Hope','CF0303410LTELL',13,'OFFICE ATTENDANT','','256789916636','salary','KAKOBA , MBARARA','150000','uwimbabazihope10@gmail.com','','','',150000,'','','30.jpg',1,'superadmin','2024-10-02 14:46:39.144924');
INSERT INTO `employees` VALUES (31,'Received ','By','CM965102973HGA',16,'LANDLORD','LandLord','256759020277','commission','JUST Landlord ','','','','','',0,'','','',0,'superadmin','2024-07-12 10:06:02.810852');
INSERT INTO `employees` VALUES (32,'Kansiime ','Ainamatsiko','CM01101107PRRA',15,'FIELD OPERATIONS','','256700967109','salary','Kinyamugusha Migina Kangango Sheema','250000','','','','',250000,'','','32.jpeg',0,'superadmin','2024-08-15 09:59:27.199503');

--
-- Table structure for table `equity`
--

CREATE TABLE `equity` (
  `id` int(11) NOT NULL AUTO_INCREMENT,
  `name` varchar(250) NOT NULL,
  `description` mediumtext DEFAULT NULL,
  `price` int(11) NOT NULL,
  `username` varchar(85) DEFAULT NULL,
  `equitytype` int(11) NOT NULL,
  `date` timestamp(6) NOT NULL DEFAULT current_timestamp(6) ON UPDATE current_timestamp(6),
  PRIMARY KEY (`id`),
  KEY `equitytype` (`equitytype`),
  CONSTRAINT `equity_ibfk_1` FOREIGN KEY (`equitytype`) REFERENCES `components` (`id`) ON DELETE CASCADE ON UPDATE CASCADE
) ENGINE=InnoDB AUTO_INCREMENT=2 DEFAULT CHARSET=utf8mb4 COLLATE=utf8mb4_general_ci;

--
-- Dumping data for table `equity`
--


--
-- Table structure for table `expenseonpropertycat`
--

CREATE TABLE `expenseonpropertycat` (
  `id` int(11) NOT NULL AUTO_INCREMENT,
  `name` varchar(300) NOT NULL,
  PRIMARY KEY (`id`)
) ENGINE=InnoDB AUTO_INCREMENT=16 DEFAULT CHARSET=utf8mb4 COLLATE=utf8mb4_general_ci;

--
-- Dumping data for table `expenseonpropertycat`
--

INSERT INTO `expenseonpropertycat` VALUES (5,'Maintenance & other technical repairs');
INSERT INTO `expenseonpropertycat` VALUES (6,'Electricity Repairs');
INSERT INTO `expenseonpropertycat` VALUES (7,'Water Repairs');
INSERT INTO `expenseonpropertycat` VALUES (8,'Bathroom Repairs');
INSERT INTO `expenseonpropertycat` VALUES (9,'landlord\'s advance');
INSERT INTO `expenseonpropertycat` VALUES (10,'Property Tax');
INSERT INTO `expenseonpropertycat` VALUES (11,'water bills');
INSERT INTO `expenseonpropertycat` VALUES (12,'electricity bills');
INSERT INTO `expenseonpropertycat` VALUES (13,'cleaning services');
INSERT INTO `expenseonpropertycat` VALUES (14,'gabbage collection');
INSERT INTO `expenseonpropertycat` VALUES (15,'Chairman fee ');

--
-- Table structure for table `expenseproperties`
--

CREATE TABLE `expenseproperties` (
  `id` int(11) NOT NULL AUTO_INCREMENT,
  `name` varchar(275) NOT NULL,
  `amount` int(11) NOT NULL,
  `item_date` datetime(6) NOT NULL,
  `category` int(11) NOT NULL,
  `cat` varchar(100) NOT NULL,
  `property` int(11) NOT NULL,
  `proper` varchar(100) NOT NULL,
  `unitname` int(11) DEFAULT NULL,
  `unit` varchar(100) DEFAULT NULL,
  `description` varchar(8000) DEFAULT NULL,
  `user` varchar(275) NOT NULL,
  `user_id` int(11) DEFAULT NULL,
  `username` int(11) DEFAULT NULL,
  `date` timestamp(6) NOT NULL DEFAULT current_timestamp(6) ON UPDATE current_timestamp(6),
  PRIMARY KEY (`id`),
  KEY `category` (`category`),
  KEY `property` (`property`),
  KEY `unitname` (`unitname`),
  KEY `user_id` (`user_id`),
  CONSTRAINT `expenseproperties_ibfk_1` FOREIGN KEY (`category`) REFERENCES `expenseonpropertycat` (`id`) ON DELETE CASCADE ON UPDATE CASCADE,
  CONSTRAINT `expenseproperties_ibfk_2` FOREIGN KEY (`property`) REFERENCES `property` (`id`) ON DELETE CASCADE ON UPDATE CASCADE,
  CONSTRAINT `expenseproperties_ibfk_3` FOREIGN KEY (`unitname`) REFERENCES `propertyunit` (`id`) ON DELETE CASCADE ON UPDATE CASCADE,
  CONSTRAINT `expenseproperties_ibfk_4` FOREIGN KEY (`user_id`) REFERENCES `user` (`id`) ON DELETE CASCADE ON UPDATE CASCADE
) ENGINE=InnoDB AUTO_INCREMENT=172 DEFAULT CHARSET=utf8mb4 COLLATE=utf8mb4_general_ci;

--
-- Dumping data for table `expenseproperties`
--

INSERT INTO `expenseproperties` VALUES (21,'Repair of iron sheets',58000,'0000-00-00 00:00:00.000000',5,'Maintenance',1222,'SILVER ESTATES',1416,'RM1','The leaking iron sheet that has been disturbing silvers tenant has been maintained by Braver on 13th 2014.','suzan',NULL,NULL,'2024-03-13 08:01:37.697571');
INSERT INTO `expenseproperties` VALUES (22,'Repairing HDPE PIPE',63000,'0000-00-00 00:00:00.000000',7,'Water Repairs',1177,'ENSINIKWERI ESTATES',1432,'CH1','','suzan',NULL,NULL,'2024-03-15 14:10:40.343854');
INSERT INTO `expenseproperties` VALUES (23,'Painting room No 9',97000,'0000-00-00 00:00:00.000000',5,'Maintenance',1167,'RESTY ESTATES',887,'ROOM9','','suzan',NULL,NULL,'2024-03-17 03:12:37.043227');
INSERT INTO `expenseproperties` VALUES (24,'Water bills',39500,'0000-00-00 00:00:00.000000',7,'Water Repairs',1161,'HELLEN',808,'RM2','','suzan',NULL,NULL,'2024-03-17 03:17:53.932755');
INSERT INTO `expenseproperties` VALUES (25,'repairing of sink ',50000,'0000-00-00 00:00:00.000000',7,'Water Repairs',1161,'HELLEN',807,'RM1','','suzan',138,NULL,'2024-03-19 12:27:54.286369');
INSERT INTO `expenseproperties` VALUES (26,'Gabbage collection',40000,'0000-00-00 00:00:00.000000',9,'Cleaning',1165,'PHILEMON ESTATES',853,'HOUSE1','','suzan',142,NULL,'2024-03-20 12:40:55.697424');
INSERT INTO `expenseproperties` VALUES (28,'utilities',70000,'0000-00-00 00:00:00.000000',6,'Electricity Repairs',1201,'CLEVER KISENYI',1224,'RM1','','suzan',NULL,NULL,'2024-03-20 14:27:18.758640');
INSERT INTO `expenseproperties` VALUES (29,'Repairs for sockets',20000,'0000-00-00 00:00:00.000000',6,'Electricity Repairs',1169,'GERALD ESTATES',897,'HOUSE1','','suzan',146,NULL,'2024-03-21 12:13:03.894613');
INSERT INTO `expenseproperties` VALUES (31,'Garbage collection',30000,'0000-00-00 00:00:00.000000',9,'Cleaning',1221,'FLORENCE ESTATES',1399,'RM1','','suzan',NULL,NULL,'2024-03-27 13:15:08.650645');
INSERT INTO `expenseproperties` VALUES (32,'painting room',28000,'0000-00-00 00:00:00.000000',5,'Maintenance',1167,'',NULL,'','','suzan',NULL,NULL,'2024-03-27 13:16:28.925235');
INSERT INTO `expenseproperties` VALUES (33,'Rubber connector',15000,'0000-00-00 00:00:00.000000',7,'Water Repairs',1167,'RESTY ESTATES',879,'ROOM1','','suzan',144,NULL,'2024-03-27 13:18:26.199068');
INSERT INTO `expenseproperties` VALUES (34,'painting',80000,'0000-00-00 00:00:00.000000',5,'Maintenance',1167,'RESTY ESTATES',879,'ROOM1','','suzan',144,NULL,'2024-03-27 13:19:46.148626');
INSERT INTO `expenseproperties` VALUES (35,'cleaning gutters',93000,'0000-00-00 00:00:00.000000',9,'Cleaning',1172,'JB Rwemirinzi',978,'CH1','','suzan',143,NULL,'2024-03-27 14:15:11.629344');
INSERT INTO `expenseproperties` VALUES (38,'Repairing electricity',20000,'0000-00-00 00:00:00.000000',6,'Electricity Repairs',1221,'FLORENCE ESTATES',1399,'RM1','','suzan',NULL,NULL,'2024-03-29 06:47:37.667688');
INSERT INTO `expenseproperties` VALUES (39,'bought a water meter',208000,'0000-00-00 00:00:00.000000',7,'Water Repairs',1172,'JB Rwemirinzi',978,'CH1','','suzan',143,NULL,'2024-03-29 06:59:10.020464');
INSERT INTO `expenseproperties` VALUES (40,'iron sheet repair',80000,'0000-00-00 00:00:00.000000',5,'Maintenance',1166,'JB KATETE CENTRAL',860,'CH1','','suzan',143,NULL,'2024-04-04 10:45:19.308334');
INSERT INTO `expenseproperties` VALUES (41,'iron sheet repair',80000,'0000-00-00 00:00:00.000000',5,'Maintenance',1166,'JB KATETE CENTRAL',860,'CH1','','suzan',143,NULL,'2024-04-04 10:45:19.865719');
INSERT INTO `expenseproperties` VALUES (42,'Gabbage collection',20000,'0000-00-00 00:00:00.000000',9,'Cleaning',1164,'PHOBIOUS ESTATES',846,'CH1','','suzan',141,NULL,'2024-04-04 13:13:03.416018');
INSERT INTO `expenseproperties` VALUES (43,'Garbage collection ',40000,'0000-00-00 00:00:00.000000',5,'Maintenance',1184,'GAUDIAS ORDINARY',NULL,'','Collecting Garbage at Gaudius\' premise by Ecoserve','Kabibi Moreen',NULL,NULL,'2024-05-14 19:37:16.799874');
INSERT INTO `expenseproperties` VALUES (44,'Garbage collection ',60000,'0000-00-00 00:00:00.000000',5,'Maintenance',1169,'GERALD ESTATES',NULL,'','Garbage collection at Gerald\'s premise by Ecoserve for the month of May ','Kabibi Moreen',NULL,NULL,'2024-05-14 19:39:07.715475');
INSERT INTO `expenseproperties` VALUES (45,'Garbage collection ',50000,'0000-00-00 00:00:00.000000',5,'Maintenance',1208,'PATRICK ESTATES',NULL,'','Garbage collection at Patrick\'s premise by Homeklin u Ltd ','Kabibi Moreen',NULL,NULL,'2024-05-14 19:40:36.096354');
INSERT INTO `expenseproperties` VALUES (46,'Padlocks ',10000,'0000-00-00 00:00:00.000000',5,'Maintenance',1251,'KANANURA MARTIN',NULL,'','Gave 10k to Faizo for purchase of 2 padlocks one for the gate and another for water meters.','Kabibi Moreen',NULL,NULL,'2024-05-23 06:19:17.876643');
INSERT INTO `expenseproperties` VALUES (47,'Utilities ',30000,'0000-00-00 00:00:00.000000',5,'Maintenance',1184,'GAUDIAS ORDINARY',1043,'RM9','charges on tenants for utilities ','Kabibi Moreen',NULL,NULL,'2024-05-23 06:25:22.603238');
INSERT INTO `expenseproperties` VALUES (48,'Utilities ',30000,'0000-00-00 00:00:00.000000',5,'Maintenance',1184,'GAUDIAS ORDINARY',1044,'RM10','Charges on utilities for tenants ','Kabibi Moreen',NULL,NULL,'2024-05-23 06:29:02.453370');
INSERT INTO `expenseproperties` VALUES (49,'Painting of a room ',200000,'0000-00-00 00:00:00.000000',5,'Maintenance',1165,'PHILEMON ESTATES',854,'HOUSE2','Payment for painting at Philmon\'s premise yesterday ','Kabibi Moreen',NULL,NULL,'2024-05-25 06:04:39.368256');
INSERT INTO `expenseproperties` VALUES (50,'Garbage collection ',30000,'0000-00-00 00:00:00.000000',5,'Maintenance',1167,'RESTY ESTATES',NULL,'','Garbage collection for the month of May,2025 to Ecoserve ','Kabibi Moreen',NULL,NULL,'2024-05-28 09:53:31.099441');
INSERT INTO `expenseproperties` VALUES (51,'Garbage collection ',40000,'0000-00-00 00:00:00.000000',5,'Maintenance',1165,'',NULL,'','Garbage collection for the month of May,2024','Kabibi Moreen',NULL,NULL,'2024-05-28 09:55:10.692650');
INSERT INTO `expenseproperties` VALUES (52,'Garbage collection ',10000,'0000-00-00 00:00:00.000000',5,'Maintenance',1164,'PHOBIOUS ESTATES',NULL,'','Garbage collection for the month of May,2024 to Ecoserve ','Kabibi Moreen',NULL,NULL,'2024-05-28 09:56:20.191269');
INSERT INTO `expenseproperties` VALUES (53,'Property taxes ',924800,'0000-00-00 00:00:00.000000',10,'Property Tax',1172,'JB Rwemirinzi',NULL,'','Property taxes on Garubanda\'s premise ','Kabibi Moreen',NULL,NULL,'2024-05-29 07:12:39.874860');
INSERT INTO `expenseproperties` VALUES (55,'Renovation of a room ',200000,'0000-00-00 00:00:00.000000',5,'Maintenance',1208,'PATRICK ESTATES',NULL,'','Painting and renovating ceiling at Patrick\'s premise ','Kabibi Moreen',NULL,NULL,'2024-05-31 07:06:03.110547');
INSERT INTO `expenseproperties` VALUES (56,'Repairs of ceiling ',130000,'0000-00-00 00:00:00.000000',5,'Maintenance',1238,'ELLY VIP',NULL,'','Ceiling repair at Elly\'s premise Rwemirinzi ','Kabibi Moreen',NULL,NULL,'2024-05-31 07:08:06.365718');
INSERT INTO `expenseproperties` VALUES (57,'Emptying latrine ',120000,'0000-00-00 00:00:00.000000',9,'Cleaning',1201,'CLEVER KISENYI',NULL,'','Emptying latrine at clevers premise in Kisenyi ','Kabibi Moreen',NULL,NULL,'2024-05-31 07:10:38.632977');
INSERT INTO `expenseproperties` VALUES (60,'Garbage collection ',50000,'0000-00-00 00:00:00.000000',9,'Cleaning',1208,'PATRICK ESTATES',NULL,'','Garbage collection for the month of June,2024 at  Patrick\'s premise  ','Kabibi Moreen',NULL,138,'2024-06-18 09:53:33.559062');
INSERT INTO `expenseproperties` VALUES (61,'Garbage collection ',40000,'0000-00-00 00:00:00.000000',9,'Cleaning',1184,'GAUDIAS ORDINARY',NULL,'','Garbage collection at Gaudius\' premise for the month of June,2024 to ECOSERVE ','Kabibi Moreen',NULL,138,'2024-06-18 09:54:57.627017');
INSERT INTO `expenseproperties` VALUES (62,'Garbage collection ',60000,'0000-00-00 00:00:00.000000',9,'Cleaning',1169,'GERALD ESTATES',NULL,'','Garbage collection at Gerald\'s premise for the month of June to Ecoserve ','Kabibi Moreen',NULL,138,'2024-06-18 09:56:14.311042');
INSERT INTO `expenseproperties` VALUES (63,'Renovation of a room ',300000,'0000-00-00 00:00:00.000000',5,'Maintenance',1208,'PATRICK ESTATES',NULL,'','Maintaining a room in good conditions at Patrick\'s premise ','Kabibi Moreen',NULL,138,'2024-06-18 09:57:49.671781');
INSERT INTO `expenseproperties` VALUES (64,'Utilities ',80000,'0000-00-00 00:00:00.000000',5,'Maintenance',1209,'CHRISTOPHER ESTATES',NULL,'','Payment for Electricity bills','Kabibi Moreen',NULL,138,'2024-06-18 10:00:09.270041');
INSERT INTO `expenseproperties` VALUES (66,'Cleaning ',20000,'0000-00-00 00:00:00.000000',9,'Cleaning',1187,'',NULL,'','Cleaning at Elson\'s premise on 29,th/2024','Kabibi Moreen',NULL,138,'2024-06-30 11:37:20.818452');
INSERT INTO `expenseproperties` VALUES (68,'Unblocking manhole at tayebwa',40000,'2024-07-06 00:00:00.000000',5,'Maintenance',1258,' TAYEBWA WILLIAM AND FAMILY ESTATES',NULL,'','Cleaning and repairing manhole at tayebwa ','Kabibi Moreen',NULL,138,'2024-07-06 15:21:29.415061');
INSERT INTO `expenseproperties` VALUES (69,'Renovation of a room ',11800,'2024-07-11 00:00:00.000000',5,'Maintenance',1249,'DR KAREMA ESTATE 1',NULL,'','Repairs at karema\'s premise ','Kabibi Moreen',NULL,138,'2024-07-11 19:21:26.904109');
INSERT INTO `expenseproperties` VALUES (70,'Renovation of a room ',106200,'2024-07-11 00:00:00.000000',5,'Maintenance',1249,'DR KAREMA ESTATE 1',NULL,'','Top up on renovation of Karema\'s room to Robert ','Kabibi Moreen',NULL,138,'2024-07-11 19:29:21.493349');
INSERT INTO `expenseproperties` VALUES (71,'Repairs of manhole ',15000,'2024-07-10 00:00:00.000000',5,'Maintenance',1206,'BASHIR RUTI MARKET',NULL,'','Repairs at Bashir \'s premise by Brevor ','Kabibi Moreen',NULL,138,'2024-07-11 19:31:52.507617');
INSERT INTO `expenseproperties` VALUES (72,'Garbage collection ',100000,'2024-07-10 00:00:00.000000',5,'Maintenance',1258,' TAYEBWA WILLIAM AND FAMILY ESTATES',NULL,'','Payment for Garbage collection at Tayebwas premise ','Kabibi Moreen',NULL,138,'2024-07-12 07:20:14.911707');
INSERT INTO `expenseproperties` VALUES (73,'Electricity bills ',80000,'2024-07-13 00:00:00.000000',6,'Electricity Repairs',1209,'CHRISTOPHER ESTATES',NULL,'','Payment for Electricity bills at Topher\'s premise ','Kabibi Moreen',NULL,138,'2024-07-14 13:16:28.578356');
INSERT INTO `expenseproperties` VALUES (74,'Garbage collection ',50000,'2024-07-16 00:00:00.000000',5,'Maintenance',1208,'PATRICK ESTATES',NULL,'','Payment to Homeklin for collecting Garbage at Patrick\'s premise ','Kabibi Moreen',NULL,138,'2024-07-16 19:27:28.619426');
INSERT INTO `expenseproperties` VALUES (75,'Utilities ',50000,'2024-07-16 00:00:00.000000',6,'Electricity Repairs',1214,'RUBANYEGYEZA ESTATES',NULL,'','Payment for Electricity bills at Rubanyegyeza\'s premise ','Kabibi Moreen',NULL,138,'2024-07-16 19:28:56.310383');
INSERT INTO `expenseproperties` VALUES (76,'Water meter replacement ',96000,'2024-07-17 00:00:00.000000',7,'Water Repairs',1198,'JB JESUS CARE ',NULL,'','Payment for recovering water meter at JB Jesus care ','Kabibi Moreen',NULL,138,'2024-07-17 12:48:34.197623');
INSERT INTO `expenseproperties` VALUES (77,'Window glass at Denis Ampeire',21000,'2024-07-17 00:00:00.000000',5,'Maintenance',1215,'DENIS ESTATES',NULL,'','Repair of glass at Denis Ampeire in Bifura','Kabibi Moreen',NULL,138,'2024-07-17 12:50:05.622915');
INSERT INTO `expenseproperties` VALUES (78,'Repairs of bathroom ',62000,'2024-07-17 00:00:00.000000',5,'',1249,'DR KAREMA ESTATE 1',NULL,'','Payment for bathroom repairs at Karema\'s premise ','Kabibi Moreen',NULL,138,'2024-07-18 06:10:06.594470');
INSERT INTO `expenseproperties` VALUES (79,'Door lock ',37000,'2024-07-20 00:00:00.000000',5,'Maintenance',1198,'JB JESUS CARE ',NULL,'','Repair of door lock at j.b Jesus care premise ','Kabibi Moreen',NULL,138,'2024-07-20 19:05:44.184331');
INSERT INTO `expenseproperties` VALUES (80,'Electricity bills ',40000,'2024-07-22 00:00:00.000000',5,'Maintenance',1245,'Elly ordinally',NULL,'','Settling electricity bills at Elly\'s premise ','Kabibi Moreen',NULL,138,'2024-07-22 18:55:30.197987');
INSERT INTO `expenseproperties` VALUES (82,'Curtain boxes ',20000,'2024-07-27 00:00:00.000000',5,'Maintenance',1249,'DR KAREMA ESTATE 1',1647,'RM1','Curtain boxes at Karema\'s premise ','Kabibi Moreen',NULL,138,'2024-07-27 14:31:41.006106');
INSERT INTO `expenseproperties` VALUES (83,'LAMP HOLDER REPAIR',5000,'2024-09-01 00:00:00.000000',6,'Electricity Repairs',1201,'CLEVER KISENYI',1224,'RM1','BEING PAYMENT FOR LAMP HOLDER REPAIR AT CLEVER KISHENYI','Tumusiime Ian',NULL,138,'2024-09-03 14:33:38.074634');
INSERT INTO `expenseproperties` VALUES (84,'LAMP HOLDER REPAIR',5000,'2024-09-01 00:00:00.000000',6,'Electricity Repairs',1201,'CLEVER KISENYI',1224,'RM1','BEING PAYMENT FOR LAMP HOLDER REPAIR AT CLEVER KISHENYI','Tumusiime Ian',NULL,138,'2024-09-03 14:33:39.820375');
INSERT INTO `expenseproperties` VALUES (85,'electricity bill',80000,'2024-09-13 00:00:00.000000',6,'',1209,'CHRISTOPHER ESTATES',1296,'RM1','payment for electricity at Christopher premises','Tumusiime Ian',NULL,138,'2024-09-13 16:43:00.760273');
INSERT INTO `expenseproperties` VALUES (86,'electricity bill',80000,'2024-09-13 00:00:00.000000',6,'',1209,'CHRISTOPHER ESTATES',1296,'RM1','payment for electricity at Christopher premises','Tumusiime Ian',NULL,138,'2024-09-13 16:43:06.489090');
INSERT INTO `expenseproperties` VALUES (87,'advance to landlord',140000,'2024-10-02 00:00:00.000000',9,'landlord\'s advance',1247,'Lameach estates',1632,'RM1','advance to lamech','Tumusiime Ian',NULL,138,'2024-10-02 16:43:17.999137');
INSERT INTO `expenseproperties` VALUES (88,'Landlord\'s advance ',140000,'2024-10-02 00:00:00.000000',9,'landlord\'s advance',1247,'Lameach estates',1632,'RM1','An advance to landlord lamech','Tumusiime Ian',NULL,138,'2024-10-11 05:00:27.544392');
INSERT INTO `expenseproperties` VALUES (89,'Electricity repair ',10000,'2024-10-09 00:00:00.000000',6,'Electricity Repairs',1165,'PHILEMON ESTATES',853,'HOUSE1','At philmon estates','Tumusiime Ian',142,138,'2024-10-11 05:02:45.781066');
INSERT INTO `expenseproperties` VALUES (90,'Circuit breaker',20000,'2024-10-02 00:00:00.000000',6,'Electricity Repairs',1166,'',860,'CH1','At JB katete premises','Tumusiime Ian',143,138,'2024-10-11 05:04:24.173135');
INSERT INTO `expenseproperties` VALUES (91,'Painting ',19000,'2024-10-03 00:00:00.000000',5,'Maintenance & other technical repairs',1256,'Clever makenke',1692,'CH1','Balance paid to Robert for painting at clever makenke premises','Tumusiime Ian',NULL,138,'2024-10-11 05:06:09.591889');
INSERT INTO `expenseproperties` VALUES (92,'Electricity ',105500,'2024-10-03 00:00:00.000000',12,'electricity bills',1167,'RESTY ESTATES',879,'','Resty premises ','Tumusiime Ian',NULL,138,'2024-10-11 05:07:42.654437');
INSERT INTO `expenseproperties` VALUES (93,'Window glass repair ',23000,'2024-10-03 00:00:00.000000',5,'',1245,'Elly ordinally',1607,'','Replacement of the broken glass ','Tumusiime Ian',NULL,138,'2024-10-11 05:10:02.667516');
INSERT INTO `expenseproperties` VALUES (94,'Lamp holder ',3000,'2024-10-03 00:00:00.000000',6,'Electricity Repairs',1188,'PASCAL KATETE CENTRAL',1077,'RM1','Pascal premises','Tumusiime Ian',NULL,138,'2024-10-11 05:11:50.738800');
INSERT INTO `expenseproperties` VALUES (95,'Chairman fee ',20000,'2024-10-03 00:00:00.000000',15,'Chairman fee ',1291,'Kemirembe Florence estates ',2303,'','Fee for stamping by chairman katete cell','Tumusiime Ian',NULL,138,'2024-10-11 05:18:29.944097');
INSERT INTO `expenseproperties` VALUES (96,'Landlord\'s advance ',120000,'2024-10-03 00:00:00.000000',9,'landlord\'s advance',1288,'Lilian estates ',2270,'RM','Advance to lilian','Tumusiime Ian',NULL,138,'2024-10-11 05:19:46.417120');
INSERT INTO `expenseproperties` VALUES (98,'Electricity ',50000,'2025-01-21 00:00:00.000000',12,'electricity bills',1214,'RUBANYEGYEZA ESTATES',1349,'RM1','','Uwimbabazi Hope',NULL,156,'2025-01-21 15:38:27.443425');
INSERT INTO `expenseproperties` VALUES (99,'Garbage collection ',15000,'2025-01-22 00:00:00.000000',14,'gabbage collection',1221,'FLORENCE ESTATES',1399,'RM1','','Uwimbabazi Hope',NULL,156,'2025-01-25 12:29:46.616187');
INSERT INTO `expenseproperties` VALUES (100,'Painting ',49000,'2025-01-24 00:00:00.000000',5,'Maintenance & other technical repairs',1191,'KAZENGA RWENTONDO',1100,'RM1','Expense made by saverino ','Uwimbabazi Hope',NULL,156,'2025-01-25 12:54:50.274918');
INSERT INTO `expenseproperties` VALUES (101,'Renovation ',60000,'2025-01-27 00:00:00.000000',5,'Maintenance & other technical repairs',1256,'Clever makenke',1692,'CH1','Room renovation ','Uwimbabazi Hope',NULL,156,'2025-01-28 06:27:05.132432');
INSERT INTO `expenseproperties` VALUES (102,'Electricity ',180000,'2025-01-25 00:00:00.000000',12,'electricity bills',1184,'GAUDIAS ORDINARY',1035,'RM1','Paid by Rodgers ','Uwimbabazi Hope',NULL,156,'2025-01-28 06:34:57.750218');
INSERT INTO `expenseproperties` VALUES (103,'Bathroom repairs ',45000,'2025-01-25 00:00:00.000000',8,'Bathroom Repairs',1256,'Clever makenke',1692,'CH1','By Brevor','Uwimbabazi Hope',NULL,156,'2025-01-28 06:35:56.428228');
INSERT INTO `expenseproperties` VALUES (104,'Welding ',25000,'2025-01-25 00:00:00.000000',5,'Maintenance & other technical repairs',1256,'Clever makenke',1692,'CH1','By Simon','Uwimbabazi Hope',NULL,156,'2025-01-28 06:36:51.049310');
INSERT INTO `expenseproperties` VALUES (105,'Electricity connection ',141000,'2025-01-26 00:00:00.000000',6,'Electricity Repairs',1165,'',853,'HOUSE1','At Philemon ','Uwimbabazi Hope',142,156,'2025-01-28 06:46:02.433746');
INSERT INTO `expenseproperties` VALUES (106,'Disconnection',37000,'2025-02-04 00:00:00.000000',6,'Electricity Repairs',1256,'Clever makenke',1692,'','Done by deus','Uwimbabazi Hope',NULL,156,'2025-02-24 08:31:28.032383');
INSERT INTO `expenseproperties` VALUES (107,'Electricity ',120000,'2025-02-04 00:00:00.000000',12,'electricity bills',1256,'Clever makenke',1692,'','By rodgers and ambrose ','Uwimbabazi Hope',NULL,156,'2025-02-24 08:32:45.517464');
INSERT INTO `expenseproperties` VALUES (108,'Water',130000,'2025-02-04 00:00:00.000000',11,'water bills',1184,'GAUDIAS ORDINARY',1035,'RM1','By Rodgers ','Uwimbabazi Hope',NULL,156,'2025-02-24 08:34:13.569678');
INSERT INTO `expenseproperties` VALUES (109,'Emptying ',300000,'2025-02-03 00:00:00.000000',13,'cleaning services',1199,'',1201,'RM1','By Rodgers ','Uwimbabazi Hope',143,156,'2025-02-24 08:35:33.429566');
INSERT INTO `expenseproperties` VALUES (110,'Water',182000,'2025-02-05 00:00:00.000000',11,'water bills',1169,'GERALD ESTATES',897,'HOUSE2','By Rodgers ','Uwimbabazi Hope',146,156,'2025-02-24 08:36:26.461521');
INSERT INTO `expenseproperties` VALUES (111,'Broom',2000,'2025-02-10 00:00:00.000000',13,'cleaning services',1209,'CHRISTOPHER ESTATES',1296,'RM1','Ambrose ','Uwimbabazi Hope',NULL,156,'2025-02-24 08:52:07.853208');
INSERT INTO `expenseproperties` VALUES (112,'Electricity ',20000,'2025-02-10 00:00:00.000000',12,'electricity bills',1191,'KAZENGA RWENTONDO',1100,'','By Hope ','Uwimbabazi Hope',NULL,156,'2025-02-24 08:53:03.653911');
INSERT INTO `expenseproperties` VALUES (113,'Electricity repair ',33000,'2025-02-10 00:00:00.000000',6,'Electricity Repairs',1245,'Elly ordinally',1607,'','By Deus','Uwimbabazi Hope',NULL,156,'2025-02-24 08:55:15.039604');
INSERT INTO `expenseproperties` VALUES (114,'Welding ',20000,'2025-02-11 00:00:00.000000',5,'Maintenance & other technical repairs',1172,'',978,'CH1','By Bravor ','Uwimbabazi Hope',143,156,'2025-02-24 08:56:29.326339');
INSERT INTO `expenseproperties` VALUES (115,'Padlock ',5000,'2025-02-11 00:00:00.000000',5,'Maintenance & other technical repairs',1172,'',978,'CH1','By Bravor ','Uwimbabazi Hope',143,156,'2025-02-24 08:57:30.337197');
INSERT INTO `expenseproperties` VALUES (116,'Token to c/m',10000,'2025-02-11 00:00:00.000000',15,'Chairman fee ',1172,'JB Rwemirinzi',978,'CH1','By Hope ','Uwimbabazi Hope',143,156,'2025-02-24 08:58:09.123199');
INSERT INTO `expenseproperties` VALUES (117,'Switch replacement ',6000,'2025-02-12 00:00:00.000000',5,'Maintenance & other technical repairs',1166,'JB KATETE CENTRAL',860,'','By Rodgers ','Uwimbabazi Hope',NULL,156,'2025-02-24 09:29:47.680990');
INSERT INTO `expenseproperties` VALUES (118,'Electricity ',50000,'2025-02-12 00:00:00.000000',12,'electricity bills',1255,'MAKATU ESTATES',1682,'CH1','By Rodgers ','Uwimbabazi Hope',NULL,156,'2025-02-24 09:30:24.887956');
INSERT INTO `expenseproperties` VALUES (119,'Flour repair ',5000,'2025-02-12 00:00:00.000000',5,'Maintenance & other technical repairs',1166,'JB KATETE CENTRAL',860,'','By Rodgers ','Uwimbabazi Hope',NULL,156,'2025-02-24 09:31:09.730710');
INSERT INTO `expenseproperties` VALUES (120,'Tank reconnection ',196000,'2025-02-12 00:00:00.000000',5,'Maintenance & other technical repairs',1179,'BRIDGET DRIVE',1023,'RM1','','Uwimbabazi Hope',130,156,'2025-02-24 09:32:11.983573');
INSERT INTO `expenseproperties` VALUES (121,'Electricity ',70000,'2025-02-15 00:00:00.000000',12,'electricity bills',1209,'CHRISTOPHER ESTATES',1296,'','','Uwimbabazi Hope',NULL,156,'2025-02-24 10:00:29.434766');
INSERT INTO `expenseproperties` VALUES (122,'Electricity repair ',10000,'2025-06-08 00:00:00.000000',6,'Electricity Repairs',1214,'RUBANYEGYEZA ESTATES',1349,'RM1','','Uwimbabazi Hope',NULL,156,'2025-06-12 07:07:26.595765');
INSERT INTO `expenseproperties` VALUES (123,'Electricity repair ',10000,'2025-06-03 00:00:00.000000',6,'Electricity Repairs',1201,'CLEVER KISENYI',1224,'','','Uwimbabazi Hope',NULL,156,'2025-06-12 07:09:06.439538');
INSERT INTO `expenseproperties` VALUES (124,'Electricity repair ',8000,'2025-06-03 00:00:00.000000',6,'Electricity Repairs',1294,'Bonny estates ',2332,'RM 1 ','','Uwimbabazi Hope',NULL,156,'2025-06-12 07:09:42.343450');
INSERT INTO `expenseproperties` VALUES (125,'Plumbing ',70000,'2025-06-04 00:00:00.000000',5,'Maintenance & other technical repairs',1173,'JB NYAMITANGA',990,'CH1','','Uwimbabazi Hope',143,156,'2025-06-12 07:10:41.552646');
INSERT INTO `expenseproperties` VALUES (126,'Water bill ',160000,'2025-06-04 00:00:00.000000',11,'water bills',1173,'JB NYAMITANGA',990,'CH1','','Uwimbabazi Hope',143,156,'2025-06-12 07:12:54.868145');
INSERT INTO `expenseproperties` VALUES (127,'Electricity ',120000,'2025-06-04 00:00:00.000000',12,'electricity bills',1256,'Clever makenke',1692,'CH1','','Uwimbabazi Hope',NULL,156,'2025-06-12 07:14:35.378633');
INSERT INTO `expenseproperties` VALUES (128,'Electricity ',80000,'2025-06-04 00:00:00.000000',12,'electricity bills',1201,'CLEVER KISENYI',1224,'RM1','','Uwimbabazi Hope',NULL,156,'2025-06-12 07:15:31.830825');
INSERT INTO `expenseproperties` VALUES (129,'Painting ',20000,'2025-06-07 00:00:00.000000',5,'Maintenance & other technical repairs',1238,'ELLY VIP',1512,'','','Uwimbabazi Hope',NULL,156,'2025-06-12 07:18:09.131225');
INSERT INTO `expenseproperties` VALUES (130,'Trench cleaning ',20000,'2025-06-07 00:00:00.000000',13,'cleaning services',1201,'CLEVER KISENYI',1224,'','','Uwimbabazi Hope',NULL,156,'2025-06-12 07:19:51.240570');
INSERT INTO `expenseproperties` VALUES (131,'Electricity ',50000,'2025-06-08 00:00:00.000000',12,'electricity bills',1214,'',1349,'RM1','','Uwimbabazi Hope',NULL,156,'2025-06-12 07:22:19.481436');
INSERT INTO `expenseproperties` VALUES (132,'Electricity ',27000,'2025-06-10 00:00:00.000000',12,'electricity bills',1234,'Fulge estates',1466,'','','Uwimbabazi Hope',NULL,156,'2025-06-12 07:23:23.578329');
INSERT INTO `expenseproperties` VALUES (133,'Electricity repair ',30000,'2025-06-10 00:00:00.000000',6,'Electricity Repairs',1214,'RUBANYEGYEZA ESTATES',1349,'RM1','','Uwimbabazi Hope',NULL,156,'2025-06-12 07:26:20.106623');
INSERT INTO `expenseproperties` VALUES (134,'Electricity repair ',50000,'2025-06-10 00:00:00.000000',6,'Electricity Repairs',1221,'FLORENCE ESTATES',1399,'RM1','','Uwimbabazi Hope',NULL,156,'2025-06-12 07:27:40.980116');
INSERT INTO `expenseproperties` VALUES (135,'Garbage collection ',15000,'2025-06-10 00:00:00.000000',14,'gabbage collection',1221,'FLORENCE ESTATES',1399,'','','Uwimbabazi Hope',NULL,156,'2025-06-12 07:29:04.567180');
INSERT INTO `expenseproperties` VALUES (136,'Electricity repair ',25000,'2025-06-11 00:00:00.000000',6,'Electricity Repairs',1197,'JOHN BOSCO MILE 4',1166,'CH1','','Uwimbabazi Hope',143,156,'2025-06-12 07:29:40.765581');
INSERT INTO `expenseproperties` VALUES (137,'Electricity repair ',25000,'2025-06-11 00:00:00.000000',6,'Electricity Repairs',1166,'JB KATETE CENTRAL',860,'CH1','','Uwimbabazi Hope',143,156,'2025-06-12 07:30:04.274365');
INSERT INTO `expenseproperties` VALUES (138,'Tank repairs ',40000,'2025-06-13 00:00:00.000000',5,'Maintenance & other technical repairs',1179,'BRIDGET DRIVE',1023,'RM1','','Uwimbabazi Hope',130,156,'2025-06-16 07:08:07.351043');
INSERT INTO `expenseproperties` VALUES (139,'Gar',100000,'2025-06-12 00:00:00.000000',14,'gabbage collection',1258,' TAYEBWA WILLIAM AND FAMILY ESTATES',1726,'RM1','','Uwimbabazi Hope',NULL,156,'2025-06-16 07:08:52.185386');
INSERT INTO `expenseproperties` VALUES (140,'Garbage collection ',50000,'2025-06-12 00:00:00.000000',14,'gabbage collection',1208,'PATRICK ESTATES',1284,'','','Uwimbabazi Hope',NULL,156,'2025-06-16 07:09:20.552682');
INSERT INTO `expenseproperties` VALUES (141,'Garbage collection ',140000,'2025-06-16 00:00:00.000000',14,'gabbage collection',1246,'Crispus estates',1622,'RM I','','Uwimbabazi Hope',NULL,156,'2025-06-17 07:36:36.563291');
INSERT INTO `expenseproperties` VALUES (142,'Electricity repair ',55000,'2025-06-16 00:00:00.000000',6,'Electricity Repairs',1196,'RODERICK ESTATES',1164,'','','Uwimbabazi Hope',NULL,156,'2025-06-17 07:37:08.839202');
INSERT INTO `expenseproperties` VALUES (143,'Gate repair ',25000,'2025-06-16 00:00:00.000000',5,'Maintenance & other technical repairs',1196,'RODERICK ESTATES',1164,'','','Uwimbabazi Hope',NULL,156,'2025-06-17 07:37:43.573394');
INSERT INTO `expenseproperties` VALUES (144,'Electricity ',62000,'2025-06-15 00:00:00.000000',12,'electricity bills',1209,'CHRISTOPHER ESTATES',1296,'RM1','','Uwimbabazi Hope',NULL,156,'2025-06-17 07:38:14.652876');
INSERT INTO `expenseproperties` VALUES (145,'Door bolts',10000,'2025-06-17 00:00:00.000000',5,'Maintenance & other technical repairs',1198,'JB JESUS CARE ',1186,'CH1','','Uwimbabazi Hope',143,156,'2025-06-18 05:44:35.359291');
INSERT INTO `expenseproperties` VALUES (146,'Electricity meter ',40000,'2025-06-18 00:00:00.000000',6,'Electricity Repairs',1261,'NANTONGO ESTATES',1767,'','','Uwimbabazi Hope',NULL,156,'2025-06-20 07:38:00.672833');
INSERT INTO `expenseproperties` VALUES (147,'Electricity ',50000,'2025-06-19 00:00:00.000000',12,'electricity bills',1208,'PATRICK ESTATES',1284,'CH1','','Uwimbabazi Hope',NULL,156,'2025-06-20 07:38:35.086089');
INSERT INTO `expenseproperties` VALUES (148,'Renovation ',59000,'2025-06-19 00:00:00.000000',5,'Maintenance & other technical repairs',1197,'JOHN BOSCO MILE 4',1166,'CH1','','Uwimbabazi Hope',143,156,'2025-06-20 07:39:29.754840');
INSERT INTO `expenseproperties` VALUES (149,'Tank repairs ',76000,'2025-06-23 00:00:00.000000',5,'Maintenance & other technical repairs',1167,'RESTY ESTATES',879,'ROOM1','By Bravor ','Uwimbabazi Hope',144,156,'2025-06-25 06:24:12.336397');
INSERT INTO `expenseproperties` VALUES (150,'Electricity repair ',15000,'2025-06-25 00:00:00.000000',6,'Electricity Repairs',1163,'KAFEERO ESTATES',832,'','','Uwimbabazi Hope',NULL,156,'2025-06-26 06:53:15.031598');
INSERT INTO `expenseproperties` VALUES (151,'Painting ',35000,'2025-06-25 00:00:00.000000',5,'Maintenance & other technical repairs',1291,'Kemirembe Florence estates ',2303,'','','Uwimbabazi Hope',NULL,156,'2025-06-26 06:54:10.750457');
INSERT INTO `expenseproperties` VALUES (152,'Electricity ',5000,'2025-06-26 00:00:00.000000',12,'electricity bills',1238,'ELLY VIP',1512,'RM1','','Uwimbabazi Hope',NULL,156,'2025-06-27 05:46:35.043005');
INSERT INTO `expenseproperties` VALUES (153,'Emptying ',120000,'2025-06-28 00:00:00.000000',5,'Maintenance & other technical repairs',1201,'CLEVER KISENYI',1224,'RM1','','Uwimbabazi Hope',NULL,156,'2025-06-28 21:17:18.994040');
INSERT INTO `expenseproperties` VALUES (154,'Bathroom repairs ',2000,'2025-06-27 00:00:00.000000',8,'Bathroom Repairs',1201,'CLEVER KISENYI',1224,'','','Uwimbabazi Hope',NULL,156,'2025-06-28 21:17:46.563490');
INSERT INTO `expenseproperties` VALUES (155,'Painting ',30000,'2025-07-08 00:00:00.000000',5,'Maintenance & other technical repairs',1256,'Clever makenke',1692,'CH1','','Uwimbabazi Hope',NULL,156,'2025-07-09 07:12:54.632432');
INSERT INTO `expenseproperties` VALUES (156,'Unblocking waste water pipes',62000,'2025-07-08 00:00:00.000000',5,'Maintenance & other technical repairs',1198,'JB JESUS CARE ',1186,'CH1','','Uwimbabazi Hope',143,156,'2025-07-09 07:18:09.721609');
INSERT INTO `expenseproperties` VALUES (157,'Garbage collection ',15000,'2025-07-08 00:00:00.000000',14,'',1221,'',1399,'RM1','','Uwimbabazi Hope',NULL,156,'2025-07-09 07:20:24.672025');
INSERT INTO `expenseproperties` VALUES (158,'Water bill ',55000,'2025-07-08 00:00:00.000000',11,'water bills',1198,'JB JESUS CARE ',1186,'CH1','','Uwimbabazi Hope',143,156,'2025-07-09 07:21:07.227754');
INSERT INTO `expenseproperties` VALUES (159,'Painting ',48000,'2025-07-07 00:00:00.000000',5,'Maintenance & other technical repairs',1256,'Clever makenke',1692,'CH1','','Uwimbabazi Hope',NULL,156,'2025-07-09 07:21:49.377528');
INSERT INTO `expenseproperties` VALUES (160,'Door bolts',28000,'2025-07-07 00:00:00.000000',5,'Maintenance & other technical repairs',1222,'SILVER ESTATES',1416,'RM1','','Uwimbabazi Hope',NULL,156,'2025-07-09 07:22:22.752220');
INSERT INTO `expenseproperties` VALUES (161,'Painting ',50000,'2025-07-04 00:00:00.000000',5,'Maintenance & other technical repairs',1179,'BRIDGET DRIVE',1023,'RM1','','Uwimbabazi Hope',130,156,'2025-07-09 07:23:18.155426');
INSERT INTO `expenseproperties` VALUES (162,'Electricity repair ',69000,'2025-07-04 00:00:00.000000',6,'Electricity Repairs',1280,'Ojok estate',2129,'STAND ALONE HOUSE','','Uwimbabazi Hope',NULL,156,'2025-07-09 07:23:50.720114');
INSERT INTO `expenseproperties` VALUES (163,'Electricity service fee ',40000,'2025-07-04 00:00:00.000000',12,'electricity bills',1245,'Elly ordinally',1607,'RM1','','Uwimbabazi Hope',NULL,156,'2025-07-09 07:24:39.226714');
INSERT INTO `expenseproperties` VALUES (164,'Painting ',200000,'2025-07-03 00:00:00.000000',5,'Maintenance & other technical repairs',1179,'',1023,'RM1','','Uwimbabazi Hope',130,156,'2025-07-09 07:25:35.031762');
INSERT INTO `expenseproperties` VALUES (165,'Plumbing ',136000,'2025-07-02 00:00:00.000000',5,'Maintenance & other technical repairs',1179,'BRIDGET DRIVE',1023,'RM1','','Uwimbabazi Hope',130,156,'2025-07-09 07:26:35.386495');
INSERT INTO `expenseproperties` VALUES (166,'Electricity ',10000,'2025-07-02 00:00:00.000000',12,'electricity bills',1256,'Clever makenke',1692,'CH1','','Uwimbabazi Hope',NULL,156,'2025-07-09 07:27:34.574708');
INSERT INTO `expenseproperties` VALUES (167,'Emptying ',20000,'2025-07-02 00:00:00.000000',5,'Maintenance & other technical repairs',1215,'DENIS ESTATES',1356,'RM1','','Uwimbabazi Hope',NULL,156,'2025-07-09 07:28:08.563466');
INSERT INTO `expenseproperties` VALUES (168,'Electricity ',120000,'2025-07-01 00:00:00.000000',12,'electricity bills',1256,'Clever makenke',1692,'','','Uwimbabazi Hope',NULL,156,'2025-07-09 07:28:52.453760');
INSERT INTO `expenseproperties` VALUES (169,'Electricity ',180000,'2025-07-01 00:00:00.000000',12,'electricity bills',1184,'GAUDIAS ORDINARY',1035,'RM1','','Uwimbabazi Hope',NULL,156,'2025-07-09 07:29:28.051646');
INSERT INTO `expenseproperties` VALUES (170,'Electricity ',50000,'2025-07-01 00:00:00.000000',12,'electricity bills',1255,'',1682,'CH1','','Uwimbabazi Hope',NULL,156,'2025-07-09 07:30:47.258294');
INSERT INTO `expenseproperties` VALUES (171,'Electricity ',50000,'2025-07-01 00:00:00.000000',12,'electricity bills',1255,'',1682,'CH1','','Uwimbabazi Hope',NULL,156,'2025-07-09 07:31:07.163427');

--
-- Table structure for table `expenses`
--

CREATE TABLE `expenses` (
  `ExpenseID` int(20) NOT NULL AUTO_INCREMENT,
  `item` varchar(2000) NOT NULL,
  `item_date` datetime(6) NOT NULL,
  `amountpay` int(11) NOT NULL,
  `id` int(85) NOT NULL,
  `description` mediumtext NOT NULL,
  `user` varchar(90) NOT NULL,
  `date` timestamp NOT NULL DEFAULT current_timestamp() ON UPDATE current_timestamp(),
  `liability` int(11) NOT NULL DEFAULT 7,
  `username` int(11) NOT NULL,
  PRIMARY KEY (`ExpenseID`),
  KEY `expenses_ibfk` (`user`),
  KEY `id` (`id`),
  CONSTRAINT `expenses_ibfk_1` FOREIGN KEY (`id`) REFERENCES `category` (`id`) ON DELETE CASCADE ON UPDATE CASCADE
) ENGINE=InnoDB AUTO_INCREMENT=1329 DEFAULT CHARSET=utf8mb4 COLLATE=utf8mb4_general_ci;

--
-- Dumping data for table `expenses`
--

INSERT INTO `expenses` VALUES (124,'Transport (saverino)','0000-00-00 00:00:00.000000',5000,93,'<p>Saverino was going to open for the tenant who has been closed because of delaying money for rent at Rubanyegyeza estate.</p>','suzan','2024-03-09 09:44:33',7,0);
INSERT INTO `expenses` VALUES (125,'Transport (Nkalubo)','0000-00-00 00:00:00.000000',20000,93,'<p>Nkalubo used 20000 for office activities.</p>','suzan','2024-03-09 09:51:10',7,0);
INSERT INTO `expenses` VALUES (126,'Mortocycle fuel ','0000-00-00 00:00:00.000000',5000,93,'<p>Rodgers used 5000 shillings to fill the mortocycle when he was from field.</p>','suzan','2024-03-09 09:54:15',7,0);
INSERT INTO `expenses` VALUES (127,'Padlocks ','0000-00-00 00:00:00.000000',6000,92,'<p>Saverino bought padlocks to lock at the office.</p>','suzan','2024-03-09 10:02:53',7,0);
INSERT INTO `expenses` VALUES (128,' Fuel (saverino)','0000-00-00 00:00:00.000000',5000,93,'<p>Severino used 5000 shillings to fill the mortocycle.</p>','suzan','2024-03-09 10:04:55',7,0);
INSERT INTO `expenses` VALUES (129,'Lunch for staff','0000-00-00 00:00:00.000000',180000,92,'<p>Every staff was provided by Lunch and it got the total of one hundred eighty thousand shillings.</p>','suzan','2024-03-09 11:38:25',7,0);
INSERT INTO `expenses` VALUES (130,'Airtime for staff','0000-00-00 00:00:00.000000',90000,92,'<p>Each staff got airtime and the total was Ninty thousand shillings.</p>','suzan','2024-03-09 11:40:37',7,0);
INSERT INTO `expenses` VALUES (131,'Airtime for staff','0000-00-00 00:00:00.000000',90000,92,'<p>Each staff got airtime and the total was Ninty thousand shillings.</p>','suzan','2024-03-09 11:40:38',7,0);
INSERT INTO `expenses` VALUES (132,'Transport fuel for mortorcycle','0000-00-00 00:00:00.000000',20000,93,'Twenty thousand shillings has been given to Rodgers by the accountant mainly for fuel 0n 12th March 2024.','suzan','2024-03-12 10:42:17',7,0);
INSERT INTO `expenses` VALUES (133,'Award for Mr. Senfuka Ivan','0000-00-00 00:00:00.000000',100000,92,'<p>Mr. Senfuka Ivan has been awarded a certificate and a parsel for one hundred thousand shillings on 12th March 2024.</p>','suzan','2024-03-12 10:54:23',7,0);
INSERT INTO `expenses` VALUES (134,'Savings for staff (KCB)','0000-00-00 00:00:00.000000',180000,92,'<p>Accountant banked one hundred eighty thousand shillings at KCB bank on 11th March 2024.</p>','suzan','2024-03-12 10:58:13',7,0);
INSERT INTO `expenses` VALUES (135,'Fuel and transport','0000-00-00 00:00:00.000000',12000,93,'<p>One hundred two thousand shillings has been given to Rodgers for fuel and transport on 11th March 2024.</p>','suzan','2024-03-12 11:02:48',7,0);
INSERT INTO `expenses` VALUES (136,'Borrowed Kerebu','0000-00-00 00:00:00.000000',32000,92,'<p>Mr. Kerebu has borrowed Three Hundred Two Thousand shillings on 11th March 2024.</p>','suzan','2024-03-12 11:05:36',7,0);
INSERT INTO `expenses` VALUES (137,'Meeting','0000-00-00 00:00:00.000000',14000,92,'<p>The office had a meeting at Comfert Inn and members used One hundred four thousand shillings on 11th March 2024.</p>','suzan','2024-03-12 11:08:43',7,0);
INSERT INTO `expenses` VALUES (138,'Fuel for cars','0000-00-00 00:00:00.000000',200000,93,'<p>All office cars were filled with fuel of Two hundred thousand shillings on 11th March 2024.</p>','suzan','2024-03-12 11:11:52',7,0);
INSERT INTO `expenses` VALUES (139,'ECOSERVE','0000-00-00 00:00:00.000000',5000,92,'<p>An ECOSERVE person took five thousand shillings on 11th March 2014.</p>','suzan','2024-03-12 11:13:56',7,0);
INSERT INTO `expenses` VALUES (140,'Certificate and frame','0000-00-00 00:00:00.000000',11500,98,'<p>Accountant bought Senfukas certificate and a frame at Elven thousand five hundred shillings on 11th March 2024.</p>','suzan','2024-03-12 11:18:39',7,0);
INSERT INTO `expenses` VALUES (141,'Printing and photocopying MOU for Katerega Fred','0000-00-00 00:00:00.000000',4100,92,'<p>The secretatry used four thousaund one hundred shillings in&nbsp; printing and photocopying.</p>','suzan','2024-03-12 14:28:43',7,0);
INSERT INTO `expenses` VALUES (142,'Paid landlord (Arthur)','0000-00-00 00:00:00.000000',390000,92,'<p>The landlord in the names of Arthur has been paid three hundred ninty thousand shillings on 13th March 2024.</p>','suzan','2024-03-13 07:58:10',7,0);
INSERT INTO `expenses` VALUES (143,'URA','0000-00-00 00:00:00.000000',10000,100,'<p>The accountant paid URA returns on 13th March 2024.</p>','suzan','2024-03-14 07:30:55',7,0);
INSERT INTO `expenses` VALUES (144,'Condolences (Ssenyondo)','0000-00-00 00:00:00.000000',100000,92,'<p>Crane properties u Ltd contributed One hundred thousand shillings towards the lost of our client (landlord) Ssenyondo on 14th March 2024.</p>','suzan','2024-03-15 06:50:13',7,0);
INSERT INTO `expenses` VALUES (145,'File for Landlord (Fred Katerega)','0000-00-00 00:00:00.000000',6000,101,'<p>The secretary purchased a file for six thousand shillings to keep landlords information or documents on 14th March, 2024.</p>','suzan','2024-03-15 06:57:07',7,0);
INSERT INTO `expenses` VALUES (146,'Withdraw charges ','0000-00-00 00:00:00.000000',2500,102,'They charged Denis tTwo thousand five hundred when he was withdrawing tenant\'s money for rent on 15th MArch, 2024.','suzan','2024-03-15 07:03:40',7,0);
INSERT INTO `expenses` VALUES (147,'Transport ','0000-00-00 00:00:00.000000',2000,93,'<p>The accountant used Two thousand shillings when she was going to bank the money on 15th March, 2024.</p>','suzan','2024-03-15 07:07:44',7,0);
INSERT INTO `expenses` VALUES (149,'Paid landlord (Elson)','0000-00-00 00:00:00.000000',406000,92,'<p>The accountant paid landlord (Elson) Four hundred six thousand shillings only on 16th March 2024.</p>','suzan','2024-03-17 03:09:48',7,0);
INSERT INTO `expenses` VALUES (150,'Paid Onesmus (landlord)','0000-00-00 00:00:00.000000',856000,92,'<p>Accountant paid Onesmus Eight hundred fifty six thousand shillings only on 16th March, 2024.</p>','suzan','2024-03-17 03:15:56',7,0);
INSERT INTO `expenses` VALUES (151,'Paid Jeremmy Kiliman','0000-00-00 00:00:00.000000',815800,92,'<p>Accountant paid landlord in the names of&nbsp; Jeremmy Kiliman Eight hundred thousand fifteen thousand eight hundred shillings on 18th March, 2024.</p>','suzan','2024-03-19 12:35:20',7,0);
INSERT INTO `expenses` VALUES (152,'Paid step up','0000-00-00 00:00:00.000000',90000,92,'<p>paid step up ninty thousand shillings on 19th March 2024.</p>','suzan','2024-03-20 07:38:41',7,0);
INSERT INTO `expenses` VALUES (153,'Pay it to landlord (Phoeb)','0000-00-00 00:00:00.000000',560000,92,'<p>Paid landlord Five hundred sixty thousand shillings on 19th March, 2024.</p>','suzan','2024-03-20 07:41:15',7,0);
INSERT INTO `expenses` VALUES (154,'Pay it to landlord (Denis Ampaire)','0000-00-00 00:00:00.000000',184000,92,'<p>paid Denis Ampeire (landlord) One hundred eighty four thousand shillings only on 19th March, 2024.</p>','suzan','2024-03-20 07:45:26',7,0);
INSERT INTO `expenses` VALUES (155,'Sunday allowences','0000-00-00 00:00:00.000000',60000,92,'<p>members who presented on Sunday at Kateregas premise spent sixty thousand shillings.</p>','suzan','2024-03-20 14:21:07',7,0);
INSERT INTO `expenses` VALUES (156,'Advance','0000-00-00 00:00:00.000000',50000,103,'<p>Landlord received an advance of fifty thousand shillings on 22nd March, 2024.</p>','suzan','2024-03-22 10:38:05',7,0);
INSERT INTO `expenses` VALUES (157,'Electricity repair','0000-00-00 00:00:00.000000',5000,94,'<p>paid an electrician five thousand shillings for the repair of electricity on&nbsp; 22nd March, 2024 by the accountant.</p>','suzan','2024-03-22 12:24:59',7,0);
INSERT INTO `expenses` VALUES (158,'Utilities (electricity)','0000-00-00 00:00:00.000000',87000,94,'<p>Distributed eighty seven thousand shillings&nbsp; to Kazenga on 28th, March, 2024.</p>','suzan','2024-03-29 06:56:53',7,0);
INSERT INTO `expenses` VALUES (159,'Cleaning services','0000-00-00 00:00:00.000000',190000,104,'Cleaning contributions for all premises&nbsp;','suzan','2024-03-29 07:07:14',7,0);
INSERT INTO `expenses` VALUES (160,'Advance (Pascal)','0000-00-00 00:00:00.000000',200000,103,'<p>paid Pascal (landlord) Two hundred thousand shillings as an advance of March on 29th March, 2024.</p>','suzan','2024-03-29 09:41:14',7,0);
INSERT INTO `expenses` VALUES (161,'Bought staples','0000-00-00 00:00:00.000000',2000,101,'<p>bought staples at two thousand shillings on 29th March, 2024.</p>','suzan','2024-03-29 13:24:44',7,0);
INSERT INTO `expenses` VALUES (162,'Paid landlord','0000-00-00 00:00:00.000000',2488500,103,'<p>paid landlord (SILVER) equaling 2488500shs only on 1st April, 2024.</p>','suzan','2024-04-04 10:40:46',7,0);
INSERT INTO `expenses` VALUES (163,'Paid landlord','0000-00-00 00:00:00.000000',150000,103,'<p>paid Landlord (ELSON) equaling 150,000shs only on 2nd April, 2024.</p>','suzan','2024-04-04 10:43:24',7,0);
INSERT INTO `expenses` VALUES (164,'Paid landlord','0000-00-00 00:00:00.000000',500000,103,'<p>paid landlord (BASIIME) equaling to Five hundred thousand shillings on 2nd April, 2024.</p>','suzan','2024-04-04 13:10:26',7,0);
INSERT INTO `expenses` VALUES (165,'Paid landlord','0000-00-00 00:00:00.000000',389000,103,'<p>paid Landlord (ELLY KAFEERO) equaling to Three hundred eighty nine thousand shillings only on 3rd April, 2024.</p>','suzan','2024-04-04 13:16:07',7,0);
INSERT INTO `expenses` VALUES (166,'Paid landlord','0000-00-00 00:00:00.000000',1166000,103,'<p>paid landlord (AGABA CLEVER) equaling to One million one hundred sixty six thousand shillings only on 3rd April, 2024.</p>','suzan','2024-04-04 13:27:47',7,0);
INSERT INTO `expenses` VALUES (167,'Paid landlord','0000-00-00 00:00:00.000000',384000,103,'<p>paid landlord (ALLEN NAJUNA) equaling to Three hundred eighty four thousand shillings only on 3rd April, 2024.</p>','suzan','2024-04-04 13:31:41',7,0);
INSERT INTO `expenses` VALUES (168,'Liquid soap','0000-00-00 00:00:00.000000',3000,92,'<p>bought liquid soap to clean at Bridget\'s premise on 4th April, 2024.</p>','suzan','2024-04-04 13:38:46',7,0);
INSERT INTO `expenses` VALUES (169,'Tuition for Kerebu and Dickson','0000-00-00 00:00:00.000000',1500000,92,'<p>Kerebu and Dickson took One million five hundred thousand shillings only for tuition on 4th April, 2024.</p>','suzan','2024-04-04 13:42:05',7,0);
INSERT INTO `expenses` VALUES (170,'Special operations','0000-00-00 00:00:00.000000',30000,92,'<p>used thirty thousand shillings only during the operation time at Elly\'s premise.</p>','suzan','2024-04-05 13:37:43',7,0);
INSERT INTO `expenses` VALUES (171,'Ream of papers','0000-00-00 00:00:00.000000',75000,101,'<p>Bought 5 ream of papers at seventy five thousand shillings only on 4th April 2024.</p>','suzan','2024-04-05 13:43:07',7,0);
INSERT INTO `expenses` VALUES (172,'Ecoserve','0000-00-00 00:00:00.000000',5000,92,'<p>paid ecoserve five thousand shillings nonly on 4th April,2024.</p>','suzan','2024-04-05 13:45:34',7,0);
INSERT INTO `expenses` VALUES (173,'Commissiom (brocker)','0000-00-00 00:00:00.000000',5000,92,'given a broker five thousand shillings only on 4th April, 2024.','suzan','2024-04-05 13:47:59',7,0);
INSERT INTO `expenses` VALUES (174,'Rwenjeru booking','0000-00-00 00:00:00.000000',120000,92,'<p>Booked Rwenjeru Agro tourism shs 120,000 only on 4th April, 2024.</p>','suzan','2024-04-05 13:52:35',7,0);
INSERT INTO `expenses` VALUES (175,'Motorcycle fuel','0000-00-00 00:00:00.000000',5000,93,'<p>Saverino was given five thousand shillings only for fuel on 4th April, 2024.</p>','suzan','2024-04-05 13:54:59',7,0);
INSERT INTO `expenses` VALUES (176,'Website dev\'t','0000-00-00 00:00:00.000000',100000,92,'<p>paid Pascal One hundred thousand shillings for website on 4th April, 2024.</p>','suzan','2024-04-05 13:57:15',7,0);
INSERT INTO `expenses` VALUES (177,'Transport','0000-00-00 00:00:00.000000',2000,93,'<p>Suzan and Moreen used two thousand shillings only to Elly;s premise on 1st April, 2024.</p>','suzan','2024-04-05 13:59:32',7,0);
INSERT INTO `expenses` VALUES (178,'Transport','0000-00-00 00:00:00.000000',1000,93,'<p>Cleaner used one thousand shillings only when she was from cleaning on 3rd April, 2024.</p>','suzan','2024-04-05 14:01:35',7,0);
INSERT INTO `expenses` VALUES (179,'Motorcycle fuel','0000-00-00 00:00:00.000000',5000,93,'<p>Bravor used five thousand shillings only for fuel on 5th April, 2024.</p>','suzan','2024-04-05 14:03:35',7,0);
INSERT INTO `expenses` VALUES (180,'Cake diposit','0000-00-00 00:00:00.000000',20000,92,'<p>used two hundred thousand shillings only to book the cake on 5th April, 2024.</p>','suzan','2024-04-05 14:05:33',7,0);
INSERT INTO `expenses` VALUES (181,'Cake diposit','0000-00-00 00:00:00.000000',20000,92,'<p>used two hundred thousand shillings only to book the cake on 5th April, 2024.</p>','suzan','2024-04-05 14:05:34',7,0);
INSERT INTO `expenses` VALUES (182,'Hospitality','0000-00-00 00:00:00.000000',10000,92,'<p>used one ten thousand shillings only to water on 5th April 2024.</p>','suzan','2024-04-05 14:07:27',7,0);
INSERT INTO `expenses` VALUES (183,'Paid rent','0000-00-00 00:00:00.000000',250000,98,'<p>crane paid rent equaling to two hundred fifty thousand shillings only on 5th April, 2024.</p>','suzan','2024-04-05 14:12:39',7,0);
INSERT INTO `expenses` VALUES (184,'Paid landlord (Ensinikweri)','0000-00-00 00:00:00.000000',837000,103,'<p>paid landlord (Ensinikweri) equaling to eight hundred thirty seven thousand shillings only on 6th April, 2024.</p>','suzan','2024-04-06 11:12:49',7,0);
INSERT INTO `expenses` VALUES (185,'Paid landlord (Ensinikweri)','0000-00-00 00:00:00.000000',837000,103,'<p>paid landlord (Ensinikweri) equaling to eight hundred thirty seven thousand shillings only on 6th April, 2024.</p>','suzan','2024-04-06 11:12:51',7,0);
INSERT INTO `expenses` VALUES (186,'PADROCK','0000-00-00 00:00:00.000000',5000,92,'<p>BOUGHT PADLOCK AT FIFTY THOUSAND SHILLINGS ONLY ON 6TH APRIL, 2024.</p>','suzan','2024-04-06 13:09:30',7,0);
INSERT INTO `expenses` VALUES (187,'BRANDING T-SHIRT','0000-00-00 00:00:00.000000',3000,92,'<p>BRANDED A T-SHIRT FOR MOREEN AT THREE HUNDRED SHILLINGS ONLY ON 6TH APRIL, 2024.</p>','suzan','2024-04-06 13:11:42',7,0);
INSERT INTO `expenses` VALUES (188,'Repair for motorcycle','0000-00-00 00:00:00.000000',2000,97,'<p>made a motorcycle repair at two thousand shillings only on 6th April, 2024.</p>','suzan','2024-04-06 13:14:23',7,0);
INSERT INTO `expenses` VALUES (189,'Paying for NSSF','0000-00-00 00:00:00.000000',495000,92,'<p>Saved Four hundred ninty five thousand shillings only on 6th April, 2024.</p>','suzan','2024-04-06 13:18:51',7,0);
INSERT INTO `expenses` VALUES (190,'Frier','0000-00-00 00:00:00.000000',10000,92,'<p>paid Dickson\'s frier at ten thousand shillings only on 6th April, 2024.</p>','suzan','2024-04-06 13:21:00',7,0);
INSERT INTO `expenses` VALUES (191,'Airtime','0000-00-00 00:00:00.000000',10000,92,'<p>Given ten thousand shillings only for airtime Kerebu on 15th April, 2024.</p>','suzan','2024-04-15 12:56:47',7,0);
INSERT INTO `expenses` VALUES (192,'Blocker','0000-00-00 00:00:00.000000',10000,92,'<p>distributed ten thousand shillings only to Moreen for blocker on 15th April, 2024.</p>','suzan','2024-04-15 12:58:54',7,0);
INSERT INTO `expenses` VALUES (193,'Blocker JB','0000-00-00 00:00:00.000000',10000,92,'<p>Distributed ten thousand shillings only for blocker on 15th April, 2024.</p>','suzan','2024-04-15 13:01:54',7,0);
INSERT INTO `expenses` VALUES (194,'Motorcycle fuel','0000-00-00 00:00:00.000000',10000,93,'<p>Disributed ten thousand shillings to Rodgers for motorcycle fuel on 15th April, 2024</p>','suzan','2024-04-15 13:03:49',7,0);
INSERT INTO `expenses` VALUES (195,'Transport','0000-00-00 00:00:00.000000',2000,93,'<p>Moreen (cleaner) has been given two thousand shillings for transport on 15th April, 2024</p>','suzan','2024-04-15 13:05:15',7,0);
INSERT INTO `expenses` VALUES (196,'Transport','0000-00-00 00:00:00.000000',130000,93,'<p>Distributed one hundred thirty thousand shillings for crest tank transport on 13th April, 2024</p>','suzan','2024-04-15 13:10:07',7,0);
INSERT INTO `expenses` VALUES (197,'Special operations','0000-00-00 00:00:00.000000',130000,98,'<p>Distributed one hundred thirty thousand shillings only for special operations at Fulge\'s premise on 16th April, 2024.</p>','suzan','2024-04-16 14:08:48',7,0);
INSERT INTO `expenses` VALUES (198,'Radio presentation','0000-00-00 00:00:00.000000',20000,98,'The company distributed twenty thousand shillings only for the Radio presentation on 16th April, 2024.','suzan','2024-04-16 14:12:02',7,0);
INSERT INTO `expenses` VALUES (199,'Motorcycle repair','0000-00-00 00:00:00.000000',2000,97,'<p>The company distributed two thousand shillings only for repairing Rodgers\' motorcycle on 16th April, 2024.</p>','suzan','2024-04-16 14:14:13',7,0);
INSERT INTO `expenses` VALUES (200,'Withdraw charges','0000-00-00 00:00:00.000000',8000,102,'<p>The company distributed eight thousand shillings only for withdraw charges on 16th April, 2024.</p>','suzan','2024-04-16 14:17:00',7,0);
INSERT INTO `expenses` VALUES (202,'Rent for May','0000-00-00 00:00:00.000000',250000,92,'<p>Company Rent for this month&nbsp;</p>','Kabibi Moreen','2024-05-07 13:40:40',7,0);
INSERT INTO `expenses` VALUES (204,'Special operations','0000-00-00 00:00:00.000000',60000,98,'<p>Special operations done on Polion a tenant at Kiliman\'s premise with the Lc1&nbsp; chairman&nbsp;</p>','Kabibi Moreen','2024-05-07 13:46:51',7,0);
INSERT INTO `expenses` VALUES (206,'Certificate of documentation ','0000-00-00 00:00:00.000000',61000,98,'<p>Certificate of company\'s document</p>','superadmin','2024-05-21 08:43:47',7,0);
INSERT INTO `expenses` VALUES (207,'Fuel ','0000-00-00 00:00:00.000000',5000,93,'<p>Fuel for Saverino\'s motor cycle</p>','Kabibi Moreen','2024-05-07 13:55:02',7,0);
INSERT INTO `expenses` VALUES (209,'Repairs and maintenance ','0000-00-00 00:00:00.000000',3000,97,'<p>Repair of Saverino\'s motor cycle&nbsp;</p>','Kabibi Moreen','2024-05-07 13:56:25',7,0);
INSERT INTO `expenses` VALUES (210,'MotorCycle -Fuel','0000-00-00 00:00:00.000000',30000,93,'Complete fuel for the week from 6th-11th May,2024.','Kabibi Moreen','2024-05-08 13:49:43',7,0);
INSERT INTO `expenses` VALUES (212,'Umeme-Clever Kisenyi','0000-00-00 00:00:00.000000',50000,94,'<p>Electricity at Clever\'s premise paid for the month of May&nbsp;</p>','Kabibi Moreen','2024-05-08 13:51:52',7,0);
INSERT INTO `expenses` VALUES (213,'Fuel ','0000-00-00 00:00:00.000000',5000,93,'<p>Fuel for field to Saverino&nbsp;</p>','Kabibi Moreen','2024-05-08 13:53:20',7,0);
INSERT INTO `expenses` VALUES (216,'Transport ','0000-00-00 00:00:00.000000',3000,93,'<p>Transport for Dickson&nbsp;</p>','Kabibi Moreen','2024-05-08 13:55:17',7,0);
INSERT INTO `expenses` VALUES (217,'Staff Lunch allowance ','0000-00-00 00:00:00.000000',290000,92,'Allowance for staffs made on 9th/05/2025','Kabibi Moreen','2024-05-10 08:55:20',7,0);
INSERT INTO `expenses` VALUES (218,'Fuel for motor cycle','0000-00-00 00:00:00.000000',10000,93,'<p>Fuel for motor cycle provided to Saverino yesterday on 9th/5/2024</p>','Kabibi Moreen','2024-05-10 08:57:27',7,0);
INSERT INTO `expenses` VALUES (219,'Fuel for motor cycle','0000-00-00 00:00:00.000000',10000,93,'<p>Fuel for motor cycle provided to Saverino yesterday on 9th/5/2024</p>','Kabibi Moreen','2024-05-10 08:57:28',7,0);
INSERT INTO `expenses` VALUES (220,'Transport ','0000-00-00 00:00:00.000000',6000,93,'<p>Transport for field and banking&nbsp;</p>','Kabibi Moreen','2024-05-10 08:58:29',7,0);
INSERT INTO `expenses` VALUES (221,'Transport ','0000-00-00 00:00:00.000000',6000,93,'<p>Transport for field and banking&nbsp;</p>','Kabibi Moreen','2024-05-10 08:58:30',7,0);
INSERT INTO `expenses` VALUES (222,'Lunch allowance ','0000-00-00 00:00:00.000000',220000,92,'Weekly allowance for staff from 13th-18th,may 2024','Kabibi Moreen','2024-05-14 19:21:03',7,0);
INSERT INTO `expenses` VALUES (223,'Fuel for 2 motor cycles ','0000-00-00 00:00:00.000000',90000,93,'<p>50k for Rodgers\' motor cycle and 40k for Saverino\'s motor cycle for the week&nbsp;</p>','Kabibi Moreen','2024-05-14 19:23:36',7,0);
INSERT INTO `expenses` VALUES (224,'Fuel for 2 motor cycles ','0000-00-00 00:00:00.000000',90000,93,'<p>50k for Rodgers\' motor cycle and 40k for Saverino\'s motor cycle for the week&nbsp;</p>','Kabibi Moreen','2024-05-14 19:23:37',7,0);
INSERT INTO `expenses` VALUES (225,'Motor cycle washing ','0000-00-00 00:00:00.000000',7000,93,'Washing Saverino\'s motor cycle&nbsp;','Kabibi Moreen','2024-05-14 19:25:24',7,0);
INSERT INTO `expenses` VALUES (226,'Transport ','0000-00-00 00:00:00.000000',4000,93,'<p>2k for going to bank and 2k for cleaner\'s field work&nbsp;</p>','Kabibi Moreen','2024-05-14 19:27:07',7,0);
INSERT INTO `expenses` VALUES (227,'Hospitality ','0000-00-00 00:00:00.000000',11000,92,'<p>Refreshments for visitors i.e a carton of water and a bottle of soda&nbsp;</p>','Kabibi Moreen','2024-05-14 19:28:57',7,0);
INSERT INTO `expenses` VALUES (228,'Airtime for staff ','0000-00-00 00:00:00.000000',190000,98,'<p>Monthly airtime for staff&nbsp;</p>','Kabibi Moreen','2024-05-14 19:30:16',7,0);
INSERT INTO `expenses` VALUES (229,'Special operations ','0000-00-00 00:00:00.000000',35000,96,'Chairman fee to do special operations at Onesmas\' premise to free Gidion\'s room&nbsp;','Kabibi Moreen','2024-05-14 19:33:38',7,0);
INSERT INTO `expenses` VALUES (230,'Transport ','0000-00-00 00:00:00.000000',4000,93,'<p>Transport for field 2k and for banking 2k</p>','Kabibi Moreen','2024-05-16 17:50:10',7,0);
INSERT INTO `expenses` VALUES (231,'Withdraw charges ','0000-00-00 00:00:00.000000',4000,98,'<p>Charges done while withdrawing tenants rent&nbsp;</p>','Kabibi Moreen','2024-05-16 17:51:13',7,0);
INSERT INTO `expenses` VALUES (232,'Hospitality ','0000-00-00 00:00:00.000000',1000,92,'<p>Buying a bottle of soda for&nbsp; landlord Rubanyegyeza</p>','Kabibi Moreen','2024-05-16 17:52:24',7,0);
INSERT INTO `expenses` VALUES (233,'Repairs and maintenance ','0000-00-00 00:00:00.000000',2000,97,'<p>Repair of motor cycle for Rodgers&nbsp;</p>','Kabibi Moreen','2024-05-16 17:53:35',7,0);
INSERT INTO `expenses` VALUES (235,'Transport ','0000-00-00 00:00:00.000000',6000,93,'<p>Transport for cleaner to and from working&nbsp;</p>','Kabibi Moreen','2024-05-17 19:18:04',7,0);
INSERT INTO `expenses` VALUES (236,'Hospitality ','0000-00-00 00:00:00.000000',11000,92,'<p>A carton of water and a bottle of soda for Mrs.clever</p>','Kabibi Moreen','2024-05-17 19:19:06',7,0);
INSERT INTO `expenses` VALUES (237,'Payment to Rwenjeru farm for company anniversary ','0000-00-00 00:00:00.000000',450000,98,'<p>Paying the debt for Rwenjeru farm&nbsp;</p>','Kabibi Moreen','2024-05-18 17:47:58',7,0);
INSERT INTO `expenses` VALUES (238,'Withdraw charges ','0000-00-00 00:00:00.000000',2000,98,'Charges on tenants rent&nbsp;','Kabibi Moreen','2024-05-18 17:49:08',7,0);
INSERT INTO `expenses` VALUES (239,'Transport ','0000-00-00 00:00:00.000000',2000,93,'<p>Transport for going to the bank&nbsp;</p>','Kabibi Moreen','2024-05-18 17:49:44',7,0);
INSERT INTO `expenses` VALUES (240,'Transport ','0000-00-00 00:00:00.000000',4000,93,'<p>Transport for cleaner to and from working&nbsp;</p>','Kabibi Moreen','2024-05-21 17:55:40',7,0);
INSERT INTO `expenses` VALUES (241,'Withdraw charges ','0000-00-00 00:00:00.000000',4000,98,'<p>Charges while withdrawing tenants rent&nbsp;</p>','Kabibi Moreen','2024-05-21 17:56:39',7,0);
INSERT INTO `expenses` VALUES (242,'Payment to Rwenjeru farm for company anniversary ','0000-00-00 00:00:00.000000',400000,98,'<p>Payment to Rwenjeru for company anniversary&nbsp;</p>','Kabibi Moreen','2024-05-21 17:58:09',7,0);
INSERT INTO `expenses` VALUES (243,'Repairs and maintenance ','0000-00-00 00:00:00.000000',5000,97,'<p>Repair of Rodgers motor cycle&nbsp;</p>','Kabibi Moreen','2024-05-21 17:58:56',7,0);
INSERT INTO `expenses` VALUES (244,'Data','0000-00-00 00:00:00.000000',5000,98,'<p>Data for Mr.Dickson</p>','Kabibi Moreen','2024-05-21 18:01:14',7,0);
INSERT INTO `expenses` VALUES (245,'Transport and fuel ','0000-00-00 00:00:00.000000',24000,93,'<p>20k for fuel of Rodgers\' motor cycle and 4k for transport to and from the field to Janitor&nbsp;</p>','Kabibi Moreen','2024-05-23 06:38:00',7,0);
INSERT INTO `expenses` VALUES (246,'Repairs and maintenance ','0000-00-00 00:00:00.000000',2000,97,'<p>Repair of Saverino\'s motor cycle&nbsp;</p>','Kabibi Moreen','2024-05-23 06:39:55',7,0);
INSERT INTO `expenses` VALUES (247,'Allowance ','0000-00-00 00:00:00.000000',6000,92,'<p>Lunch allowance for Mr.Denis yesterday on 24/5/2024</p>','Kabibi Moreen','2024-05-25 06:08:20',7,0);
INSERT INTO `expenses` VALUES (248,'Padlocks ','0000-00-00 00:00:00.000000',10000,98,'<p>Purchased 2 padlocks during field work&nbsp;</p>','Kabibi Moreen','2024-05-25 06:09:36',7,0);
INSERT INTO `expenses` VALUES (249,'Transport ','0000-00-00 00:00:00.000000',90000,93,'<p>Transport fuel for two motorcycles for a week&nbsp;</p>','Kabibi Moreen','2024-05-28 09:42:46',7,0);
INSERT INTO `expenses` VALUES (250,'Allowance ','0000-00-00 00:00:00.000000',220000,98,'<p>Weekly allowance for staffs from 27th/May/2024-1st/June/2024</p>','Kabibi Moreen','2024-05-28 09:44:57',7,0);
INSERT INTO `expenses` VALUES (251,'Withdraw charges ','0000-00-00 00:00:00.000000',500,98,'<p>Charge from tenants rent&nbsp;</p>','Kabibi Moreen','2024-05-28 09:45:59',7,0);
INSERT INTO `expenses` VALUES (252,'Meeting costs ','0000-00-00 00:00:00.000000',12000,92,'<p>Meeting costs for staffs on 27th/May/2025</p>','Kabibi Moreen','2024-05-28 09:50:04',7,0);
INSERT INTO `expenses` VALUES (253,'Commission ','0000-00-00 00:00:00.000000',25000,98,'<p>Allowance to Rodgers 5k and 20k for bringing a new landlord.</p>','Kabibi Moreen','2024-05-28 09:51:58',7,0);
INSERT INTO `expenses` VALUES (254,'Mbandifah meeting ','0000-00-00 00:00:00.000000',50000,98,'<p>Meeting Mbandifah investors at Ntare gardens&nbsp;</p>','Kabibi Moreen','2024-05-31 06:48:38',7,0);
INSERT INTO `expenses` VALUES (255,'Hospitality ','0000-00-00 00:00:00.000000',2000,92,'<p>Hospitality for Mr.Tayebwa William&nbsp;</p>','Kabibi Moreen','2024-05-31 06:52:30',7,0);
INSERT INTO `expenses` VALUES (256,'Transport ','0000-00-00 00:00:00.000000',1000,93,'<p>Transport for cleaner from cleaning at J.B Katete central&nbsp;</p>','Kabibi Moreen','2024-05-31 06:53:33',7,0);
INSERT INTO `expenses` VALUES (257,'Commission ','0000-00-00 00:00:00.000000',20000,98,'<p>Commission to Taremwa Amon for bringing a new tenant at kafeero\'s premise&nbsp;</p>','Kabibi Moreen','2024-05-31 06:56:16',7,0);
INSERT INTO `expenses` VALUES (258,'Withdraw charges ','0000-00-00 00:00:00.000000',2000,98,'<p>Withdraw charges on tenants rent (Hellen Julian)</p>','Kabibi Moreen','2024-05-31 06:58:19',7,0);
INSERT INTO `expenses` VALUES (259,'Transport ','0000-00-00 00:00:00.000000',4000,93,'<p>Payment for transport to cleaner to clean at Kazenga\'s premise&nbsp;</p>','Kabibi Moreen','2024-05-31 07:01:57',7,0);
INSERT INTO `expenses` VALUES (260,'Condolences ','0000-00-00 00:00:00.000000',220000,98,'<p>Condolences for Mr.John Mwerinde on 29th/5/2024</p>','Kabibi Moreen','2024-05-31 07:14:44',7,0);
INSERT INTO `expenses` VALUES (262,'Lunch allowance ','0000-00-00 00:00:00.000000',238000,92,'<p>Lunch allowance for the week from 3rd June to 8 June&nbsp;</p>','Kabibi Moreen','2024-06-06 19:31:08',7,0);
INSERT INTO `expenses` VALUES (263,'Airtime for staff ','0000-00-00 00:00:00.000000',190000,98,'Monthly airtime for staff for the month of June 2024','Kabibi Moreen','2024-06-06 19:32:39',7,0);
INSERT INTO `expenses` VALUES (264,'Data ','0000-00-00 00:00:00.000000',145000,98,'<p>Monthly data for staff for the month of June,2024</p>','Kabibi Moreen','2024-06-06 19:33:51',7,0);
INSERT INTO `expenses` VALUES (265,'Stationary ','0000-00-00 00:00:00.000000',100000,101,'<p>6 box files for 30k and a carton of ream of papers for 70k</p>','Kabibi Moreen','2024-06-06 19:35:32',7,0);
INSERT INTO `expenses` VALUES (266,'Chairman fee ','0000-00-00 00:00:00.000000',35000,98,'<p>Chairman fee for Lubiri to help in vacating a tenant in the names of Igga Lawrence&nbsp;</p>','Kabibi Moreen','2024-06-11 19:08:14',7,0);
INSERT INTO `expenses` VALUES (267,'Withdraw charges ','0000-00-00 00:00:00.000000',15000,98,'<p>Withdraw charges on tenants rent sent via momo</p>','Kabibi Moreen','2024-06-11 19:11:44',7,0);
INSERT INTO `expenses` VALUES (268,'Transparent files ','0000-00-00 00:00:00.000000',10000,101,'<p>A dozen of transparent files for office&nbsp;</p>','Kabibi Moreen','2024-06-11 19:13:18',7,0);
INSERT INTO `expenses` VALUES (269,'Hospitality ','0000-00-00 00:00:00.000000',26000,92,'<p>A big Jerry can of water for office&nbsp;</p>','Kabibi Moreen','2024-06-11 19:15:03',7,0);
INSERT INTO `expenses` VALUES (270,'Commission ','0000-00-00 00:00:00.000000',10000,98,'<p>Commission for a broker for bringing a new tenant at Ephraim\'s premise&nbsp;</p>','Kabibi Moreen','2024-06-11 19:16:45',7,0);
INSERT INTO `expenses` VALUES (271,'Transport ','0000-00-00 00:00:00.000000',6000,93,'<p>Transport for Susan and janitor to kakoba for meet tenants at Mutebi\'s premise (new landlord)</p>','Kabibi Moreen','2024-06-11 19:19:37',7,0);
INSERT INTO `expenses` VALUES (272,'Welding fee','0000-00-00 00:00:00.000000',20000,98,'<p>20k for bringing a welder to break Igga\'s padlock&nbsp;</p>','Kabibi Moreen','2024-06-11 19:23:34',7,0);
INSERT INTO `expenses` VALUES (273,'Commission ','0000-00-00 00:00:00.000000',10000,98,'<p>Commission to Janitor for bringing a new tenant at JB\'s premise&nbsp;</p>','Kabibi Moreen','2024-06-11 19:25:20',7,0);
INSERT INTO `expenses` VALUES (274,'Fuel for motor cycle','0000-00-00 00:00:00.000000',90000,93,'<p>Transport fuel for the week from 17th, June to 23rd, June,2024&nbsp;</p>','Kabibi Moreen','2024-06-18 10:20:04',7,0);
INSERT INTO `expenses` VALUES (275,'Radio adverts and marketing ','0000-00-00 00:00:00.000000',500000,98,'<p>Radio adverts and marketing for crane properties u Ltd&nbsp;</p>','Kabibi Moreen','2024-06-18 10:23:17',7,0);
INSERT INTO `expenses` VALUES (276,'Motor cycle Repairs','0000-00-00 00:00:00.000000',4000,98,'<p>Motor cycle Repairs for Rodgers&nbsp;</p>','Kabibi Moreen','2024-06-18 10:26:20',7,0);
INSERT INTO `expenses` VALUES (277,'Motor cycle Repairs ','0000-00-00 00:00:00.000000',39000,98,'<p>Motor cycle Repairs for Saverino&nbsp;</p>','Kabibi Moreen','2024-06-18 10:27:43',7,0);
INSERT INTO `expenses` VALUES (278,'Allowance ','0000-00-00 00:00:00.000000',5000,92,'<p>Allowance for Rodgers&nbsp;</p>','Kabibi Moreen','2024-06-18 10:29:13',7,0);
INSERT INTO `expenses` VALUES (279,'Allowance ','0000-00-00 00:00:00.000000',5000,92,'<p>Allowance for Saverino&nbsp;</p>','Kabibi Moreen','2024-06-18 10:30:03',7,0);
INSERT INTO `expenses` VALUES (280,'Petty cash ','0000-00-00 00:00:00.000000',100000,98,'<p>Petty cash for office activities&nbsp;</p>','Kabibi Moreen','2024-06-18 10:31:12',7,0);
INSERT INTO `expenses` VALUES (281,'Special operations ','0000-00-00 00:00:00.000000',100000,98,'<p>Special operations at Step up Lubiri&nbsp;</p>','Kabibi Moreen','2024-06-18 10:43:56',7,0);
INSERT INTO `expenses` VALUES (282,'Meeting costs ','0000-00-00 00:00:00.000000',15000,92,'<p>Meeting costs for the week&nbsp;</p>','Kabibi Moreen','2024-06-18 12:16:17',7,0);
INSERT INTO `expenses` VALUES (283,'Staff Lunch allowance ','0000-00-00 00:00:00.000000',238000,92,'<p>Weekly allowance for staff from 17th-23rd, June 2024</p>','Kabibi Moreen','2024-06-18 12:18:16',7,0);
INSERT INTO `expenses` VALUES (284,'Commission for the broker ','0000-00-00 00:00:00.000000',100000,98,'<p>Payment to brokers for bringing a new landlord i.e Mutebi</p>','Kabibi Moreen','2024-06-18 12:20:06',7,0);
INSERT INTO `expenses` VALUES (285,'Office Whippers','0000-00-00 00:00:00.000000',10000,106,'<p>Whippers for cleaning office furniture&nbsp;</p>','Kabibi Moreen','2024-06-27 11:30:31',7,0);
INSERT INTO `expenses` VALUES (286,'Office bulbs ','0000-00-00 00:00:00.000000',36000,98,'<p>Office bulbs for the new office on 27th/06/2024</p>','Kabibi Moreen','2024-06-27 11:32:27',7,0);
INSERT INTO `expenses` VALUES (287,'Padlocks ','0000-00-00 00:00:00.000000',120000,101,'<p>Office padlocks for new office&nbsp;</p>','Kabibi Moreen','2024-06-27 11:33:20',7,0);
INSERT INTO `expenses` VALUES (288,'Withdraw charges ','0000-00-00 00:00:00.000000',10000,98,'<p>Withdraw charges while withdrawing tenants money&nbsp;</p>','Kabibi Moreen','2024-06-28 10:11:07',7,0);
INSERT INTO `expenses` VALUES (289,'Condolences ','0000-00-00 00:00:00.000000',200000,98,'<p>Condolence contributions towards the family of Mr.Katto</p>','Kabibi Moreen','2024-06-28 10:13:22',7,0);
INSERT INTO `expenses` VALUES (290,'Lunch allowance ','0000-00-00 00:00:00.000000',248000,92,'<p>Lunch allowance for staff both 10k for Rodgers and Saverino and weekly allowance of 238,000</p>','Kabibi Moreen','2024-06-28 10:19:26',7,0);
INSERT INTO `expenses` VALUES (291,'Hospitality ','0000-00-00 00:00:00.000000',15000,92,'<p>Hospitality for the staff and clients&nbsp;</p>','Kabibi Moreen','2024-06-28 10:20:08',7,0);
INSERT INTO `expenses` VALUES (292,'Weekly fuel ','0000-00-00 00:00:00.000000',90000,93,'<p>Weekly fuel for two motorcycles from 17 th-29th June,2024</p>','Kabibi Moreen','2024-06-28 10:22:34',7,0);
INSERT INTO `expenses` VALUES (293,'Repairs and maintenance ','0000-00-00 00:00:00.000000',32000,97,'<p>Repair of Rodgers\' motor cycle shs.25000 and shs.7000 for washing motor cycle&nbsp;</p>','Kabibi Moreen','2024-06-28 10:24:46',7,0);
INSERT INTO `expenses` VALUES (294,'Meeting costs ','0000-00-00 00:00:00.000000',16000,92,'<p>Meeting costs for every week from 25th-29th, June&nbsp;</p>','Kabibi Moreen','2024-06-28 10:26:12',7,0);
INSERT INTO `expenses` VALUES (295,'Radio adverts and marketing ','0000-00-00 00:00:00.000000',150000,107,'Payment to radio West for advertising our company&nbsp;','Kabibi Moreen','2024-06-28 10:29:19',7,0);
INSERT INTO `expenses` VALUES (296,'Withdraw charges ','0000-00-00 00:00:00.000000',2000,98,'<p>Charges while withdrawing tenants money&nbsp;</p>','Kabibi Moreen','2024-06-28 10:30:37',7,0);
INSERT INTO `expenses` VALUES (297,'Chairman fee ','0000-00-00 00:00:00.000000',10000,98,'<p>Chairman fee at Nalongo\'s premise to evict a Tenant&nbsp;</p>','Kabibi Moreen','2024-06-28 10:32:00',7,0);
INSERT INTO `expenses` VALUES (298,'Office Rent ','0000-00-00 00:00:00.000000',900000,108,'<p>Office Rent for three months&nbsp;</p>','Kabibi Moreen','2024-06-28 10:35:40',7,0);
INSERT INTO `expenses` VALUES (299,'Data cable ','0000-00-00 00:00:00.000000',10000,98,'<p>Data cable for transferring information&nbsp;</p>','Kabibi Moreen','2024-06-28 10:36:59',7,0);
INSERT INTO `expenses` VALUES (300,'Office branding ','0000-00-00 00:00:00.000000',400000,107,'<p>Payment to Zaddock for branding company\'s posters&nbsp;</p>','Kabibi Moreen','2024-06-29 13:22:10',7,0);
INSERT INTO `expenses` VALUES (301,'Transport ','0000-00-00 00:00:00.000000',7000,93,'<p>Transport for field work on 2/07/2024</p>','Kabibi Moreen','2024-07-03 09:13:46',7,0);
INSERT INTO `expenses` VALUES (302,'Commission for the broker ','0000-00-00 00:00:00.000000',40000,98,'<p>Commission to the broker for bringing two new tenants at Julius\' premise&nbsp;</p>','Kabibi Moreen','2024-07-03 09:17:57',7,0);
INSERT INTO `expenses` VALUES (303,'Repairs and maintenance ','0000-00-00 00:00:00.000000',386000,97,'<p>Repair of Saverino\'s motor cycle&nbsp;</p>','Kabibi Moreen','2024-07-03 09:19:03',7,0);
INSERT INTO `expenses` VALUES (304,'Withdraw charges ','0000-00-00 00:00:00.000000',20000,102,'<p>Withdraw charges on tenants rent&nbsp;</p>','Kabibi Moreen','2024-07-03 09:20:00',7,0);
INSERT INTO `expenses` VALUES (307,'Withdraw charges ','2024-07-04 00:00:00.000000',1000,102,'<p>Withdraw charges on tenants rent&nbsp;</p>','Kabibi Moreen','2024-07-04 13:23:53',7,0);
INSERT INTO `expenses` VALUES (308,'Account opening ','2024-07-04 00:00:00.000000',120000,98,'<p>Opening account at STANBIC Bank for sustainability&nbsp;</p>','Kabibi Moreen','2024-07-04 13:25:24',7,0);
INSERT INTO `expenses` VALUES (309,'Commission for the broker ','2024-07-03 00:00:00.000000',10000,98,'<p>Commission for brother&nbsp;</p>','Kabibi Moreen','2024-07-04 13:35:26',7,0);
INSERT INTO `expenses` VALUES (310,'Transport ','2024-07-03 00:00:00.000000',5000,93,'<p>Transport for banking to and from the bank both afternoon and evening&nbsp;</p>','Kabibi Moreen','2024-07-04 13:37:06',7,0);
INSERT INTO `expenses` VALUES (311,'Fuel for motor cycle','2024-07-03 00:00:00.000000',10000,93,'<p>Fuel for Saverino\'s motor cycle&nbsp;</p>','Kabibi Moreen','2024-07-04 13:38:22',7,0);
INSERT INTO `expenses` VALUES (312,'Office chairs ','2024-07-05 00:00:00.000000',84000,98,'<p>4 office chairs for staff&nbsp;</p>','Kabibi Moreen','2024-07-05 13:14:21',7,0);
INSERT INTO `expenses` VALUES (313,'Staff empowerment ','2024-07-05 00:00:00.000000',23500,92,'<p>Breakfast for customer care trainers&nbsp;</p>','Kabibi Moreen','2024-07-05 13:16:58',7,0);
INSERT INTO `expenses` VALUES (314,'Token for trainers ','2024-07-05 00:00:00.000000',50000,98,'<p>Payment to trainers on customer care skills&nbsp;</p>','Kabibi Moreen','2024-07-05 13:18:53',7,0);
INSERT INTO `expenses` VALUES (315,'Office cable for directors ','2024-07-05 00:00:00.000000',12000,98,'<p>Power cable for the office&nbsp;</p>','Kabibi Moreen','2024-07-05 13:22:37',7,0);
INSERT INTO `expenses` VALUES (316,'A box of blue pens','2024-07-05 00:00:00.000000',24000,101,'<p>A box of blue pens for staff&nbsp;</p>','Kabibi Moreen','2024-07-05 13:23:41',7,0);
INSERT INTO `expenses` VALUES (317,'Condolences ','2024-07-05 00:00:00.000000',20000,98,'<p>Condolences to a tenant at Onesmas\' premise in the names of Innocent Ntegyereize</p>','Kabibi Moreen','2024-07-05 13:49:33',7,0);
INSERT INTO `expenses` VALUES (318,'Company posters ','2024-07-04 00:00:00.000000',102000,98,'Payment for company Posters to fidelity&nbsp;','Kabibi Moreen','2024-07-05 13:56:20',7,0);
INSERT INTO `expenses` VALUES (319,'Field bags ','2024-07-04 00:00:00.000000',60000,98,'<p>Two field bags for field officers&nbsp;</p>','Kabibi Moreen','2024-07-05 13:57:09',7,0);
INSERT INTO `expenses` VALUES (320,'System SMS ','2024-07-04 00:00:00.000000',50000,98,'<p>Payment to soft codes for system SMS&nbsp;</p>','Kabibi Moreen','2024-07-05 13:58:00',7,0);
INSERT INTO `expenses` VALUES (321,'Advance to Dickson ','2024-07-04 00:00:00.000000',250000,109,'<p>Advance to Mr.Dickson for the month of July&nbsp;</p>','Kabibi Moreen','2024-07-05 14:00:04',7,0);
INSERT INTO `expenses` VALUES (322,'URSB-for crane properties ','2024-07-04 00:00:00.000000',71000,98,'<p>Payment for URSB</p>','Kabibi Moreen','2024-07-05 14:03:00',7,0);
INSERT INTO `expenses` VALUES (323,'B.O.D meeting ','2024-07-04 00:00:00.000000',83000,98,'Payment for B.O.D meeting for company directors','Kabibi Moreen','2024-07-05 14:04:08',7,0);
INSERT INTO `expenses` VALUES (324,'Chairman fee and padlocks ','2024-07-04 00:00:00.000000',20000,98,'<p>Payment for padlocks and chairman fee at J.Bs premise&nbsp;</p>','Kabibi Moreen','2024-07-05 14:05:50',7,0);
INSERT INTO `expenses` VALUES (325,'Transport ','2024-07-05 00:00:00.000000',5000,93,'<p>Transport for going to bank&nbsp;</p>','Kabibi Moreen','2024-07-05 15:47:44',7,0);
INSERT INTO `expenses` VALUES (326,'URSB-for crane properties ','2024-07-06 00:00:00.000000',73000,98,'<p>Payment to URSB for re-registering a company&nbsp;</p>','Kabibi Moreen','2024-07-06 15:15:12',7,0);
INSERT INTO `expenses` VALUES (327,'Token to Suwaia-  lawyer ','2024-07-06 00:00:00.000000',50000,98,'<p>Payment to Suwaia-lawyer&nbsp;</p>','Kabibi Moreen','2024-07-06 15:16:37',7,0);
INSERT INTO `expenses` VALUES (328,'Transport ','2024-07-06 00:00:00.000000',6000,93,'<p>Transport for going to the bank two times&nbsp;</p>','Kabibi Moreen','2024-07-06 15:18:52',7,0);
INSERT INTO `expenses` VALUES (329,'Withdraw charges ','2024-07-11 00:00:00.000000',7000,102,'<p>Charges on tenants rent&nbsp;</p>','Kabibi Moreen','2024-07-11 19:07:14',7,0);
INSERT INTO `expenses` VALUES (330,'Toilet poster ','2024-07-11 00:00:00.000000',40000,98,'<p>Toilet post for the new premise managed for mr.speare . Both cost and re-painting</p>','Kabibi Moreen','2024-07-11 19:14:08',7,0);
INSERT INTO `expenses` VALUES (331,'Repair of a motor cycle ','2024-07-11 00:00:00.000000',52000,97,'<p>2k for repair of Rodgers\' motor cycle and 50k for bravors\' motor cycle&nbsp;</p>','Kabibi Moreen','2024-07-11 19:15:50',7,0);
INSERT INTO `expenses` VALUES (332,'Chairman fee ','2024-07-11 00:00:00.000000',10000,96,'<p>Token to chair man at Tayebwa \'s area&nbsp;</p>','Kabibi Moreen','2024-07-11 19:17:40',7,0);
INSERT INTO `expenses` VALUES (333,'Special operations','2024-07-11 00:00:00.000000',5000,98,'<p>Special operations at Jacenta\'s permise</p>','Kabibi Moreen','2024-07-11 19:18:38',7,0);
INSERT INTO `expenses` VALUES (334,'Transport ','2024-07-11 00:00:00.000000',5000,93,'<p>Transport to and from the bank&nbsp;</p>','Kabibi Moreen','2024-07-11 19:19:40',7,0);
INSERT INTO `expenses` VALUES (335,'Repairs of a room ','2024-07-11 00:00:00.000000',106200,97,'<p>Top up on painting at Karema\'s premise&nbsp;</p>','Kabibi Moreen','2024-07-11 19:23:33',7,0);
INSERT INTO `expenses` VALUES (336,'Cleaning materials ','2024-07-10 00:00:00.000000',81000,106,'<p>Cleaning materials includes liquid soap, and others for cleaning a new building&nbsp;</p>','Kabibi Moreen','2024-07-12 06:50:04',7,0);
INSERT INTO `expenses` VALUES (337,'Radio adverts on West ','2024-07-10 00:00:00.000000',84000,98,'<p>Payment for radio adverts on radio West&nbsp;</p>','Kabibi Moreen','2024-07-12 06:51:54',7,0);
INSERT INTO `expenses` VALUES (338,'Chairman fee ','2024-07-10 00:00:00.000000',20000,96,'Payment to chairman in lugazi in signing the agreement of Mr.speare','Kabibi Moreen','2024-07-12 07:00:53',7,0);
INSERT INTO `expenses` VALUES (339,'Transport ','2024-07-10 00:00:00.000000',6000,93,'<p>Transport to bank, transport to the chairman\'s place in lugazi and 2k transport to kerebu&nbsp;</p>','Kabibi Moreen','2024-07-12 07:03:29',7,0);
INSERT INTO `expenses` VALUES (340,'Reception poster ','2024-07-10 00:00:00.000000',30000,98,'<p>Payment to Zaddock for reception poster&nbsp;</p>','Kabibi Moreen','2024-07-12 07:06:17',7,0);
INSERT INTO `expenses` VALUES (341,'Withdraw charges ','2024-07-10 00:00:00.000000',7500,102,'<p>Withdraw charges on tenants rent&nbsp;</p>','Kabibi Moreen','2024-07-12 07:08:17',7,0);
INSERT INTO `expenses` VALUES (342,'Garbage labors at Tayebwa ','2024-07-10 00:00:00.000000',7000,98,'Hiring people to collect garbage at Tayebwa \'s premise&nbsp;','Kabibi Moreen','2024-07-12 07:18:15',7,0);
INSERT INTO `expenses` VALUES (343,'Commission for the broker ','2024-07-10 00:00:00.000000',20000,98,'<p>Commission for broker at Elly Rwemirinzi&nbsp;</p>','Kabibi Moreen','2024-07-12 07:23:58',7,0);
INSERT INTO `expenses` VALUES (344,'Repair of a motor cycle ','2024-07-10 00:00:00.000000',12000,97,'<p>Repair of Rodgers\' motor cycle&nbsp;</p>','Kabibi Moreen','2024-07-12 07:24:46',7,0);
INSERT INTO `expenses` VALUES (345,'Renovation of toilet poster ','2024-07-12 00:00:00.000000',20000,98,'Payment for toilet poster&nbsp; to Zaddock&nbsp;','Kabibi Moreen','2024-07-12 14:10:30',7,0);
INSERT INTO `expenses` VALUES (346,'Withdraw charges ','2024-07-12 00:00:00.000000',1500,102,'<p>Withdraw charges on tenants rent&nbsp;</p>','Kabibi Moreen','2024-07-12 14:12:22',7,0);
INSERT INTO `expenses` VALUES (347,'Transport ','2024-07-12 00:00:00.000000',5000,93,'<p>Transport for going to and from the bank&nbsp;</p>','Kabibi Moreen','2024-07-13 06:09:48',7,0);
INSERT INTO `expenses` VALUES (348,'Token to Pascal system ','2024-07-13 00:00:00.000000',50000,98,'<p>Token for Pascal system for system updates&nbsp;</p>','Kabibi Moreen','2024-07-14 13:08:18',7,0);
INSERT INTO `expenses` VALUES (349,'Electricity-Clever Kisenyi','2024-07-13 00:00:00.000000',70000,94,'<p>Payment for Electricity bills at clever Kisenyi&nbsp;</p>','Kabibi Moreen','2024-07-14 13:10:11',7,0);
INSERT INTO `expenses` VALUES (350,'Commission for the broker ','2024-07-13 00:00:00.000000',10000,98,'<p>Commission for the broker for bringing a new tenant at Step up Lubiri&nbsp;</p>','Kabibi Moreen','2024-07-14 13:11:14',7,0);
INSERT INTO `expenses` VALUES (351,'Transport fuel ','2024-07-13 00:00:00.000000',5000,93,'Payment for fuel for a new motor cycle&nbsp;','Kabibi Moreen','2024-07-14 13:12:37',7,0);
INSERT INTO `expenses` VALUES (352,'Umeme for the office ','2024-07-13 00:00:00.000000',5000,94,'<p>Payment for Electricity for the office&nbsp;</p>','Kabibi Moreen','2024-07-14 13:13:56',7,0);
INSERT INTO `expenses` VALUES (353,'Motor cycle Repairs ','2024-07-13 00:00:00.000000',465000,97,'Payment for repair of a new motor cycle&nbsp;','Kabibi Moreen','2024-07-14 13:14:56',7,0);
INSERT INTO `expenses` VALUES (354,'Meeting costs ','2024-07-15 00:00:00.000000',10000,92,'Meeting costs for staff refresher managements','Kabibi Moreen','2024-07-15 19:31:44',7,0);
INSERT INTO `expenses` VALUES (355,'Ink jet for the printer ','2024-07-15 00:00:00.000000',60000,101,'<p>Payment for the purchase of ink for the printer&nbsp;</p>','Kabibi Moreen','2024-07-15 19:33:16',7,0);
INSERT INTO `expenses` VALUES (356,'Allowance ','2024-07-15 00:00:00.000000',3000,92,'<p>Lunch Allowance for cleaner&nbsp;</p>','Kabibi Moreen','2024-07-15 19:34:22',7,0);
INSERT INTO `expenses` VALUES (357,'Ream of papers ','2024-07-15 00:00:00.000000',15000,101,'<p>Ream of papers for printing office works</p>','Kabibi Moreen','2024-07-15 19:36:07',7,0);
INSERT INTO `expenses` VALUES (358,'Withdraw charges ','2024-07-15 00:00:00.000000',2000,102,'<p>Withdraw charges on tenants rent&nbsp;</p>','Kabibi Moreen','2024-07-15 19:37:10',7,0);
INSERT INTO `expenses` VALUES (359,'Transport ','2024-07-15 00:00:00.000000',4000,93,'<p>Transport to and from the bank&nbsp;</p>','Kabibi Moreen','2024-07-15 19:37:58',7,0);
INSERT INTO `expenses` VALUES (360,'Squeeze','2024-07-15 00:00:00.000000',15000,106,'<p>Squeeze for cleaning at Mbandifah place&nbsp;</p>','Kabibi Moreen','2024-07-15 19:39:28',7,0);
INSERT INTO `expenses` VALUES (361,'Hospitality ','2024-07-15 00:00:00.000000',2000,98,'Buying a bottle of water for mrs.peace Atamba a new landlord&nbsp;','Kabibi Moreen','2024-07-15 19:41:53',7,0);
INSERT INTO `expenses` VALUES (362,'Allowance ','2024-07-16 00:00:00.000000',3000,98,'<p>Lunch Allowance for cleaner&nbsp;</p>','Kabibi Moreen','2024-07-16 19:26:06',7,0);
INSERT INTO `expenses` VALUES (363,'Withdraw charges ','2024-07-16 00:00:00.000000',10000,102,'<p>Withdraw charges on tenants rent&nbsp;</p>','Kabibi Moreen','2024-07-16 19:30:08',7,0);
INSERT INTO `expenses` VALUES (364,'Transport ','2024-07-16 00:00:00.000000',4000,93,'<p>Transport for going to bank and from the bank&nbsp;</p>','Kabibi Moreen','2024-07-16 19:30:52',7,0);
INSERT INTO `expenses` VALUES (365,'Cleaning services ','2024-07-19 00:00:00.000000',9000,106,'<p>Purchase of vim, broom and other thing for cleaning bathrooms at MBANDIFA</p>','Kabibi Moreen','2024-07-16 19:32:24',7,0);
INSERT INTO `expenses` VALUES (366,'Transport ','2024-07-17 00:00:00.000000',5000,93,'<p>Transport for cleaner and going to bank&nbsp;</p>','Kabibi Moreen','2024-07-17 12:51:48',7,0);
INSERT INTO `expenses` VALUES (367,'Withdraw charges ','2024-07-17 00:00:00.000000',2000,102,'<p>Withdraw charges on tenants rent&nbsp;</p>','Kabibi Moreen','2024-07-17 12:53:41',7,0);
INSERT INTO `expenses` VALUES (368,'Drilling machine ','2024-07-17 00:00:00.000000',20000,98,'<p>Hiring drilling machine for posting company\'s post&nbsp;</p>','Kabibi Moreen','2024-07-17 12:54:54',7,0);
INSERT INTO `expenses` VALUES (369,'Allowance ','2024-07-17 00:00:00.000000',3000,92,'Lunch allowance for cleaner','Kabibi Moreen','2024-07-17 12:55:44',7,0);
INSERT INTO `expenses` VALUES (370,'Fuel for 3 motor cycles ','2024-07-15 00:00:00.000000',130000,93,'<p>Payment for&nbsp; fuel for 3 motor cycles weekly as on requisition for the week from 15th-22nd, July 2024.</p>','Kabibi Moreen','2024-07-18 07:49:59',7,0);
INSERT INTO `expenses` VALUES (371,'Lunch allowance ','2024-07-15 00:00:00.000000',238000,92,'<p>Lunch allowance for staff for the week 15th-22nd July 2024</p>','Kabibi Moreen','2024-07-18 07:53:31',7,0);
INSERT INTO `expenses` VALUES (372,'Motor cycle Repairs ','2024-07-15 00:00:00.000000',36000,97,'<p>Payment to kerebu for motor cycle repairs as in the requisition for 15th,2024</p>','Kabibi Moreen','2024-07-18 08:33:09',7,0);
INSERT INTO `expenses` VALUES (373,'Receipt book bags branding ','2024-07-15 00:00:00.000000',12000,101,'<p>Payment for receipt book to fidelity&nbsp;</p>','Kabibi Moreen','2024-07-18 08:38:29',7,0);
INSERT INTO `expenses` VALUES (374,'Umeme for the office ','2024-07-15 00:00:00.000000',35000,94,'<p>Payment for Electricity for the shopplex</p>','Kabibi Moreen','2024-07-18 08:40:43',7,0);
INSERT INTO `expenses` VALUES (375,'Toilet payment ','2024-07-15 00:00:00.000000',20000,98,'<p>Payment for toilet for the month of July,2024.</p>','Kabibi Moreen','2024-07-18 08:42:54',7,0);
INSERT INTO `expenses` VALUES (376,'Air freshener ','2024-07-15 00:00:00.000000',7000,98,'<p>Payment for office Air freshener&nbsp;</p>','Kabibi Moreen','2024-07-18 08:47:21',7,0);
INSERT INTO `expenses` VALUES (377,'Motor cycle Repairs ','2024-07-15 00:00:00.000000',20000,97,'<p>Payment for motor cycle oiling to Rodgers&nbsp;</p>','Kabibi Moreen','2024-07-18 08:49:53',7,0);
INSERT INTO `expenses` VALUES (378,'Hospitality ','2024-07-15 00:00:00.000000',10000,92,'<p>Payment for purchase of water for visitors&nbsp;</p>','Kabibi Moreen','2024-07-18 08:54:25',7,0);
INSERT INTO `expenses` VALUES (379,'Motor cycle switch ','2024-07-15 00:00:00.000000',10000,97,'<p>Payment to Brevor for purchase of switch for the new motor cycle&nbsp;</p>','Kabibi Moreen','2024-07-18 08:56:48',7,0);
INSERT INTO `expenses` VALUES (380,'URSB -Registration ','2024-07-15 00:00:00.000000',38700,98,'<p>Payment for USB replacement to Saverino&nbsp;</p>','Kabibi Moreen','2024-07-18 08:58:02',7,0);
INSERT INTO `expenses` VALUES (381,'Cleaning materials ','2024-07-18 00:00:00.000000',125000,106,'<p>Payment for the purchase of cleaning materials to clean newly commercials</p>','Kabibi Moreen','2024-07-18 17:56:40',7,0);
INSERT INTO `expenses` VALUES (382,'Lunch allowance ','2024-07-18 00:00:00.000000',9000,92,'<p>Payment for lunch allowance to cleaner for three days.i.e today, tomorrow and Saturday&nbsp;</p>','Kabibi Moreen','2024-07-18 17:58:15',7,0);
INSERT INTO `expenses` VALUES (383,'Allowance ','2024-07-18 00:00:00.000000',10000,98,'<p>Payment to Ian for entering data in the Excel sheet system&nbsp;</p>','Kabibi Moreen','2024-07-18 17:59:43',7,0);
INSERT INTO `expenses` VALUES (384,'Transport ','2024-07-19 00:00:00.000000',2000,93,'<p>Transport for going to bank&nbsp;</p>','Kabibi Moreen','2024-07-19 18:33:14',7,0);
INSERT INTO `expenses` VALUES (385,'Door closer fixing ','2024-07-19 00:00:00.000000',155000,98,'<p>Payment for door closer purchase and fixing at Directors office&nbsp;</p>','Kabibi Moreen','2024-07-19 18:35:02',7,0);
INSERT INTO `expenses` VALUES (386,'Company posters ','2024-07-19 00:00:00.000000',200000,98,'<p>Payment to Zaddock for company Posters and flyers&nbsp;</p>','Kabibi Moreen','2024-07-19 18:36:06',7,0);
INSERT INTO `expenses` VALUES (387,'P. C (personal Computer) repair ','2024-07-19 00:00:00.000000',150000,97,'<p>Payment for manager\'s personal Computer repair to Pascal&nbsp;</p>','Kabibi Moreen','2024-07-19 18:40:03',7,0);
INSERT INTO `expenses` VALUES (388,'Stapler ','2024-07-19 00:00:00.000000',20000,101,'<p>Purchased office stapler&nbsp;</p>','Kabibi Moreen','2024-07-19 18:41:20',7,0);
INSERT INTO `expenses` VALUES (389,'Transport ','2024-07-20 00:00:00.000000',3000,93,'<p>Transport for going to bank and from the bank&nbsp;</p>','Kabibi Moreen','2024-07-20 18:56:49',7,0);
INSERT INTO `expenses` VALUES (390,'Allowance ','2024-07-20 00:00:00.000000',20000,98,'<p>Allowance for Ian for entering data in the new Excel format&nbsp;</p>','Kabibi Moreen','2024-07-20 19:01:34',7,0);
INSERT INTO `expenses` VALUES (391,'Withdraw charges ','2024-07-20 00:00:00.000000',5000,102,'<p>Withdraw charges on tenants rent&nbsp;</p>','Kabibi Moreen','2024-07-20 19:02:41',7,0);
INSERT INTO `expenses` VALUES (392,'Transport ','2024-07-22 00:00:00.000000',34000,93,'<p>Transport for going to bank 4000/= and 30,000/= for the new cleaner&nbsp;</p>','Kabibi Moreen','2024-07-22 18:44:08',7,0);
INSERT INTO `expenses` VALUES (393,'Lunch allowance ','2024-07-22 00:00:00.000000',10000,98,'Allowance for IAN for entering data into the Excel sheet&nbsp;','Kabibi Moreen','2024-07-22 18:45:45',7,0);
INSERT INTO `expenses` VALUES (394,'Lunch allowance ','2024-07-22 00:00:00.000000',3000,92,'<p>Lunch allowance for cleaner&nbsp;</p>','Kabibi Moreen','2024-07-22 18:46:55',7,0);
INSERT INTO `expenses` VALUES (395,'Transport fuel ','2024-07-22 00:00:00.000000',10000,93,'Fuel for Rodgers\' motor cycle&nbsp;','Kabibi Moreen','2024-07-22 18:48:06',7,0);
INSERT INTO `expenses` VALUES (396,'Lunch allowance ','2024-07-22 00:00:00.000000',5000,92,'<p>Lunch allowance for Rodgers\' for working on Sunday&nbsp;</p>','Kabibi Moreen','2024-07-22 18:52:27',7,0);
INSERT INTO `expenses` VALUES (397,'Umeme ','2024-07-22 00:00:00.000000',5000,94,'<p>Payment for Electricity at the office&nbsp;</p>','Kabibi Moreen','2024-07-22 18:54:02',7,0);
INSERT INTO `expenses` VALUES (398,'Transport ','2024-07-23 00:00:00.000000',2000,93,'<p>Being payment for transport for going to bank and from the bank&nbsp;</p>','Kabibi Moreen','2024-07-23 19:17:53',7,0);
INSERT INTO `expenses` VALUES (399,'Allowance ','2024-07-23 00:00:00.000000',18000,92,'<p>Lunch allowance for a new staff for cleaning at Mbandifah&nbsp;</p>','Kabibi Moreen','2024-07-23 19:18:52',7,0);
INSERT INTO `expenses` VALUES (400,'Allowance ','2024-07-23 00:00:00.000000',3000,92,'<p>Payment for lunch allowance to cleaner&nbsp;</p>','Kabibi Moreen','2024-07-23 19:19:38',7,0);
INSERT INTO `expenses` VALUES (401,'Transport fuel ','2024-07-23 00:00:00.000000',10000,93,'<p>Payment for fuel for Saverino\'s motor cycle&nbsp;</p>','Kabibi Moreen','2024-07-23 19:20:29',7,0);
INSERT INTO `expenses` VALUES (402,'Transport ','2024-07-24 00:00:00.000000',2000,93,'<p>Transport&nbsp;</p>','Kabibi Moreen','2024-07-25 11:00:18',7,0);
INSERT INTO `expenses` VALUES (403,'Ladders ','2024-07-24 00:00:00.000000',480000,98,'<p>Ladders for use in cleaning&nbsp;</p>','Kabibi Moreen','2024-07-25 11:01:12',7,0);
INSERT INTO `expenses` VALUES (404,'Watering can ','2024-07-24 00:00:00.000000',20000,98,'<p>Watering can for sustainability&nbsp;</p>','Kabibi Moreen','2024-07-25 11:02:09',7,0);
INSERT INTO `expenses` VALUES (405,'Fuel ','2024-07-24 00:00:00.000000',10000,93,'<p>Fuel for Rodgers\' motor cycle&nbsp;</p>','Kabibi Moreen','2024-07-25 11:03:04',7,0);
INSERT INTO `expenses` VALUES (406,'Chairman fee ','2024-07-24 00:00:00.000000',10000,96,'<p>Chairman fee at kateregas premise&nbsp;</p>','Kabibi Moreen','2024-07-25 11:04:53',7,0);
INSERT INTO `expenses` VALUES (407,'Commission for the broker ','2024-07-24 00:00:00.000000',20000,98,'<p>Commission for the broker for bringing a new tenant at Gerald\'s premise (muwonge)</p>','Kabibi Moreen','2024-07-25 11:06:13',7,0);
INSERT INTO `expenses` VALUES (408,'Repair of a motor cycle ','2024-07-24 00:00:00.000000',7000,97,'<p>Repair of Saverino\'s motor cycle&nbsp;</p>','Kabibi Moreen','2024-07-25 11:06:50',7,0);
INSERT INTO `expenses` VALUES (409,'Transport ','2024-07-25 00:00:00.000000',16000,93,'Payment for transport to a new cleaner&nbsp;','Kabibi Moreen','2024-07-25 11:07:51',7,0);
INSERT INTO `expenses` VALUES (410,'Commission for the broker ','2024-07-25 00:00:00.000000',10000,98,'<p>Commission for bringing a new tenant at Kazengas,\' premise&nbsp;</p>','Kabibi Moreen','2024-07-25 11:08:53',7,0);
INSERT INTO `expenses` VALUES (411,'Ream of papers ','2024-07-27 00:00:00.000000',16000,101,'<p>Ream of papers&nbsp;</p>','Kabibi Moreen','2024-07-27 12:30:44',7,0);
INSERT INTO `expenses` VALUES (412,'Fuel for motor cycle','2024-07-27 00:00:00.000000',40000,93,'<p>Fuel for Saverino\'s motor cycle&nbsp;</p>','Kabibi Moreen','2024-07-27 19:11:10',7,0);
INSERT INTO `expenses` VALUES (413,'Transport ','2024-07-27 00:00:00.000000',40000,93,'<p>Fuel for Rodgers\' motor cycle&nbsp;</p>','Kabibi Moreen','2024-07-27 19:11:48',7,0);
INSERT INTO `expenses` VALUES (414,'Fuel for motor cycle','2024-07-27 00:00:00.000000',20000,93,'<p>Transport fuel for Brevor&nbsp;</p>','Kabibi Moreen','2024-07-27 19:12:33',7,0);
INSERT INTO `expenses` VALUES (415,'Transport ','2024-08-06 00:00:00.000000',2000,93,'<p>Transport to and from the bank&nbsp;</p>','Kabibi Moreen','2024-07-30 18:12:23',7,0);
INSERT INTO `expenses` VALUES (416,'Deposit charges on STANBIC ','2024-07-30 00:00:00.000000',1500,98,'Charged amount while depositing tenants rent on merchant account for STANBIC&nbsp;','Kabibi Moreen','2024-07-30 18:14:22',7,0);
INSERT INTO `expenses` VALUES (417,'Transport fuel for week ','2024-07-29 00:00:00.000000',130000,93,'<p>Weekly fuel for three motor cycles</p>','Kabibi Moreen','2024-07-30 18:16:09',7,0);
INSERT INTO `expenses` VALUES (418,'Shirts for three staff','2024-07-29 00:00:00.000000',105000,98,'<p>Shirts tailoring&nbsp;</p>','Kabibi Moreen','2024-07-30 18:17:25',7,0);
INSERT INTO `expenses` VALUES (419,'Allowance ','2024-07-29 00:00:00.000000',312000,92,'<p>Weekly allowance for all staff&nbsp;</p>','Kabibi Moreen','2024-07-30 18:19:08',7,0);
INSERT INTO `expenses` VALUES (420,'Allowance for staff working on Sunday ','2024-07-29 00:00:00.000000',10000,92,'<p>Rodgers\' and Saverino\'s allowance for working on Sunday&nbsp;</p>','Kabibi Moreen','2024-07-30 18:21:00',7,0);
INSERT INTO `expenses` VALUES (421,'Motor cycle Repairs ','2024-07-29 00:00:00.000000',5000,97,'<p>Motor cycle Repairs for Saverino&nbsp;</p>','Kabibi Moreen','2024-07-30 18:21:52',7,0);
INSERT INTO `expenses` VALUES (422,'Meeting costs ','2024-07-29 00:00:00.000000',10000,98,'<p>Meeting costs for the week&nbsp;</p>','Kabibi Moreen','2024-07-30 18:22:45',7,0);
INSERT INTO `expenses` VALUES (423,'Commission for the broker ','2024-07-29 00:00:00.000000',20000,98,'<p>Commission for the broker&nbsp;</p>','Kabibi Moreen','2024-07-30 18:23:51',7,0);
INSERT INTO `expenses` VALUES (424,'Umeme for the office ','2024-07-29 00:00:00.000000',10000,94,'<p>Payment for Electricity bills at the office&nbsp;</p>','Kabibi Moreen','2024-07-30 18:25:14',7,0);
INSERT INTO `expenses` VALUES (425,'Fuel for Kerebu ','2024-07-29 00:00:00.000000',20000,93,'<p>Transport&nbsp;</p>','Kabibi Moreen','2024-07-30 18:49:00',7,0);
INSERT INTO `expenses` VALUES (426,'Ream of papers ','2024-07-31 00:00:00.000000',16000,101,'<p>Ream of papers for printing at the office&nbsp;</p>','Kabibi Moreen','2024-07-31 20:18:21',7,0);
INSERT INTO `expenses` VALUES (427,'Chairman fee ','2024-07-31 00:00:00.000000',10000,96,'<p>Chairman fee - Kakoba&nbsp;</p>','Kabibi Moreen','2024-07-31 20:19:11',7,0);
INSERT INTO `expenses` VALUES (428,'Transport ','2024-07-31 00:00:00.000000',2000,93,'<p>Transport for going to bank and from the bank&nbsp;</p>','Kabibi Moreen','2024-07-31 20:19:44',7,0);
INSERT INTO `expenses` VALUES (429,'Meeting costs ','2024-07-31 00:00:00.000000',12000,92,'<p>Payment for Refreshments at shopplex for attending the meeting&nbsp;</p>','Kabibi Moreen','2024-07-31 20:21:42',7,0);
INSERT INTO `expenses` VALUES (433,'Meeting sodas','2024-08-08 00:00:00.000000',20000,92,'<p>expenditure on sodas for the first two meetings of August</p><p><br></p>','Tumusiime Ian','2024-08-19 12:37:36',7,138);
INSERT INTO `expenses` VALUES (434,' MOTOR CYYCLE REPAIRS','2024-09-01 00:00:00.000000',2000,97,'<p>THIS WAS MADE TO REPAIR RODGER\'S MOTORCYCLE DURING THE WEEKEND</p><p><br></p>','Tumusiime Ian','2024-09-03 14:10:18',7,138);
INSERT INTO `expenses` VALUES (435,'SUNDAY ALLOWANCE','2024-09-01 00:00:00.000000',5000,92,'<p>BEING PAYMENT FOR WORKING ON SUNDAY FOR RODGERS</p><p><br></p>','Tumusiime Ian','2024-09-03 14:17:59',7,138);
INSERT INTO `expenses` VALUES (436,'BLOCKER','2024-09-01 00:00:00.000000',5000,107,'<p>BEING PAYMENT FOR A BLOCKER&nbsp; AT CLEVER KISHENYI</p>','Tumusiime Ian','2024-09-03 14:24:31',7,138);
INSERT INTO `expenses` VALUES (437,'SUNDAY ALLOWANCE','2024-09-02 00:00:00.000000',5000,92,'<p>BEING PAYMENT FOR SUNDAY ALLOWANCE FOR SAVERINO</p>','Tumusiime Ian','2024-09-03 15:05:48',7,138);
INSERT INTO `expenses` VALUES (439,'System training facilitation','2024-10-02 00:00:00.000000',20000,92,'<p>paid to <b>p</b>ascal soft codes as facilitation for staff system training</p><p><br></p>','Tumusiime Ian','2024-10-02 10:56:57',7,138);
INSERT INTO `expenses` VALUES (440,'Transport','2024-10-02 00:00:00.000000',4000,93,'<p>transport fair use by manager to Mbadifa</p><p><br></p>','Tumusiime Ian','2024-10-02 12:57:57',7,138);
INSERT INTO `expenses` VALUES (441,'Data','2024-10-02 00:00:00.000000',20000,112,'<p>data bought to update the system during training</p>','Tumusiime Ian','2024-10-02 16:41:27',7,138);
INSERT INTO `expenses` VALUES (442,'Airtime and data','2024-10-02 00:00:00.000000',415000,112,'<p>staff monthly airtime and data for 0ctober 2024</p>','Tumusiime Ian','2024-10-02 16:45:38',7,138);
INSERT INTO `expenses` VALUES (443,'Staff lunch','2024-10-02 00:00:00.000000',328000,92,'<p>staff lunch from 30th sep-05th oct</p>','Tumusiime Ian','2024-10-02 16:53:00',7,138);
INSERT INTO `expenses` VALUES (444,'Motorcycle fuel','2024-10-02 00:00:00.000000',100000,113,'<p>weekly motorcycle fuel from 30th sep-05th oct</p>','Tumusiime Ian','2024-10-02 16:57:13',7,138);
INSERT INTO `expenses` VALUES (445,'Meeting sodas','2024-10-02 00:00:00.000000',7000,92,'<p>meeting refreshments for the meeting held on tuesday 1st oct</p>','Tumusiime Ian','2024-10-02 17:02:44',7,138);
INSERT INTO `expenses` VALUES (446,' MOTOR CYYCLE REPAIRS','2024-10-02 00:00:00.000000',62000,97,'<p>repairs for the motorcycle by saverino</p>','Tumusiime Ian','2024-10-02 17:04:02',7,138);
INSERT INTO `expenses` VALUES (447,'Computer keyboard purchase','2024-10-02 00:00:00.000000',20000,114,'<p>payment to purchase keyboard by requisition from HOPE UWIMBABAZI</p>','Tumusiime Ian','2024-10-02 17:07:04',7,138);
INSERT INTO `expenses` VALUES (448,'Notice board purchase','2024-10-02 00:00:00.000000',150000,114,'<p>funds to purchase the notice board</p>','Tumusiime Ian','2024-10-02 17:08:44',7,138);
INSERT INTO `expenses` VALUES (449,'Blocker','2024-10-02 00:00:00.000000',20000,110,'<p>blocker for the new tenant at jb rwemirinzi premise</p>','Tumusiime Ian','2024-10-02 17:10:20',7,138);
INSERT INTO `expenses` VALUES (450,'Lunch','2024-10-02 00:00:00.000000',5000,92,'<p>lunch for the trainer from soft codes</p>','Tumusiime Ian','2024-10-02 17:11:27',7,138);
INSERT INTO `expenses` VALUES (451,'Stepples','2024-10-03 00:00:00.000000',1000,114,'<p>stepples</p>','Tumusiime Ian','2024-10-03 17:07:06',7,138);
INSERT INTO `expenses` VALUES (452,'Blocker','2024-10-03 00:00:00.000000',30000,110,'<p>Blocker at Deus Ruti</p>','Tumusiime Ian','2024-10-11 05:35:08',7,138);
INSERT INTO `expenses` VALUES (453,'Transport ','2024-10-03 00:00:00.000000',4000,93,'<p>Transport kansiime</p>','Tumusiime Ian','2024-10-11 05:37:12',7,138);
INSERT INTO `expenses` VALUES (454,'Transport ','2024-10-03 00:00:00.000000',4000,93,'<p>Transport kansiime</p>','Tumusiime Ian','2024-10-11 05:37:12',7,138);
INSERT INTO `expenses` VALUES (455,'Chairman fee ','2024-10-03 00:00:00.000000',20000,96,'<p>Token to chairman rwizi</p>','Tumusiime Ian','2024-10-11 05:38:28',7,138);
INSERT INTO `expenses` VALUES (456,'Blocker','2024-10-03 00:00:00.000000',30000,110,'<p>&nbsp;Blocker for the new tenant at resty kajungu premises&nbsp;</p>','Tumusiime Ian','2024-10-11 05:40:08',7,138);
INSERT INTO `expenses` VALUES (457,'Blocker','2024-10-04 00:00:00.000000',10000,110,'<p>Blocker at lilian estates</p>','Tumusiime Ian','2024-10-11 05:42:16',7,138);
INSERT INTO `expenses` VALUES (458,'C.l.o token','2024-10-04 00:00:00.000000',100000,114,'<p>Token to community laison officer</p>','Tumusiime Ian','2024-10-11 05:44:02',7,138);
INSERT INTO `expenses` VALUES (459,'Fuel ','2024-10-04 00:00:00.000000',10000,113,'<p>Fuel to police officer during eviction&nbsp;</p>','Tumusiime Ian','2024-10-11 05:45:04',7,138);
INSERT INTO `expenses` VALUES (460,'Chairman fee ','2024-10-04 00:00:00.000000',30000,96,'<p>Chairman token -Agip cell&nbsp;</p>','Tumusiime Ian','2024-10-11 05:46:07',7,138);
INSERT INTO `expenses` VALUES (461,'Transport ','2024-10-04 00:00:00.000000',3000,93,'<p>Transport for manager</p>','Tumusiime Ian','2024-10-11 05:50:53',7,138);
INSERT INTO `expenses` VALUES (462,'Blocker','2024-10-04 00:00:00.000000',10000,110,'<p>Blocker for the new tenant at Florence estates</p>','Tumusiime Ian','2024-10-11 05:52:40',7,138);
INSERT INTO `expenses` VALUES (463,'Transport ','2024-10-04 00:00:00.000000',40000,94,'<p>Transport for Hope to bank landlords cheques</p>','Tumusiime Ian','2024-10-11 05:53:47',7,138);
INSERT INTO `expenses` VALUES (464,'Office electricity ','2024-10-05 00:00:00.000000',20000,94,'<p>Office electricity&nbsp;</p>','Tumusiime Ian','2024-10-11 05:55:16',7,138);
INSERT INTO `expenses` VALUES (465,'Mobile printer','2024-10-07 00:00:00.000000',150000,114,'<p>Mobile printing equipment&nbsp;</p>','Tumusiime Ian','2024-10-11 05:57:14',7,138);
INSERT INTO `expenses` VALUES (466,'Receipt paper','2024-10-07 00:00:00.000000',3000,114,'<p>Receipt papers for the new printer</p>','Tumusiime Ian','2024-10-11 06:00:32',7,138);
INSERT INTO `expenses` VALUES (467,'Sunday allowance','2024-10-07 00:00:00.000000',10000,111,'<p>Sunday allowances for Rodgers and Saverino</p>','Tumusiime Ian','2024-10-11 06:01:59',7,138);
INSERT INTO `expenses` VALUES (468,'Blocker ','2024-10-07 00:00:00.000000',20000,110,'<p>Blocker for the new tenant at clever premises</p>','Tumusiime Ian','2024-10-11 06:03:50',7,138);
INSERT INTO `expenses` VALUES (469,'Transport ','2024-10-07 00:00:00.000000',3000,93,'<p>Transport to bank&nbsp;</p>','Tumusiime Ian','2024-10-11 06:04:53',7,138);
INSERT INTO `expenses` VALUES (470,'Meeting refreshments ','2024-10-07 00:00:00.000000',7000,92,'<p>Meeting refreshments&nbsp;</p>','Tumusiime Ian','2024-10-11 06:06:00',7,138);
INSERT INTO `expenses` VALUES (471,'Blocker ','2024-10-07 00:00:00.000000',10000,110,'<p>Blocker for the new tenant at lilian estates</p>','Tumusiime Ian','2024-10-11 06:07:16',7,138);
INSERT INTO `expenses` VALUES (472,'Transport ','2024-10-08 00:00:00.000000',4000,93,'<p>Transport for Moreen cleaner</p>','Tumusiime Ian','2024-10-11 06:08:30',7,138);
INSERT INTO `expenses` VALUES (473,'Staff lunch','2024-09-30 00:00:00.000000',298000,115,'<p>Weekly staff lunch for the second week of october</p>','Tumusiime Ian','2024-10-11 06:13:59',7,138);
INSERT INTO `expenses` VALUES (474,'Motorcycle fuel ','2024-10-07 00:00:00.000000',100000,113,'<p>Weekly Fuel for the two motorcycles&nbsp;</p>','Tumusiime Ian','2024-10-11 06:15:09',7,138);
INSERT INTO `expenses` VALUES (475,'Team of papers','2024-10-07 00:00:00.000000',75000,114,'<p>Expenditure for 5 reams of papers</p>','Tumusiime Ian','2024-10-11 06:16:51',7,138);
INSERT INTO `expenses` VALUES (476,'Rent','2024-10-06 00:00:00.000000',1300000,108,'<p>Office rent for the month of october</p>','Tumusiime Ian','2024-10-15 06:40:56',7,138);
INSERT INTO `expenses` VALUES (477,'Rent ','2024-10-14 00:00:00.000000',100000,108,'<p>Rent for the store at hajjat</p>','Tumusiime Ian','2024-10-15 06:42:52',7,138);
INSERT INTO `expenses` VALUES (478,'Weekly staff meals','2024-10-14 00:00:00.000000',298000,115,'<p>Staff meals weekly from 14th-19th October&nbsp;</p><p><br></p>','Tumusiime Ian','2024-10-18 09:14:10',7,138);
INSERT INTO `expenses` VALUES (479,'Office electricity ','2024-10-15 00:00:00.000000',20000,94,'<p>Office electricity&nbsp;</p>','Tumusiime Ian','2024-10-18 09:15:35',7,138);
INSERT INTO `expenses` VALUES (480,'Transport ','2024-10-14 00:00:00.000000',4000,93,'<p>Transport for Noellah to bank cheques</p>','Tumusiime Ian','2024-10-18 09:17:22',7,138);
INSERT INTO `expenses` VALUES (481,'Transport ','2024-10-09 00:00:00.000000',4000,94,'<p>Transport to mbadifa&nbsp;</p>','Tumusiime Ian','2024-10-18 09:18:42',7,138);
INSERT INTO `expenses` VALUES (482,'Transport ','2024-10-17 00:00:00.000000',2000,93,'<p>Transport for moreen</p>','Tumusiime Ian','2024-10-18 09:21:19',7,138);
INSERT INTO `expenses` VALUES (483,'Meeting allowance ','2024-10-24 00:00:00.000000',15000,92,'<p>Meeting allowances for the finance committee meeting held 17th October 2024</p>','Tumusiime Ian','2024-10-18 09:26:01',7,138);
INSERT INTO `expenses` VALUES (484,'Motorcycle fuel ','2024-10-17 00:00:00.000000',100000,113,'<p>Fuel for saverino\'s.&nbsp; And Rodger\'s motorcycles</p>','Tumusiime Ian','2024-10-18 09:32:48',7,138);
INSERT INTO `expenses` VALUES (485,'Blocker','2024-10-11 00:00:00.000000',20000,110,'<p>Blocker for the new tenant at mile2</p>','Tumusiime Ian','2024-10-18 11:45:02',7,138);
INSERT INTO `expenses` VALUES (486,'Blocker','2024-10-11 00:00:00.000000',20000,110,'<p>Blocker for the new tenant at jacenta estates</p>','Tumusiime Ian','2024-10-18 12:08:12',7,138);
INSERT INTO `expenses` VALUES (487,'Blocker','2024-10-11 00:00:00.000000',10000,110,'<p>Blocker Gordon estates&nbsp;</p>','Tumusiime Ian','2024-10-18 12:10:07',7,138);
INSERT INTO `expenses` VALUES (488,'Transport ','2024-10-11 00:00:00.000000',2000,93,'<p>Accountant transport to bank spears payment&nbsp;</p>','Tumusiime Ian','2024-10-18 12:11:27',7,138);
INSERT INTO `expenses` VALUES (489,'Office electricity ','2024-10-12 00:00:00.000000',20000,94,'<p>Office electricity&nbsp;</p>','Tumusiime Ian','2024-10-18 12:13:47',7,138);
INSERT INTO `expenses` VALUES (490,'Receipt papers ','2024-10-12 00:00:00.000000',20000,114,'<p>1 dozen of receipt papers&nbsp;</p>','Tumusiime Ian','2024-10-18 12:16:06',7,138);
INSERT INTO `expenses` VALUES (491,'Transport ','2024-10-12 00:00:00.000000',2000,93,'<p>Transport to bank&nbsp;</p>','Tumusiime Ian','2024-10-18 12:17:38',7,138);
INSERT INTO `expenses` VALUES (492,'Sunday allowance ','2024-10-12 00:00:00.000000',10000,111,'<p>Sunday allowance for Rodgers and Saverino&nbsp;</p>','Tumusiime Ian','2024-10-18 12:20:31',7,138);
INSERT INTO `expenses` VALUES (493,'Bank charges','2024-10-14 00:00:00.000000',2300,117,'<p>Bank charges on PAYE</p>','Tumusiime Ian','2024-10-18 12:24:26',7,138);
INSERT INTO `expenses` VALUES (494,'Filling data','2024-10-14 00:00:00.000000',20000,112,'<p>Data to file PAYE returns and NSSF&nbsp;</p>','Tumusiime Ian','2024-10-18 12:25:40',7,138);
INSERT INTO `expenses` VALUES (495,'Transport ','2024-10-14 00:00:00.000000',2000,93,'<p>Transport to file returns&nbsp;</p>','Tumusiime Ian','2024-10-18 12:26:41',7,138);
INSERT INTO `expenses` VALUES (496,'Fuel','2024-10-15 00:00:00.000000',20000,113,'<p>Fuel for head of operations&nbsp;</p>','Tumusiime Ian','2024-10-18 12:28:06',7,138);
INSERT INTO `expenses` VALUES (497,'Withdraw charges','2024-10-16 00:00:00.000000',2000,117,'<p>Withdraw charges</p>','Tumusiime Ian','2024-10-18 12:29:13',7,138);
INSERT INTO `expenses` VALUES (498,'Chairman fee ','2024-10-16 00:00:00.000000',10000,96,'<p>Chairman token at JB Rwemirinzi to handle Nyemera Williams matter</p>','Tumusiime Ian','2024-10-18 12:32:16',7,138);
INSERT INTO `expenses` VALUES (499,'Motorcycle repair ','2024-10-16 00:00:00.000000',7000,97,'<p>Motorcycle repair by saverino&nbsp;</p>','Tumusiime Ian','2024-10-18 12:34:49',7,138);
INSERT INTO `expenses` VALUES (500,'Transport ','2024-10-02 00:00:00.000000',2000,93,'<p>Transport for manager to town</p>','Tumusiime Ian','2024-10-18 12:45:12',7,138);
INSERT INTO `expenses` VALUES (501,'Office electricity ','2024-10-17 00:00:00.000000',20000,94,'<p>Office electricity&nbsp;</p>','Tumusiime Ian','2024-10-19 07:26:33',7,138);
INSERT INTO `expenses` VALUES (502,'Loan processing fees','2024-10-17 00:00:00.000000',260000,98,'<p>Loan processing charges&nbsp;</p>','Tumusiime Ian','2024-10-19 07:27:55',7,138);
INSERT INTO `expenses` VALUES (503,'Blocker','2024-10-19 00:00:00.000000',10000,110,'<p>Blocker at JB Jesus care premises</p>','Tumusiime Ian','2024-10-22 14:15:36',7,138);
INSERT INTO `expenses` VALUES (504,'Transport ','2024-10-21 00:00:00.000000',6000,93,'<p>Transport for Hope, Saverino and Moreen @2000</p>','Tumusiime Ian','2024-10-22 15:50:32',7,138);
INSERT INTO `expenses` VALUES (505,'Sunday allowance ','2024-10-21 00:00:00.000000',20000,92,'<p>Allowances for Rodgers, Hope , Kellen and Saverino for working on sunday</p>','Tumusiime Ian','2024-10-22 15:52:42',7,138);
INSERT INTO `expenses` VALUES (506,'Staff lunch','2024-10-22 00:00:00.000000',298000,116,'<p>Weekly staff lunch for the last week of october</p>','Tumusiime Ian','2024-10-22 16:20:14',7,138);
INSERT INTO `expenses` VALUES (507,'Fuel','2024-10-22 00:00:00.000000',100000,113,'<p>Fuel for motorcycles for the last week of october</p>','Tumusiime Ian','2024-10-22 16:21:26',7,138);
INSERT INTO `expenses` VALUES (508,'Transport ','2024-10-22 00:00:00.000000',4000,93,'<p>Transport for saverino to kyamugorani to pick rent</p>','Tumusiime Ian','2024-10-22 16:24:50',7,138);
INSERT INTO `expenses` VALUES (509,'Blocker','2024-10-22 00:00:00.000000',30000,110,'<p>Blocker for the new tenant at Dr.katema\'s premise</p>','Tumusiime Ian','2024-10-22 16:26:04',7,138);
INSERT INTO `expenses` VALUES (510,'Office electricity ','2024-10-23 00:00:00.000000',20000,94,'<p>Office electricity&nbsp;</p>','Tumusiime Ian','2024-10-23 13:01:14',7,138);
INSERT INTO `expenses` VALUES (511,'Transport ','2024-10-23 00:00:00.000000',1000,93,'<p>Transport&nbsp;</p>','Tumusiime Ian','2024-10-23 13:02:22',7,138);
INSERT INTO `expenses` VALUES (512,'Transport','2024-11-27 00:00:00.000000',2000,93,'<p>transport for hope to the cente-agent</p>','Tumusiime Ian','2024-11-27 09:11:23',7,138);
INSERT INTO `expenses` VALUES (513,'COMPUTER UPDATING','2024-11-27 00:00:00.000000',30000,97,'<p>Updating of computers by soft codes</p>','Tumusiime Ian','2024-11-27 09:30:43',7,138);
INSERT INTO `expenses` VALUES (514,'Data','2024-11-27 00:00:00.000000',5000,112,'<p>data for computer updating</p>','Tumusiime Ian','2024-11-27 09:32:29',7,138);
INSERT INTO `expenses` VALUES (517,'Rent  for store','2025-01-14 00:00:00.000000',100000,108,'<p>Rent for store January</p>','Nkalubo Dickson','2025-01-16 16:24:30',7,130);
INSERT INTO `expenses` VALUES (518,'Brocker','2025-01-14 00:00:00.000000',35000,110,'<p>brocker commision</p>','Nkalubo Dickson','2025-01-16 16:27:06',7,130);
INSERT INTO `expenses` VALUES (519,'Mortocycle repair','2025-01-14 00:00:00.000000',2000,93,'<p>repair of the mortorcycle</p>','Nkalubo Dickson','2025-01-16 16:29:57',7,130);
INSERT INTO `expenses` VALUES (520,'Panga sharpening','2025-01-14 00:00:00.000000',2000,118,'<p>panga sharpening</p>','Nkalubo Dickson','2025-01-16 16:34:36',7,130);
INSERT INTO `expenses` VALUES (521,'Water bills','2025-01-14 00:00:00.000000',300,95,'<p>water bills</p>','Nkalubo Dickson','2025-01-16 16:35:56',7,130);
INSERT INTO `expenses` VALUES (522,'Allowance for staff','2025-01-13 00:00:00.000000',380000,109,'<p>allowance for staff</p>','Nkalubo Dickson','2025-01-16 16:39:26',7,130);
INSERT INTO `expenses` VALUES (523,'Transport to moreen','2025-01-13 00:00:00.000000',3000,93,'<p>Transport to Moreen</p>','Nkalubo Dickson','2025-01-16 16:41:00',7,130);
INSERT INTO `expenses` VALUES (524,'Brocker','2025-01-13 00:00:00.000000',5000,110,'<p>Brocker commission</p>','Nkalubo Dickson','2025-01-16 16:42:37',7,130);
INSERT INTO `expenses` VALUES (525,'Mortor cycle wash','2025-01-13 00:00:00.000000',7000,119,'<p>mortor cycle wash</p>','Nkalubo Dickson','2025-01-16 16:50:42',7,130);
INSERT INTO `expenses` VALUES (526,'Allowance for sunday','2025-01-13 00:00:00.000000',5000,111,'<p>sunday allowances</p>','Nkalubo Dickson','2025-01-16 16:52:13',7,130);
INSERT INTO `expenses` VALUES (527,'Withdraw charges','2025-01-13 00:00:00.000000',8000,102,'<p>Withdraw charges</p>','Nkalubo Dickson','2025-01-16 16:53:28',7,130);
INSERT INTO `expenses` VALUES (528,'Wall design','2025-01-13 00:00:00.000000',10000,120,'<p>wall design</p>','Nkalubo Dickson','2025-01-16 16:56:11',7,130);
INSERT INTO `expenses` VALUES (529,'Filed returns','2025-01-11 00:00:00.000000',540300,121,'<p>Filled returns</p>','Nkalubo Dickson','2025-01-16 17:00:46',7,130);
INSERT INTO `expenses` VALUES (530,'Advance to Kerebu','2025-01-11 00:00:00.000000',50000,122,'<p>Advances</p>','Nkalubo Dickson','2025-01-16 17:03:25',7,130);
INSERT INTO `expenses` VALUES (531,'Mortor cycle repair','2025-01-11 00:00:00.000000',5000,97,'<p>Mortor cycle repair</p>','Nkalubo Dickson','2025-01-16 17:05:06',7,130);
INSERT INTO `expenses` VALUES (532,'Motor cycle repair','2025-01-10 00:00:00.000000',7000,97,'<p>Motor cycle repair</p>','Nkalubo Dickson','2025-01-16 17:06:33',7,130);
INSERT INTO `expenses` VALUES (533,'Brocker','2025-01-09 00:00:00.000000',5000,110,'<p>Brocker</p>','Nkalubo Dickson','2025-01-16 17:07:57',7,130);
INSERT INTO `expenses` VALUES (534,'Hospitality','2025-01-09 00:00:00.000000',2000,123,'<p>Hospitality</p>','Nkalubo Dickson','2025-01-16 17:10:33',7,130);
INSERT INTO `expenses` VALUES (535,'Padlock','2025-01-09 00:00:00.000000',8000,124,'<p>Padlock</p>','Nkalubo Dickson','2025-01-16 17:13:05',7,130);
INSERT INTO `expenses` VALUES (536,'Transport','2025-01-09 00:00:00.000000',11000,93,'<p>Transport</p>','Nkalubo Dickson','2025-01-16 17:14:14',7,130);
INSERT INTO `expenses` VALUES (537,'Brocker','2025-01-08 00:00:00.000000',50000,110,'<p>blocker</p>','Nkalubo Dickson','2025-01-16 17:16:03',7,130);
INSERT INTO `expenses` VALUES (538,'Mortocycle repair','2025-01-08 00:00:00.000000',5000,97,'<p>Motor cycle repair</p>','Nkalubo Dickson','2025-01-16 17:16:58',7,130);
INSERT INTO `expenses` VALUES (539,'Transport','2025-01-08 00:00:00.000000',6000,93,'<p>Transport</p>','Nkalubo Dickson','2025-01-16 17:17:48',7,130);
INSERT INTO `expenses` VALUES (540,'Brocker','2025-01-07 00:00:00.000000',40000,110,'<p>brocker</p>','Nkalubo Dickson','2025-01-16 17:19:57',7,130);
INSERT INTO `expenses` VALUES (541,'Mortocycle repair','2025-01-07 00:00:00.000000',2000,97,'<p>motor cycle repair</p>','Nkalubo Dickson','2025-01-16 17:25:12',7,130);
INSERT INTO `expenses` VALUES (542,'Transport','2025-01-07 00:00:00.000000',2000,93,'<p>Transport</p>','Nkalubo Dickson','2025-01-16 17:51:16',7,130);
INSERT INTO `expenses` VALUES (543,'Flexipay charges','2024-08-21 00:00:00.000000',2000,125,'<p>Flexipay charges</p>','Nkalubo Dickson','2025-01-16 18:04:51',7,130);
INSERT INTO `expenses` VALUES (544,'Flexpay charges','2024-08-21 00:00:00.000000',2000,125,'<p>flexipay charges</p>','Nkalubo Dickson','2025-01-17 06:53:31',7,130);
INSERT INTO `expenses` VALUES (545,'Token to chairman','2024-08-21 00:00:00.000000',30000,96,'<p>Token to Chairman</p>','Nkalubo Dickson','2025-01-17 06:55:18',7,130);
INSERT INTO `expenses` VALUES (546,'Motor repair','2024-08-21 00:00:00.000000',50000,97,'<p>Motor repair</p>','Nkalubo Dickson','2025-01-17 06:56:41',7,130);
INSERT INTO `expenses` VALUES (547,'Motor repair','2024-08-15 00:00:00.000000',21000,97,'<p>Motor repair</p>','Nkalubo Dickson','2025-01-17 06:57:46',7,130);
INSERT INTO `expenses` VALUES (548,'Printer cartrage','2024-08-15 00:00:00.000000',60000,126,'<p>Printer cartrage</p>','Nkalubo Dickson','2025-01-17 06:59:53',7,130);
INSERT INTO `expenses` VALUES (549,'Chairman token(AGIP)','2024-08-15 00:00:00.000000',5000,96,'<p>Chairman token</p>','Nkalubo Dickson','2025-01-17 07:01:18',7,130);
INSERT INTO `expenses` VALUES (550,'Flexipay charges','2024-08-16 00:00:00.000000',5000,125,'Flex pay charges','Nkalubo Dickson','2025-01-17 07:03:44',7,130);
INSERT INTO `expenses` VALUES (551,'Reem of papers','2024-08-16 00:00:00.000000',16000,101,'<p>Reem of papers</p>','Nkalubo Dickson','2025-01-17 07:05:17',7,130);
INSERT INTO `expenses` VALUES (552,'Refreshments(Monday meeting)','2024-08-16 00:00:00.000000',10000,127,'<p>Monday meeting</p>','Nkalubo Dickson','2025-01-17 07:08:31',7,130);
INSERT INTO `expenses` VALUES (553,'Utilities(Gaudious)','2024-08-17 00:00:00.000000',100000,128,'<p>Utilities</p>','Nkalubo Dickson','2025-01-17 07:10:35',7,130);
INSERT INTO `expenses` VALUES (554,'Flexipay charges','2024-08-17 00:00:00.000000',2000,125,'<p>Flexipay charges</p>','Nkalubo Dickson','2025-01-17 07:11:32',7,130);
INSERT INTO `expenses` VALUES (555,'Brockers','2024-08-19 00:00:00.000000',30000,110,'<p>Blocker</p>','Nkalubo Dickson','2025-01-17 07:13:51',7,130);
INSERT INTO `expenses` VALUES (556,'Office electricity','2024-08-19 00:00:00.000000',10000,94,'<p>Office electricity</p>','Nkalubo Dickson','2025-01-17 08:12:14',7,130);
INSERT INTO `expenses` VALUES (557,'Mortocycle repair(Rodgers)','2024-08-19 00:00:00.000000',5000,97,'<p>Motor repair</p>','Nkalubo Dickson','2025-01-17 08:14:13',7,130);
INSERT INTO `expenses` VALUES (558,'Office exp&stuff allowances','2024-08-19 00:00:00.000000',70000,114,'<p>Office exp&amp;stuff allowances</p>','Nkalubo Dickson','2025-01-17 08:17:27',7,130);
INSERT INTO `expenses` VALUES (559,'Flex pay charges','2024-08-19 00:00:00.000000',2200,125,'<p>flex pay charges</p>','Nkalubo Dickson','2025-01-17 08:19:42',7,130);
INSERT INTO `expenses` VALUES (560,'Flex pay charges','2024-08-19 00:00:00.000000',2200,125,'<p>Flex pay charges</p>','Nkalubo Dickson','2025-01-17 08:26:24',7,130);
INSERT INTO `expenses` VALUES (561,'Brockers','2024-08-20 00:00:00.000000',20000,110,'<p>brocker</p>','Nkalubo Dickson','2025-01-17 08:40:50',7,130);
INSERT INTO `expenses` VALUES (562,'Flex pay charges','2024-08-20 00:00:00.000000',1000,125,'<p>flex pay charges</p>','Nkalubo Dickson','2025-01-17 08:42:13',7,130);
INSERT INTO `expenses` VALUES (563,'Ream of papers','2024-08-22 00:00:00.000000',16000,101,'<p>Ream of papers</p>','Nkalubo Dickson','2025-01-17 08:44:57',7,130);
INSERT INTO `expenses` VALUES (564,'Eviction operation costs','2024-08-22 00:00:00.000000',30000,129,'<p>Eviction operation costs</p>','Nkalubo Dickson','2025-01-17 08:47:19',7,130);
INSERT INTO `expenses` VALUES (565,'Transport(Kellen)','2024-08-22 00:00:00.000000',4000,93,'<p>Transport</p>','Nkalubo Dickson','2025-01-17 08:48:24',7,130);
INSERT INTO `expenses` VALUES (566,'Office electricity','2024-08-22 00:00:00.000000',20000,94,'<p>Office electricity</p>','Nkalubo Dickson','2025-01-17 08:49:41',7,130);
INSERT INTO `expenses` VALUES (567,'Flex charges','2024-08-22 00:00:00.000000',800,125,'<p>Flex pay charges</p>','Nkalubo Dickson','2025-01-17 08:51:21',7,130);
INSERT INTO `expenses` VALUES (568,'Dozen of parcels','2024-08-23 00:00:00.000000',3000,101,'<p>Dozen of parcels</p>','Nkalubo Dickson','2025-01-17 08:52:56',7,130);
INSERT INTO `expenses` VALUES (569,'Office  files','2024-08-23 00:00:00.000000',10000,101,'<p>Office files</p>','Nkalubo Dickson','2025-01-17 08:53:59',7,130);
INSERT INTO `expenses` VALUES (570,'Motor switch','2024-08-23 00:00:00.000000',20000,97,'<p>Motor switch</p>','Nkalubo Dickson','2025-01-17 08:55:01',7,130);
INSERT INTO `expenses` VALUES (571,'Proposal printing','2024-08-23 00:00:00.000000',5000,130,'<p>Proposal printing</p>','Nkalubo Dickson','2025-01-17 08:57:32',7,130);
INSERT INTO `expenses` VALUES (572,'Printing ','2024-08-23 00:00:00.000000',1000,130,'<p>Printing</p>','Nkalubo Dickson','2025-01-17 09:04:20',7,130);
INSERT INTO `expenses` VALUES (573,'Flex pay charges','2024-08-23 00:00:00.000000',3200,125,'<p>Flex pay charges</p>','Nkalubo Dickson','2025-01-17 09:08:11',7,130);
INSERT INTO `expenses` VALUES (574,'1/2quire book','2024-08-23 00:00:00.000000',3200,101,'<p>1/2 quire book</p>','Nkalubo Dickson','2025-01-17 09:10:15',7,130);
INSERT INTO `expenses` VALUES (575,'Stepples','2024-08-24 00:00:00.000000',1000,101,'<p>Stepples</p>','Nkalubo Dickson','2025-01-17 09:11:41',7,130);
INSERT INTO `expenses` VALUES (576,'Flex pay charges','2024-08-24 00:00:00.000000',4300,125,'<p>flex pay&nbsp; charges</p>','Nkalubo Dickson','2025-01-17 09:13:02',7,130);
INSERT INTO `expenses` VALUES (577,'Office electricity','2024-08-24 00:00:00.000000',5000,94,'<p>Office electricity</p>','Nkalubo Dickson','2025-01-17 09:13:56',7,130);
INSERT INTO `expenses` VALUES (578,'Brockers','2024-08-25 00:00:00.000000',40000,110,'<p>brockers</p>','Nkalubo Dickson','2025-01-17 09:15:15',7,130);
INSERT INTO `expenses` VALUES (579,'Flex pay charges','2024-08-25 00:00:00.000000',2000,125,'<p>flexpay charges</p>','Nkalubo Dickson','2025-01-17 09:16:13',7,130);
INSERT INTO `expenses` VALUES (580,'Office electricity','2024-08-25 00:00:00.000000',15000,94,'<p>Office electricity</p>','Nkalubo Dickson','2025-01-17 09:19:21',7,130);
INSERT INTO `expenses` VALUES (581,'Sunday allowance','2024-08-25 00:00:00.000000',10000,111,'<p>Sunday allowance</p>','Nkalubo Dickson','2025-01-17 09:21:37',7,130);
INSERT INTO `expenses` VALUES (582,'Transport(Kellen)','2025-08-25 00:00:00.000000',5000,93,'<p>Transport</p>','Nkalubo Dickson','2025-01-17 09:24:10',7,130);
INSERT INTO `expenses` VALUES (583,'Meeting refreshments','2024-08-25 00:00:00.000000',6000,127,'<p>Meeting</p>','Nkalubo Dickson','2025-01-17 09:25:35',7,130);
INSERT INTO `expenses` VALUES (584,'Brockers','2024-08-27 00:00:00.000000',30000,110,'<p>Blocker</p>','Nkalubo Dickson','2025-01-17 09:27:56',7,130);
INSERT INTO `expenses` VALUES (585,'Flex pay charges','2024-08-27 00:00:00.000000',2000,125,'<p>Flex pay charges</p>','Nkalubo Dickson','2025-01-17 09:29:09',7,130);
INSERT INTO `expenses` VALUES (586,'Transport(Kellen)','2024-08-27 00:00:00.000000',4000,93,'<p>Transport</p>','Nkalubo Dickson','2025-01-17 09:30:25',7,130);
INSERT INTO `expenses` VALUES (587,'Brockers','2024-08-28 00:00:00.000000',70000,110,'<p>Brockers</p>','Nkalubo Dickson','2025-01-17 09:33:30',7,130);
INSERT INTO `expenses` VALUES (588,'Brockers','2024-08-29 00:00:00.000000',10000,110,'<p>brocker</p>','Nkalubo Dickson','2025-01-17 09:35:21',7,130);
INSERT INTO `expenses` VALUES (589,'Transport','2024-08-29 00:00:00.000000',20000,93,'<p>Transport</p>','Nkalubo Dickson','2025-01-17 09:45:19',7,130);
INSERT INTO `expenses` VALUES (590,'System training data','2025-08-29 00:00:00.000000',10000,112,'<p>system training</p>','Nkalubo Dickson','2025-01-17 09:47:25',7,130);
INSERT INTO `expenses` VALUES (591,'Padlock','2024-08-30 00:00:00.000000',5000,124,'<p>padlock</p>','Nkalubo Dickson','2025-01-17 09:51:31',7,130);
INSERT INTO `expenses` VALUES (592,'Brockers','2024-09-01 00:00:00.000000',5000,110,'<p>Brocker</p>','Nkalubo Dickson','2025-01-17 09:57:29',7,130);
INSERT INTO `expenses` VALUES (593,'Mortocycle repair(Rodgers)','2025-09-01 00:00:00.000000',2000,97,'<p>mortocycle repair</p>','Nkalubo Dickson','2025-01-17 09:58:55',7,130);
INSERT INTO `expenses` VALUES (594,'Sunday allowances','2024-09-01 00:00:00.000000',5000,111,'<p>sunday allowances</p>','Nkalubo Dickson','2025-01-17 10:00:22',7,130);
INSERT INTO `expenses` VALUES (595,'Sunday allowance','2024-09-02 00:00:00.000000',5000,111,'<p>sunday allowance</p>','Nkalubo Dickson','2025-01-17 10:02:44',7,130);
INSERT INTO `expenses` VALUES (596,'Padlock','2024-09-03 00:00:00.000000',5000,124,'<p>padlock</p>','Nkalubo Dickson','2025-01-17 10:05:06',7,130);
INSERT INTO `expenses` VALUES (597,'Two brooms','2024-09-03 00:00:00.000000',4000,131,'<p>two brooms</p>','Nkalubo Dickson','2025-01-17 10:06:45',7,130);
INSERT INTO `expenses` VALUES (598,'Facilitation(Reverand)','2025-09-03 00:00:00.000000',50000,132,'<p>Facilitation</p>','Nkalubo Dickson','2025-01-17 10:08:54',7,130);
INSERT INTO `expenses` VALUES (599,'Transport (Accountant)','2024-09-04 00:00:00.000000',2000,93,'<p>Transport</p>','Nkalubo Dickson','2025-01-17 10:10:12',7,130);
INSERT INTO `expenses` VALUES (600,'Transport','2024-09-05 00:00:00.000000',2000,93,'<p>Transport</p>','Nkalubo Dickson','2025-01-17 10:14:16',7,130);
INSERT INTO `expenses` VALUES (601,'Transport','2024-09-05 00:00:00.000000',2000,93,'<p>Transport</p>','Nkalubo Dickson','2025-01-17 10:14:17',7,130);
INSERT INTO `expenses` VALUES (602,'Ream of papers','2024-09-06 00:00:00.000000',16000,101,'<p>Ream of papers</p>','Nkalubo Dickson','2025-01-17 10:15:37',7,130);
INSERT INTO `expenses` VALUES (603,'Office electricity','2024-09-06 00:00:00.000000',10000,94,'<p>Office electricity</p>','Nkalubo Dickson','2025-01-17 10:16:57',7,130);
INSERT INTO `expenses` VALUES (604,'Transport','2025-09-06 00:00:00.000000',1000,93,'<p>Transport</p>','Nkalubo Dickson','2025-01-17 10:17:51',7,130);
INSERT INTO `expenses` VALUES (605,'Mortocycle repair','2024-09-08 00:00:00.000000',3000,97,'<p>Motorcycle repair</p>','Nkalubo Dickson','2025-01-17 10:20:07',7,130);
INSERT INTO `expenses` VALUES (606,'Sunday allowances','2024-09-08 00:00:00.000000',5000,111,'<p>sunday allowances</p>','Nkalubo Dickson','2025-01-17 10:24:11',7,130);
INSERT INTO `expenses` VALUES (607,'Brocker(Karema)','2024-09-08 00:00:00.000000',50000,110,'<p>Brocker</p>','Nkalubo Dickson','2025-01-17 10:25:56',7,130);
INSERT INTO `expenses` VALUES (608,'Mopper(Mbadifa)','2024-09-09 00:00:00.000000',10000,133,'<p>Mopper(MBADIFA)</p>','Nkalubo Dickson','2025-01-17 10:28:16',7,130);
INSERT INTO `expenses` VALUES (609,'Sunday allowance','2024-09-09 00:00:00.000000',5000,111,'<p>Sunday allowance</p>','Nkalubo Dickson','2025-01-17 10:31:09',7,130);
INSERT INTO `expenses` VALUES (610,'Padlocks','2024-09-09 00:00:00.000000',40000,124,'<p>Padlock</p>','Nkalubo Dickson','2025-01-17 10:33:26',7,130);
INSERT INTO `expenses` VALUES (611,'Hospitality','2024-09-09 00:00:00.000000',2000,123,'<p>Hospitality</p>','Nkalubo Dickson','2025-01-17 10:36:02',7,130);
INSERT INTO `expenses` VALUES (612,'Flex pay charges','2024-09-09 00:00:00.000000',100,125,'<p>Flexipay</p>','Nkalubo Dickson','2025-01-17 11:12:36',7,130);
INSERT INTO `expenses` VALUES (613,'Chairman token(mile 2)','2024-09-10 00:00:00.000000',10000,96,'<p>Chairman token</p>','Nkalubo Dickson','2025-01-17 11:15:30',7,130);
INSERT INTO `expenses` VALUES (614,'Bank charges','2024-09-11 00:00:00.000000',11900,117,'<p>Bank charges</p>','Nkalubo Dickson','2025-01-17 11:17:05',7,130);
INSERT INTO `expenses` VALUES (615,'Loan repayment(Lasborn)','2024-09-11 00:00:00.000000',1800000,134,'<p>Loan repayment</p>','Nkalubo Dickson','2025-01-17 11:18:52',7,130);
INSERT INTO `expenses` VALUES (616,'Tuition (Global)','2024-09-11 00:00:00.000000',800000,135,'<p>Tuition</p>','Nkalubo Dickson','2025-01-17 11:20:59',7,130);
INSERT INTO `expenses` VALUES (617,'Office electricity','2024-09-11 00:00:00.000000',20000,94,'<p>Office electricity</p>','Nkalubo Dickson','2025-01-17 11:25:49',7,130);
INSERT INTO `expenses` VALUES (618,'Transport','2024-09-12 00:00:00.000000',2000,93,'<p>transport</p>','Nkalubo Dickson','2025-01-17 11:27:27',7,130);
INSERT INTO `expenses` VALUES (619,'Mortocycle chains','2024-09-13 00:00:00.000000',40000,97,'<p>Motorcycle chains</p>','Nkalubo Dickson','2025-01-17 11:28:42',7,130);
INSERT INTO `expenses` VALUES (620,'Mortor cycle padlocks','2024-09-13 00:00:00.000000',20000,124,'<p>motorcycle padlocks</p>','Nkalubo Dickson','2025-01-17 11:30:01',7,130);
INSERT INTO `expenses` VALUES (621,'Office electricity','2024-09-14 00:00:00.000000',20000,94,'<p>office electricity</p>','Nkalubo Dickson','2025-01-17 11:31:06',7,130);
INSERT INTO `expenses` VALUES (622,'NSSF','2024-09-14 00:00:00.000000',290000,136,'<p>NSSF</p>','Nkalubo Dickson','2025-01-17 11:33:00',7,130);
INSERT INTO `expenses` VALUES (623,'Filling data','2024-09-14 00:00:00.000000',5000,137,'<p>Filling data</p>','Nkalubo Dickson','2025-01-17 11:35:14',7,130);
INSERT INTO `expenses` VALUES (624,'Mortocycle repair','2024-09-14 00:00:00.000000',8000,97,'<p>MORTOCYCLE REPAIR</p>','Nkalubo Dickson','2025-01-17 11:36:10',7,130);
INSERT INTO `expenses` VALUES (625,'Brocker','2024-09-16 00:00:00.000000',10000,110,'<p>Brocker</p>','Nkalubo Dickson','2025-01-17 11:37:23',7,130);
INSERT INTO `expenses` VALUES (626,'Withdraw charges','2024-09-16 00:00:00.000000',5000,102,'<p>Withdraw charges</p>','Nkalubo Dickson','2025-01-17 11:38:36',7,130);
INSERT INTO `expenses` VALUES (627,'Deposit (shelves)','2024-09-16 00:00:00.000000',300000,138,'<p>Deposit(shelves)</p>','Nkalubo Dickson','2025-01-17 11:40:23',7,130);
INSERT INTO `expenses` VALUES (628,'Token chairman(Rwemirizi)','2024-09-16 00:00:00.000000',20000,96,'<p>Token chairman(Rwemirizi)</p>','Nkalubo Dickson','2025-01-17 11:42:53',7,130);
INSERT INTO `expenses` VALUES (629,'Mortocycle tube','2024-09-16 00:00:00.000000',12000,97,'<p>Motorcycle tube</p>','Nkalubo Dickson','2025-01-17 11:44:04',7,130);
INSERT INTO `expenses` VALUES (630,'Brockers','2025-09-18 00:00:00.000000',15000,110,'<p>Brocker</p>','Nkalubo Dickson','2025-01-17 11:45:35',7,130);
INSERT INTO `expenses` VALUES (631,'Brockers','2024-09-19 00:00:00.000000',40000,110,'<p>broker</p>','Nkalubo Dickson','2025-01-17 11:46:51',7,130);
INSERT INTO `expenses` VALUES (632,'Transport','2025-09-19 00:00:00.000000',2000,93,'<p>Transport</p>','Nkalubo Dickson','2025-01-17 11:48:59',7,130);
INSERT INTO `expenses` VALUES (633,'Brockers','2024-09-20 00:00:00.000000',20000,110,'<p>Brocker</p>','Nkalubo Dickson','2025-01-17 11:57:02',7,130);
INSERT INTO `expenses` VALUES (634,'Transport&fuel','2024-09-20 00:00:00.000000',8000,93,'<p>Transport&amp;fuel</p>','Nkalubo Dickson','2025-01-17 11:58:07',7,130);
INSERT INTO `expenses` VALUES (635,'Uniform','2024-09-20 00:00:00.000000',35000,139,'<p>Uniform</p>','Nkalubo Dickson','2025-01-17 12:03:37',7,130);
INSERT INTO `expenses` VALUES (636,'Lunch(Hope)','2024-09-20 00:00:00.000000',4000,116,'<p>Lunch</p>','Nkalubo Dickson','2025-01-17 12:36:24',7,130);
INSERT INTO `expenses` VALUES (637,'Blockers','2024-09-21 00:00:00.000000',30000,110,'<p>Blockers</p>','Nkalubo Dickson','2025-01-17 12:40:32',7,130);
INSERT INTO `expenses` VALUES (638,'Transport','2024-09-21 00:00:00.000000',19000,93,'<p>Transport</p>','Nkalubo Dickson','2025-01-17 12:44:03',7,130);
INSERT INTO `expenses` VALUES (639,'Brockers','2024-09-21 00:00:00.000000',30000,110,'<p>Brockers</p>','Nkalubo Dickson','2025-01-18 05:36:29',7,130);
INSERT INTO `expenses` VALUES (640,'Transport','2024-09-21 00:00:00.000000',19000,93,'<p>Transport</p>','Nkalubo Dickson','2025-01-18 05:37:37',7,130);
INSERT INTO `expenses` VALUES (641,'Balance shelves','2024-09-21 00:00:00.000000',100000,140,'<p>Balance shelves</p>','Nkalubo Dickson','2025-01-18 05:39:13',7,130);
INSERT INTO `expenses` VALUES (642,'Fuel(Saverino)','2024-09-21 00:00:00.000000',10000,113,'<p>Fuel(Saverino)</p>','Nkalubo Dickson','2025-01-18 05:40:18',7,130);
INSERT INTO `expenses` VALUES (643,'Lunch(Hope)','2024-09-21 00:00:00.000000',5000,116,'<p>Lunch(Hope)</p>','Nkalubo Dickson','2025-01-18 05:42:10',7,130);
INSERT INTO `expenses` VALUES (644,'Brockers','2024-09-23 00:00:00.000000',30000,110,'<p>Brockers</p>','Nkalubo Dickson','2025-01-18 05:46:33',7,130);
INSERT INTO `expenses` VALUES (645,'Adverts(Radio West)','2024-09-23 00:00:00.000000',55000,141,'<p>Adverts(Radio West)</p>','Nkalubo Dickson','2025-01-18 05:52:51',7,130);
INSERT INTO `expenses` VALUES (646,'Funded requisition','2024-09-23 00:00:00.000000',584000,142,'<p>Funded requisition</p>','Nkalubo Dickson','2025-01-18 05:56:30',7,130);
INSERT INTO `expenses` VALUES (647,'Box file','2024-09-23 00:00:00.000000',5000,101,'<p>Box file</p>','Nkalubo Dickson','2025-01-18 05:57:41',7,130);
INSERT INTO `expenses` VALUES (648,'Consultancy fees','2024-09-23 00:00:00.000000',100000,143,'<p>Consultancy fees</p>','Nkalubo Dickson','2025-01-18 05:58:53',7,130);
INSERT INTO `expenses` VALUES (649,'Eviction costs','2024-09-24 00:00:00.000000',276500,144,'<p>Eviction costs</p>','Nkalubo Dickson','2025-01-18 06:00:41',7,130);
INSERT INTO `expenses` VALUES (650,'Sunday allowance','2024-09-25 00:00:00.000000',5000,111,'<p>Sunday allowance</p>','Nkalubo Dickson','2025-01-18 06:10:09',7,130);
INSERT INTO `expenses` VALUES (651,'Toilet papers','2024-09-25 00:00:00.000000',1500,145,'<p>Toilet papers</p>','Nkalubo Dickson','2025-01-18 06:14:25',7,130);
INSERT INTO `expenses` VALUES (652,'Padlock','2024-09-26 00:00:00.000000',10000,124,'<p>Padlock</p>','Nkalubo Dickson','2025-01-18 06:15:55',7,130);
INSERT INTO `expenses` VALUES (653,'Transport','2024-09-26 00:00:00.000000',2000,93,'<p>Transport</p>','Nkalubo Dickson','2025-01-18 06:17:04',7,130);
INSERT INTO `expenses` VALUES (654,'System messages','2024-09-26 00:00:00.000000',104000,118,'<p>System messages</p>','Nkalubo Dickson','2025-01-18 06:18:53',7,130);
INSERT INTO `expenses` VALUES (655,'Hospitality','2024-09-26 00:00:00.000000',2000,123,'<p>Hospitality</p>','Nkalubo Dickson','2025-01-18 06:20:13',7,130);
INSERT INTO `expenses` VALUES (656,'Toilet papers','2024-09-26 00:00:00.000000',1500,145,'<p>Toilet papers</p>','Nkalubo Dickson','2025-01-18 06:21:12',7,130);
INSERT INTO `expenses` VALUES (657,'Loan processing costs','2024-09-27 00:00:00.000000',310000,146,'<p>Loan processing costs</p>','Nkalubo Dickson','2025-01-18 06:25:51',7,130);
INSERT INTO `expenses` VALUES (658,'Transport','2024-09-27 00:00:00.000000',5000,93,'<p>Transport</p>','Nkalubo Dickson','2025-01-18 06:26:54',7,130);
INSERT INTO `expenses` VALUES (659,'System messages','2024-09-27 00:00:00.000000',104000,147,'<p>System messages</p>','Nkalubo Dickson','2025-01-18 06:32:35',7,130);
INSERT INTO `expenses` VALUES (660,'Brockers','2024-09-27 00:00:00.000000',20000,110,'<p>Brockers</p>','Nkalubo Dickson','2025-01-18 06:33:30',7,130);
INSERT INTO `expenses` VALUES (661,'Advance to Kerebu','2024-09-27 00:00:00.000000',80000,122,'<p>Advance to Kerebu</p>','Nkalubo Dickson','2025-01-18 06:35:24',7,130);
INSERT INTO `expenses` VALUES (662,'Flex pay charges','2024-09-28 00:00:00.000000',1000,125,'<p>Flex pay charges</p>','Nkalubo Dickson','2025-01-18 06:37:07',7,130);
INSERT INTO `expenses` VALUES (663,'Transport','2024-09-28 00:00:00.000000',2000,93,'<p>Transport</p>','Nkalubo Dickson','2025-01-18 06:37:48',7,130);
INSERT INTO `expenses` VALUES (664,'Sunday allowance','2024-09-28 00:00:00.000000',5000,111,'<p>Sunday allowance</p>','Nkalubo Dickson','2025-01-18 06:38:35',7,130);
INSERT INTO `expenses` VALUES (665,'Loan stamp fee','2024-09-30 00:00:00.000000',30000,134,'<p>Loan stamp fee</p>','Nkalubo Dickson','2025-01-18 06:40:08',7,130);
INSERT INTO `expenses` VALUES (666,'Mortocycle repair','2024-09-30 00:00:00.000000',3000,97,'<p>Mortocycle repair</p>','Nkalubo Dickson','2025-01-18 06:41:32',7,130);
INSERT INTO `expenses` VALUES (667,'Office  files','2024-09-30 00:00:00.000000',6000,101,'<p>Office&nbsp; files</p>','Nkalubo Dickson','2025-01-18 06:43:01',7,130);
INSERT INTO `expenses` VALUES (668,'Sunday allowance','2024-09-30 00:00:00.000000',10000,111,'<p>Sunday allowance</p>','Nkalubo Dickson','2025-01-18 06:43:56',7,130);
INSERT INTO `expenses` VALUES (669,'Brockers','2024-09-30 00:00:00.000000',10000,110,'<p>Brockers</p>','Nkalubo Dickson','2025-01-18 06:45:15',7,130);
INSERT INTO `expenses` VALUES (670,'Salaries','2023-09-30 00:00:00.000000',411000,109,'<p>Salaries</p>','Nkalubo Dickson','2025-01-18 06:46:36',7,130);
INSERT INTO `expenses` VALUES (671,'Ream of papers','2024-09-30 00:00:00.000000',16000,101,'<p>Ream of papers</p>','Nkalubo Dickson','2025-01-18 06:47:43',7,130);
INSERT INTO `expenses` VALUES (672,'System training data','2024-10-02 00:00:00.000000',20000,148,'<p>System training data</p>','Nkalubo Dickson','2025-01-18 06:50:04',7,130);
INSERT INTO `expenses` VALUES (673,'Brockers','2024-10-02 00:00:00.000000',20000,110,'<p>Brockers</p>','Nkalubo Dickson','2025-01-18 06:51:29',7,130);
INSERT INTO `expenses` VALUES (674,'Lunch','2024-10-02 00:00:00.000000',333000,115,'<p>Lunch</p>','Nkalubo Dickson','2025-01-18 06:52:35',7,130);
INSERT INTO `expenses` VALUES (675,'Trainer facilitation','2024-10-02 00:00:00.000000',20000,149,'<p>Trainer facilitation</p>','Nkalubo Dickson','2025-01-18 06:55:48',7,130);
INSERT INTO `expenses` VALUES (676,'Fuel','2024-10-02 00:00:00.000000',100000,113,'<p>Fuel</p>','Nkalubo Dickson','2025-01-18 06:56:47',7,130);
INSERT INTO `expenses` VALUES (677,'Airtime and data','2024-10-02 00:00:00.000000',415000,112,'<p>Airtime and data</p>','Nkalubo Dickson','2025-01-18 06:58:20',7,130);
INSERT INTO `expenses` VALUES (678,'Repairs','2024-10-02 00:00:00.000000',62000,97,'<p>Repairs</p>','Nkalubo Dickson','2025-01-18 06:59:23',7,130);
INSERT INTO `expenses` VALUES (679,'Calculator','2024-10-02 00:00:00.000000',40000,150,'<p>Calculator</p>','Nkalubo Dickson','2025-01-18 07:00:42',7,130);
INSERT INTO `expenses` VALUES (680,'Keyboard','2024-10-02 00:00:00.000000',20000,151,'<p>Keyboard</p>','Nkalubo Dickson','2025-01-18 07:04:21',7,130);
INSERT INTO `expenses` VALUES (681,'Meeting refreshments','2024-10-02 00:00:00.000000',6000,127,'<p>Meeting refreshments</p>','Nkalubo Dickson','2025-01-18 07:05:21',7,130);
INSERT INTO `expenses` VALUES (682,'Chairman token','2024-10-02 00:00:00.000000',20000,96,'<p>Chairman token</p>','Nkalubo Dickson','2025-01-18 07:06:06',7,130);
INSERT INTO `expenses` VALUES (683,'Transport ','2025-01-19 00:00:00.000000',2000,93,'<p>Transport to moreen&nbsp;</p>','Uwimbabazi Hope','2025-01-21 08:40:25',7,156);
INSERT INTO `expenses` VALUES (684,'Flexi pay','2025-01-19 00:00:00.000000',120000,138,'<p>By Nuwagaba John on 8th/jan</p>','Uwimbabazi Hope','2025-01-21 08:46:49',7,156);
INSERT INTO `expenses` VALUES (685,'Mortorcycle wash ','2025-01-19 00:00:00.000000',7000,119,'<p>By saverino&nbsp;</p>','Uwimbabazi Hope','2025-01-21 08:57:03',7,156);
INSERT INTO `expenses` VALUES (686,'Sunday allowance ','2025-01-19 00:00:00.000000',5000,111,'<p>By saverino&nbsp;</p>','Uwimbabazi Hope','2025-01-21 08:58:17',7,156);
INSERT INTO `expenses` VALUES (687,'Top up to Gaudius\'s payment ','2025-01-19 00:00:00.000000',446000,103,'<p>Given by saverino and used on 20th/01/25</p>','Uwimbabazi Hope','2025-01-21 09:03:17',7,156);
INSERT INTO `expenses` VALUES (688,'Top up to Arthur\'s payment ','2025-01-19 00:00:00.000000',410000,103,'<p>By Rodgers&nbsp;</p>','Uwimbabazi Hope','2025-01-21 09:05:28',7,156);
INSERT INTO `expenses` VALUES (689,'Blocker','2025-01-20 00:00:00.000000',15000,110,'<p>New tenant at clever and crispus premises (Rodgers)</p>','Uwimbabazi Hope','2025-01-21 09:08:37',7,156);
INSERT INTO `expenses` VALUES (690,'Sunday allowance ','2025-01-20 00:00:00.000000',5000,111,'<p>By Rodgers&nbsp;</p>','Uwimbabazi Hope','2025-01-21 09:10:00',7,156);
INSERT INTO `expenses` VALUES (691,'Top up to Arthur and resty','2025-01-19 00:00:00.000000',400000,103,'<p>By saverino&nbsp;</p>','Uwimbabazi Hope','2025-01-21 09:11:42',7,156);
INSERT INTO `expenses` VALUES (692,'Meeting refreshments ','2025-01-20 00:00:00.000000',9000,127,'<p>For Monday meeting 20th/01/2025</p>','Uwimbabazi Hope','2025-01-21 15:14:32',7,156);
INSERT INTO `expenses` VALUES (693,'Cleaning water','2025-01-20 00:00:00.000000',1000,95,'<p>Bought by Moreen&nbsp;</p>','Uwimbabazi Hope','2025-01-21 15:16:57',7,156);
INSERT INTO `expenses` VALUES (694,'Mortorcycle repair ','2025-01-21 00:00:00.000000',5000,97,'<p>Welding (saverino)</p>','Uwimbabazi Hope','2025-01-21 15:27:38',7,156);
INSERT INTO `expenses` VALUES (695,'Transport ','2025-01-21 00:00:00.000000',4000,93,'Given to kellen&nbsp;','Uwimbabazi Hope','2025-01-21 15:28:47',7,156);
INSERT INTO `expenses` VALUES (696,'Oil changing','2025-01-21 00:00:00.000000',21000,97,'<p>By saverino&nbsp;</p>','Uwimbabazi Hope','2025-01-21 15:29:46',7,156);
INSERT INTO `expenses` VALUES (697,'Transport ','2025-01-22 00:00:00.000000',3000,93,'<p>For Bravor and Moreen&nbsp;</p>','Uwimbabazi Hope','2025-01-22 14:00:43',7,156);
INSERT INTO `expenses` VALUES (698,'Motorcycle repair ','2025-01-22 00:00:00.000000',2000,97,'<p>Rodgers&nbsp;</p>','Uwimbabazi Hope','2025-01-22 14:01:31',7,156);
INSERT INTO `expenses` VALUES (699,'Transport ','2025-01-23 00:00:00.000000',14000,93,'<p>2,000 to moreen</p><p>2,000 to kellen</p><p>And</p><p>10,000 to a Boda Boda guy sent by Dickson to take kcb cheque</p>','Uwimbabazi Hope','2025-01-25 12:39:06',7,156);
INSERT INTO `expenses` VALUES (700,'Blocker ','2025-01-23 00:00:00.000000',20000,110,'<p>At Mandela premises by Rodgers&nbsp;</p>','Uwimbabazi Hope','2025-01-25 12:48:36',7,156);
INSERT INTO `expenses` VALUES (701,'Transport ','2025-01-24 00:00:00.000000',6000,93,'<p>By Moreen and Hope&nbsp;</p>','Uwimbabazi Hope','2025-01-25 12:49:24',7,156);
INSERT INTO `expenses` VALUES (702,'Motorcycle repair ','2025-01-24 00:00:00.000000',4000,97,'<p>By saverino&nbsp;</p>','Uwimbabazi Hope','2025-01-25 12:51:53',7,156);
INSERT INTO `expenses` VALUES (703,'Blocker ','2025-01-27 00:00:00.000000',10000,110,'<p>At onesmus\'s premises&nbsp;</p>','Uwimbabazi Hope','2025-01-28 06:19:19',7,156);
INSERT INTO `expenses` VALUES (704,'Transport ','2025-01-27 00:00:00.000000',6000,93,'<p>By Hope and moreen&nbsp;</p>','Uwimbabazi Hope','2025-01-28 06:20:05',7,156);
INSERT INTO `expenses` VALUES (705,'Motorcycle repair ','2025-01-27 00:00:00.000000',2000,97,'<p>By saverino&nbsp;</p>','Uwimbabazi Hope','2025-01-28 06:20:54',7,156);
INSERT INTO `expenses` VALUES (706,'Staff allowances ','2025-01-27 00:00:00.000000',298000,115,'<p>By Hope&nbsp;</p>','Uwimbabazi Hope','2025-01-28 06:23:24',7,156);
INSERT INTO `expenses` VALUES (707,'Fuel ','2025-01-27 00:00:00.000000',120000,113,'<p>Per week for 2 field officers&nbsp;</p>','Uwimbabazi Hope','2025-01-28 06:24:53',7,156);
INSERT INTO `expenses` VALUES (708,'Meeting refreshments ','2025-01-27 00:00:00.000000',10000,127,'<p>5 members attended</p>','Uwimbabazi Hope','2025-01-28 06:25:42',7,156);
INSERT INTO `expenses` VALUES (709,'Sunday allowance ','2025-01-26 00:00:00.000000',10000,111,'<p>Saverino and Rodgers&nbsp;</p>','Uwimbabazi Hope','2025-01-28 06:28:46',7,156);
INSERT INTO `expenses` VALUES (710,'Blocker ','2025-01-26 00:00:00.000000',10000,110,'<p>By Rodgers&nbsp;</p>','Uwimbabazi Hope','2025-01-28 06:30:35',7,156);
INSERT INTO `expenses` VALUES (711,'Office electricity ','2025-01-25 00:00:00.000000',20000,94,'<p>By Hope&nbsp;</p>','Uwimbabazi Hope','2025-01-28 06:31:46',7,156);
INSERT INTO `expenses` VALUES (712,'Blocker','2025-01-25 00:00:00.000000',30000,110,'<p>By both saverino and Rodgers&nbsp;</p>','Uwimbabazi Hope','2025-01-28 06:32:34',7,156);
INSERT INTO `expenses` VALUES (713,'Motorcycle repair ','2025-01-25 00:00:00.000000',25000,97,'<p>By saverino&nbsp;</p>','Uwimbabazi Hope','2025-01-28 06:33:14',7,156);
INSERT INTO `expenses` VALUES (714,'Transport ','2025-01-25 00:00:00.000000',4000,93,'<p>By Hope and Moreen&nbsp;</p>','Uwimbabazi Hope','2025-01-28 06:33:53',7,156);
INSERT INTO `expenses` VALUES (715,'Transport ','2025-01-28 00:00:00.000000',5000,93,'<p>Given to kellen&nbsp;</p>','Uwimbabazi Hope','2025-01-29 06:40:34',7,156);
INSERT INTO `expenses` VALUES (716,'Blocker ','2025-01-28 00:00:00.000000',20000,110,'<p>At kayiwa and mile 2</p>','Uwimbabazi Hope','2025-01-29 06:41:49',7,156);
INSERT INTO `expenses` VALUES (717,'Motorcycle repair ','2025-01-28 00:00:00.000000',6000,97,'<p>By Rodgers&nbsp;</p>','Uwimbabazi Hope','2025-01-29 06:42:41',7,156);
INSERT INTO `expenses` VALUES (718,'Staff salaries ','2025-01-29 00:00:00.000000',2495500,109,'<p>Paid through Ankole&nbsp;</p>','Uwimbabazi Hope','2025-02-04 05:58:45',7,156);
INSERT INTO `expenses` VALUES (719,'Staff salaries ','2025-01-29 00:00:00.000000',2495500,109,'<p>Paid through Ankole&nbsp;</p>','Uwimbabazi Hope','2025-02-04 06:00:03',7,156);
INSERT INTO `expenses` VALUES (720,'Transport ','2025-01-29 00:00:00.000000',2000,93,'<p>By Hope and Moreen&nbsp;</p>','Uwimbabazi Hope','2025-02-04 06:01:08',7,156);
INSERT INTO `expenses` VALUES (721,'Blocker ','2025-01-29 00:00:00.000000',10000,110,'<p>By Rodgers&nbsp;</p>','Uwimbabazi Hope','2025-02-04 06:01:59',7,156);
INSERT INTO `expenses` VALUES (722,'Broker ','2025-01-30 00:00:00.000000',30000,110,'<p>By Rodgers and Hope&nbsp;</p>','Uwimbabazi Hope','2025-02-04 06:04:02',7,156);
INSERT INTO `expenses` VALUES (723,'Uniform branding ','2025-01-30 00:00:00.000000',3000,139,'<p>By Ambrose&nbsp;</p>','Uwimbabazi Hope','2025-02-04 06:05:00',7,156);
INSERT INTO `expenses` VALUES (724,'Condolence','2025-01-31 00:00:00.000000',20000,123,'<p>Given to landlord Jacenta</p>','Uwimbabazi Hope','2025-02-04 06:06:45',7,156);
INSERT INTO `expenses` VALUES (725,'Water','2025-01-31 00:00:00.000000',50000,95,'<p>Paid to Shoplex</p>','Uwimbabazi Hope','2025-02-04 06:07:44',7,156);
INSERT INTO `expenses` VALUES (726,'Hand reciepts','2025-01-31 00:00:00.000000',52000,101,'<p>4 hand reciepts&nbsp;</p>','Uwimbabazi Hope','2025-02-04 06:09:09',7,156);
INSERT INTO `expenses` VALUES (727,'Broker ','2025-01-31 00:00:00.000000',10000,110,'<p>By Rodgers (new tenant at katete central)</p>','Uwimbabazi Hope','2025-02-04 06:10:56',7,156);
INSERT INTO `expenses` VALUES (728,'Transport ','2025-01-31 00:00:00.000000',4000,93,'<p>By Hope and kellen</p>','Uwimbabazi Hope','2025-02-04 06:12:02',7,156);
INSERT INTO `expenses` VALUES (729,'Broker ','2025-02-02 00:00:00.000000',20000,110,'<p>By Ambrose&nbsp;</p>','Uwimbabazi Hope','2025-02-04 06:15:03',7,156);
INSERT INTO `expenses` VALUES (730,'Motorcycle repair ','2025-02-02 00:00:00.000000',2000,97,'<p>By Ambrose&nbsp;</p>','Uwimbabazi Hope','2025-02-04 06:15:57',7,156);
INSERT INTO `expenses` VALUES (731,'Sunday allowance ','2025-02-02 00:00:00.000000',10000,111,'<p>By Rodgers and ambrose&nbsp;</p>','Uwimbabazi Hope','2025-02-04 06:16:37',7,156);
INSERT INTO `expenses` VALUES (732,'Staff allowances ','2025-02-03 00:00:00.000000',660000,115,'<p>Everyone&nbsp;</p>','Uwimbabazi Hope','2025-02-19 09:05:01',7,156);
INSERT INTO `expenses` VALUES (733,'Meeting refreshments ','2025-02-03 00:00:00.000000',12000,127,'<p>6 members were present&nbsp;</p>','Uwimbabazi Hope','2025-02-19 09:06:32',7,156);
INSERT INTO `expenses` VALUES (734,'Broker ','2025-02-03 00:00:00.000000',10000,110,'<p>Elly</p>','Uwimbabazi Hope','2025-02-24 08:15:24',7,156);
INSERT INTO `expenses` VALUES (735,'Transport ','2025-02-03 00:00:00.000000',9000,93,'<p>Moreen, kellen and hope&nbsp;</p>','Uwimbabazi Hope','2025-02-24 08:16:43',7,156);
INSERT INTO `expenses` VALUES (736,'Airtime and data','2025-02-04 00:00:00.000000',20000,112,'<p>To Bravor&nbsp;</p>','Uwimbabazi Hope','2025-02-24 08:17:41',7,156);
INSERT INTO `expenses` VALUES (737,'Airtime ','2025-02-04 00:00:00.000000',20000,112,'<p>For the landline&nbsp;</p>','Uwimbabazi Hope','2025-02-24 08:19:15',7,156);
INSERT INTO `expenses` VALUES (738,'Printer repair ','2025-02-04 00:00:00.000000',10000,97,'Printer&nbsp;','Uwimbabazi Hope','2025-02-24 08:20:25',7,156);
INSERT INTO `expenses` VALUES (739,'Broker ','2025-02-04 00:00:00.000000',30000,110,'<p>By Ambrose and Rodgers</p>','Uwimbabazi Hope','2025-02-24 08:21:56',7,156);
INSERT INTO `expenses` VALUES (740,'Transport ','2025-02-04 00:00:00.000000',1000,93,'<p>By moreen&nbsp;</p>','Uwimbabazi Hope','2025-02-24 08:23:55',7,156);
INSERT INTO `expenses` VALUES (741,'Plumbing ','2025-02-05 00:00:00.000000',17000,97,'<p>At MBADIFA</p>','Uwimbabazi Hope','2025-02-24 08:25:14',7,156);
INSERT INTO `expenses` VALUES (742,'Moppers and brushes','2025-02-05 00:00:00.000000',60000,133,'<p>At MBADIFA&nbsp;</p>','Uwimbabazi Hope','2025-02-24 08:26:32',7,156);
INSERT INTO `expenses` VALUES (743,'Cleaning water','2025-02-05 00:00:00.000000',1000,92,'<p>By moreen&nbsp;</p>','Uwimbabazi Hope','2025-02-24 08:27:17',7,156);
INSERT INTO `expenses` VALUES (744,'Motorcycle cable wash','2025-02-05 00:00:00.000000',1000,97,'<p>By Rodgers&nbsp;</p>','Uwimbabazi Hope','2025-02-24 08:28:25',7,156);
INSERT INTO `expenses` VALUES (745,'Broker ','2025-02-05 00:00:00.000000',20000,110,'<p>By Ambrose&nbsp;</p>','Uwimbabazi Hope','2025-02-24 08:29:13',7,156);
INSERT INTO `expenses` VALUES (746,'Transport ','2025-02-05 00:00:00.000000',5000,93,'<p>To kellen&nbsp;</p>','Uwimbabazi Hope','2025-02-24 08:29:55',7,156);
INSERT INTO `expenses` VALUES (747,'Payment for shelves ','2025-02-06 00:00:00.000000',100000,92,'The director\'s office&nbsp;','Uwimbabazi Hope','2025-02-24 08:39:03',7,156);
INSERT INTO `expenses` VALUES (748,'Transport ','2025-02-06 00:00:00.000000',6000,93,'<p>By Hope and Moreen&nbsp;</p>','Uwimbabazi Hope','2025-02-24 08:39:47',7,156);
INSERT INTO `expenses` VALUES (749,'Chair repair ','2025-02-07 00:00:00.000000',5000,92,'<p>Accountants chair</p>','Uwimbabazi Hope','2025-02-24 08:40:41',7,156);
INSERT INTO `expenses` VALUES (750,'Transport ','2025-02-07 00:00:00.000000',4000,93,'<p>By moreen and hope&nbsp;</p>','Uwimbabazi Hope','2025-02-24 08:41:22',7,156);
INSERT INTO `expenses` VALUES (751,'Motorcycle repair ','2025-02-07 00:00:00.000000',2000,97,'<p>By Ambrose&nbsp;</p>','Uwimbabazi Hope','2025-02-24 08:42:21',7,156);
INSERT INTO `expenses` VALUES (752,'Transport ','2025-02-08 00:00:00.000000',8000,93,'<p>By Kerebu and moreen&nbsp;</p>','Uwimbabazi Hope','2025-02-24 08:43:26',7,156);
INSERT INTO `expenses` VALUES (753,'Broker ','2025-02-08 00:00:00.000000',10000,110,'<p>By Rodgers&nbsp;</p>','Uwimbabazi Hope','2025-02-24 08:44:34',7,156);
INSERT INTO `expenses` VALUES (754,'Sunday allowance ','2025-02-09 00:00:00.000000',10000,111,'<p>Rodgers and ambrose&nbsp;</p>','Uwimbabazi Hope','2025-02-24 08:45:28',7,156);
INSERT INTO `expenses` VALUES (755,'Mortorcycle wash ','2025-02-09 00:00:00.000000',5000,97,'<p>Ambrose&nbsp;</p>','Uwimbabazi Hope','2025-02-24 08:46:42',7,156);
INSERT INTO `expenses` VALUES (756,'Motorcycle repair ','2025-02-10 00:00:00.000000',3000,97,'<p>By ambrose&nbsp;</p>','Uwimbabazi Hope','2025-02-24 08:47:24',7,156);
INSERT INTO `expenses` VALUES (757,'Ream of papers','2025-02-10 00:00:00.000000',32000,101,'<p>2 ream of papers&nbsp;</p>','Uwimbabazi Hope','2025-02-24 08:48:26',7,156);
INSERT INTO `expenses` VALUES (758,'Meeting refreshments ','2025-02-10 00:00:00.000000',10000,127,'<p>5 in attendance&nbsp;</p>','Uwimbabazi Hope','2025-02-24 08:49:07',7,156);
INSERT INTO `expenses` VALUES (759,'Transport ','2025-02-10 00:00:00.000000',4000,93,'<p>By moreen&nbsp;</p>','Uwimbabazi Hope','2025-02-24 08:49:59',7,156);
INSERT INTO `expenses` VALUES (760,'URSB','2025-02-10 00:00:00.000000',120000,100,'<p>By kellen&nbsp;</p>','Uwimbabazi Hope','2025-02-24 08:50:56',7,156);
INSERT INTO `expenses` VALUES (761,'Staff allowances ','2025-02-11 00:00:00.000000',388000,115,'<p>All staff members</p>','Uwimbabazi Hope','2025-02-24 08:59:24',7,156);
INSERT INTO `expenses` VALUES (762,'Garbage fee','2025-02-11 00:00:00.000000',1000,106,'<p>Shoplex</p>','Uwimbabazi Hope','2025-02-24 09:00:20',7,156);
INSERT INTO `expenses` VALUES (763,'Broker ','2025-02-11 00:00:00.000000',25000,110,'<p>By Rodgers and Hope&nbsp;</p>','Uwimbabazi Hope','2025-02-24 09:03:17',7,156);
INSERT INTO `expenses` VALUES (764,'Transport ','2025-02-11 00:00:00.000000',16000,93,'<p>By Kerebu, Bravor, hope, kellen and moreen&nbsp;</p>','Uwimbabazi Hope','2025-02-24 09:04:30',7,156);
INSERT INTO `expenses` VALUES (765,'Motorcycle repair ','2025-02-11 00:00:00.000000',5000,97,'<p>By Rodgers&nbsp;</p>','Uwimbabazi Hope','2025-02-24 09:05:52',7,156);
INSERT INTO `expenses` VALUES (766,'Toilet fee','2025-02-11 00:00:00.000000',20000,152,'<p>Shoplex&nbsp;</p>','Uwimbabazi Hope','2025-02-24 09:07:58',7,156);
INSERT INTO `expenses` VALUES (767,'Broker ','2025-02-12 00:00:00.000000',15000,110,'<p>By Rodgers and ambrose&nbsp;</p>','Uwimbabazi Hope','2025-02-24 09:28:18',7,156);
INSERT INTO `expenses` VALUES (768,'Transport ','2025-02-12 00:00:00.000000',2000,93,'<p>By moreen&nbsp;</p>','Uwimbabazi Hope','2025-02-24 09:28:50',7,156);
INSERT INTO `expenses` VALUES (769,'Withdraw charges','2025-02-13 00:00:00.000000',5000,102,'<p>By Rodgers&nbsp;</p>','Uwimbabazi Hope','2025-02-24 09:44:46',7,156);
INSERT INTO `expenses` VALUES (770,'Rent','2025-02-13 00:00:00.000000',100000,108,'<p>For the store</p>','Uwimbabazi Hope','2025-02-24 09:45:54',7,156);
INSERT INTO `expenses` VALUES (771,'Recovery fee','2025-02-13 00:00:00.000000',120000,98,'<p>By ambrose&nbsp;</p>','Uwimbabazi Hope','2025-02-24 09:47:42',7,156);
INSERT INTO `expenses` VALUES (772,'Motorcycle repair ','2025-02-13 00:00:00.000000',15000,97,'<p>By ambrose&nbsp;</p>','Uwimbabazi Hope','2025-02-24 09:48:35',7,156);
INSERT INTO `expenses` VALUES (773,'Filing data','2025-02-13 00:00:00.000000',20000,137,'<p>By Hope&nbsp;</p>','Uwimbabazi Hope','2025-02-24 09:49:20',7,156);
INSERT INTO `expenses` VALUES (774,'Transport ','2025-02-13 00:00:00.000000',2000,93,'<p>By moreen&nbsp;</p>','Uwimbabazi Hope','2025-02-24 09:50:10',7,156);
INSERT INTO `expenses` VALUES (775,'Returns ','2025-02-14 00:00:00.000000',322500,136,'<p>By Hope&nbsp;</p>','Uwimbabazi Hope','2025-02-24 09:52:32',7,156);
INSERT INTO `expenses` VALUES (776,'Broker ','2025-02-14 00:00:00.000000',20000,110,'<p>By ambrose&nbsp;</p>','Uwimbabazi Hope','2025-02-24 09:53:31',7,156);
INSERT INTO `expenses` VALUES (777,'Motorcycle repair ','2025-02-14 00:00:00.000000',70000,97,'<p>By Rodgers&nbsp;</p>','Uwimbabazi Hope','2025-02-24 09:54:12',7,156);
INSERT INTO `expenses` VALUES (778,'Transport ','2025-02-14 00:00:00.000000',3000,93,'<p>Hope&nbsp;</p>','Uwimbabazi Hope','2025-02-24 09:54:52',7,156);
INSERT INTO `expenses` VALUES (779,'Withdraw charges','2025-02-15 00:00:00.000000',5000,102,'<p>By Rodgers&nbsp;</p>','Uwimbabazi Hope','2025-02-24 09:55:53',7,156);
INSERT INTO `expenses` VALUES (780,'Returns URA','2025-02-15 00:00:00.000000',173500,121,'<p>By Hope&nbsp;</p>','Uwimbabazi Hope','2025-02-24 09:57:09',7,156);
INSERT INTO `expenses` VALUES (781,'Bank charges','2025-02-15 00:00:00.000000',2300,117,'<p>On ura returns&nbsp;</p>','Uwimbabazi Hope','2025-02-24 09:58:04',7,156);
INSERT INTO `expenses` VALUES (782,'Motorcycle repair ','2025-02-15 00:00:00.000000',14000,97,'<p>By Rodgers and ambrose&nbsp;</p>','Uwimbabazi Hope','2025-02-24 09:58:54',7,156);
INSERT INTO `expenses` VALUES (783,'Transport ','2025-02-15 00:00:00.000000',4000,93,'<p>By Bravor and hope&nbsp;</p>','Uwimbabazi Hope','2025-02-24 09:59:44',7,156);
INSERT INTO `expenses` VALUES (784,'Withdraw charges','2025-02-16 00:00:00.000000',7000,102,'<p>By Rodgers&nbsp;</p>','Uwimbabazi Hope','2025-02-24 10:06:37',7,156);
INSERT INTO `expenses` VALUES (785,'Sunday allowance ','2025-02-16 00:00:00.000000',5000,111,'<p>By rodgers&nbsp;</p>','Uwimbabazi Hope','2025-02-24 10:07:26',7,156);
INSERT INTO `expenses` VALUES (786,'Broker ','2025-02-16 00:00:00.000000',10000,110,'<p>By Rodgers&nbsp;</p>','Uwimbabazi Hope','2025-02-24 10:08:23',7,156);
INSERT INTO `expenses` VALUES (787,'Transport ','2025-02-17 00:00:00.000000',8000,93,'<p>By Hope and Moreen&nbsp;</p>','Uwimbabazi Hope','2025-02-24 10:09:29',7,156);
INSERT INTO `expenses` VALUES (788,'Broker ','2025-02-17 00:00:00.000000',25000,110,'<p>By ambrose&nbsp;</p>','Uwimbabazi Hope','2025-02-24 10:10:33',7,156);
INSERT INTO `expenses` VALUES (789,'Sunday allowance ','2025-02-17 00:00:00.000000',5000,111,'<p>By ambrose&nbsp;</p>','Uwimbabazi Hope','2025-02-24 10:11:16',7,156);
INSERT INTO `expenses` VALUES (790,'Meeting refreshments ','2025-02-17 00:00:00.000000',10000,127,'<p>5 attending&nbsp;</p>','Uwimbabazi Hope','2025-02-24 10:12:16',7,156);
INSERT INTO `expenses` VALUES (791,'Office electricity ','2025-02-17 00:00:00.000000',20000,94,'By Hope&nbsp;','Uwimbabazi Hope','2025-02-24 10:20:20',7,156);
INSERT INTO `expenses` VALUES (792,'Motorcycle punch','2025-02-17 00:00:00.000000',2000,97,'<p>By Rodgers&nbsp;</p>','Uwimbabazi Hope','2025-02-24 10:21:27',7,156);
INSERT INTO `expenses` VALUES (793,'Paper receipts ','2025-02-17 00:00:00.000000',30000,153,'<p>By Bravor&nbsp;</p>','Uwimbabazi Hope','2025-02-24 10:24:16',7,156);
INSERT INTO `expenses` VALUES (794,'Staff allowances ','2025-02-18 00:00:00.000000',300000,115,'<p>Only 7 members&nbsp;</p>','Uwimbabazi Hope','2025-02-24 10:28:14',7,156);
INSERT INTO `expenses` VALUES (795,'Seals ','2025-02-17 00:00:00.000000',36000,129,'<p>2 packets</p>','Uwimbabazi Hope','2025-02-24 10:37:25',7,156);
INSERT INTO `expenses` VALUES (796,'Cleaning water','2025-02-18 00:00:00.000000',1000,95,'<p>2 jerrycan</p>','Uwimbabazi Hope','2025-02-27 13:27:19',7,156);
INSERT INTO `expenses` VALUES (797,'Motorcycle rag','2025-02-18 00:00:00.000000',3000,97,'<p>By ambrose&nbsp;</p>','Uwimbabazi Hope','2025-02-27 13:32:34',7,156);
INSERT INTO `expenses` VALUES (798,'Transport ','2025-02-18 00:00:00.000000',6000,93,'<p>By kellen and moreen&nbsp;</p>','Uwimbabazi Hope','2025-02-27 13:34:01',7,156);
INSERT INTO `expenses` VALUES (799,'Broker ','2025-02-19 00:00:00.000000',10000,110,'<p>By ambrose&nbsp;</p>','Uwimbabazi Hope','2025-02-27 13:34:46',7,156);
INSERT INTO `expenses` VALUES (800,'Transport ','2025-02-19 00:00:00.000000',6000,93,'<p>By moreen and hope&nbsp;</p>','Uwimbabazi Hope','2025-02-27 13:35:52',7,156);
INSERT INTO `expenses` VALUES (801,'Box file ','2025-02-18 00:00:00.000000',5000,101,'<p>For a new premise (Isaac)</p>','Uwimbabazi Hope','2025-02-27 13:39:47',7,156);
INSERT INTO `expenses` VALUES (802,'Withdraw charges ','2025-02-19 00:00:00.000000',3000,102,'<p>By ambrose&nbsp;</p>','Uwimbabazi Hope','2025-02-27 13:41:09',7,156);
INSERT INTO `expenses` VALUES (803,'Motorcycle repair ','2025-02-20 00:00:00.000000',81000,97,'<p>By ambrose&nbsp;</p>','Uwimbabazi Hope','2025-02-27 14:12:15',7,156);
INSERT INTO `expenses` VALUES (804,'Staff allowances ','2025-02-20 00:00:00.000000',70000,115,'<p>For Dickson and Kerebu&nbsp;</p>','Uwimbabazi Hope','2025-02-27 14:13:34',7,156);
INSERT INTO `expenses` VALUES (805,'Broker ','2025-02-20 00:00:00.000000',20000,110,'<p>By Hope new tenant clever</p>','Uwimbabazi Hope','2025-02-27 14:15:09',7,156);
INSERT INTO `expenses` VALUES (806,'Transport ','2025-02-21 00:00:00.000000',10000,93,'<p>Kerebu and moreen&nbsp;</p>','Uwimbabazi Hope','2025-02-27 14:16:11',7,156);
INSERT INTO `expenses` VALUES (807,'Motorcycle repair ','2025-02-22 00:00:00.000000',40000,97,'<p>By Rodgers and ambrose&nbsp;</p>','Uwimbabazi Hope','2025-02-27 14:27:01',7,156);
INSERT INTO `expenses` VALUES (808,'Transport ','2025-02-22 00:00:00.000000',4000,93,'<p>Hope and moreen&nbsp;</p>','Uwimbabazi Hope','2025-02-27 14:28:04',7,156);
INSERT INTO `expenses` VALUES (809,'Withdraw charges','2025-02-24 00:00:00.000000',2000,102,'<p>By withdraw charges&nbsp;</p>','Uwimbabazi Hope','2025-02-27 14:29:22',7,156);
INSERT INTO `expenses` VALUES (810,'Motorcycle repair ','2025-02-24 00:00:00.000000',110000,97,'<p>By Rodgers and ambrose&nbsp;</p>','Uwimbabazi Hope','2025-02-27 14:31:13',7,156);
INSERT INTO `expenses` VALUES (811,'Broker ','2025-02-24 00:00:00.000000',20000,110,'<p>By ambrose&nbsp;</p>','Uwimbabazi Hope','2025-02-27 14:32:20',7,156);
INSERT INTO `expenses` VALUES (812,'Transport ','2025-02-24 00:00:00.000000',4000,93,'<p>By Hope and Moreen&nbsp;</p>','Uwimbabazi Hope','2025-02-27 14:34:18',7,156);
INSERT INTO `expenses` VALUES (813,'Broker ','2025-02-25 00:00:00.000000',20000,110,'<p>By Rodgers&nbsp;</p>','Uwimbabazi Hope','2025-02-27 14:37:18',7,156);
INSERT INTO `expenses` VALUES (814,'Hospitality ','2025-02-25 00:00:00.000000',10000,123,'<p>Reveland by Rodgers&nbsp;</p>','Uwimbabazi Hope','2025-02-27 14:38:39',7,156);
INSERT INTO `expenses` VALUES (815,'Withdraw charges','2025-02-25 00:00:00.000000',5000,102,'<p>By Rodgers&nbsp;</p>','Uwimbabazi Hope','2025-02-27 14:39:22',7,156);
INSERT INTO `expenses` VALUES (816,'Staff allowances ','2025-02-26 00:00:00.000000',388000,115,'<p>For all members&nbsp;</p>','Uwimbabazi Hope','2025-02-28 12:07:15',7,156);
INSERT INTO `expenses` VALUES (817,'Withdraw charges','2025-02-26 00:00:00.000000',5500,102,'<p>By Bravor&nbsp;</p>','Uwimbabazi Hope','2025-02-28 12:08:05',7,156);
INSERT INTO `expenses` VALUES (818,'Motorcycle repair ','2025-02-26 00:00:00.000000',17000,97,'<p>By Rodgers and ambrose&nbsp;</p>','Uwimbabazi Hope','2025-02-28 12:08:54',7,156);
INSERT INTO `expenses` VALUES (819,'Broker ','2025-02-26 00:00:00.000000',10000,110,'<p>By Rodgers&nbsp;</p>','Uwimbabazi Hope','2025-02-28 12:10:13',7,156);
INSERT INTO `expenses` VALUES (820,'Transport ','2025-02-26 00:00:00.000000',4000,93,'<p>By kellen&nbsp;</p>','Uwimbabazi Hope','2025-02-28 12:11:18',7,156);
INSERT INTO `expenses` VALUES (821,'Staples and envelopes ','2025-03-01 00:00:00.000000',12000,101,'Two packets of envelopes','Uwimbabazi Hope','2025-03-10 05:43:27',7,156);
INSERT INTO `expenses` VALUES (822,'Transport ','2025-03-01 00:00:00.000000',11000,93,'<p>For moreen and hope&nbsp;</p>','Uwimbabazi Hope','2025-03-10 05:57:25',7,156);
INSERT INTO `expenses` VALUES (823,' Broker','2025-02-27 00:00:00.000000',30000,110,'<p>By Hope and ambrose&nbsp;</p>','Uwimbabazi Hope','2025-03-10 09:35:13',7,156);
INSERT INTO `expenses` VALUES (824,'Motorcycle punch ','2025-02-28 00:00:00.000000',2000,97,'<p>By Rodgers&nbsp;</p>','Uwimbabazi Hope','2025-03-10 09:36:52',7,156);
INSERT INTO `expenses` VALUES (825,'Transport ','2025-02-27 00:00:00.000000',2000,93,'<p>By Hope&nbsp;</p>','Uwimbabazi Hope','2025-03-10 09:40:24',7,156);
INSERT INTO `expenses` VALUES (826,'Landline ','2025-03-01 00:00:00.000000',20000,112,'<p>At office&nbsp;</p>','Uwimbabazi Hope','2025-03-10 09:46:07',7,156);
INSERT INTO `expenses` VALUES (827,'Withdraw charges','2025-03-01 00:00:00.000000',7000,102,'<p>By kellen&nbsp;</p>','Uwimbabazi Hope','2025-03-10 09:47:02',7,156);
INSERT INTO `expenses` VALUES (828,'Sunday allowance ','2025-03-02 00:00:00.000000',5000,111,'<p>By ambrose&nbsp;</p>','Uwimbabazi Hope','2025-03-10 09:47:36',7,156);
INSERT INTO `expenses` VALUES (829,'Meeting refreshments ','2025-02-24 00:00:00.000000',9000,127,'<p>5 members</p>','Uwimbabazi Hope','2025-03-10 09:48:54',7,156);
INSERT INTO `expenses` VALUES (830,'Cleaning water','2025-03-03 00:00:00.000000',500,92,'<p>By moreen&nbsp;</p>','Uwimbabazi Hope','2025-03-10 09:58:52',7,156);
INSERT INTO `expenses` VALUES (831,'Broker ','2025-03-04 00:00:00.000000',20000,110,'<p>By Hope&nbsp;</p>','Uwimbabazi Hope','2025-03-10 10:05:33',7,156);
INSERT INTO `expenses` VALUES (832,'Transport ','2025-03-03 00:00:00.000000',10000,93,'<p>By Hope, kellen and moreen&nbsp;</p>','Uwimbabazi Hope','2025-03-10 10:22:56',7,156);
INSERT INTO `expenses` VALUES (833,'Sunday allowance ','2025-03-03 00:00:00.000000',5000,111,'<p>For Rodgers&nbsp;</p>','Uwimbabazi Hope','2025-03-13 19:37:30',7,156);
INSERT INTO `expenses` VALUES (834,'Motorcycle repair ','2025-03-04 00:00:00.000000',7000,97,'<p>By ambrose&nbsp;</p>','Uwimbabazi Hope','2025-03-14 10:52:38',7,156);
INSERT INTO `expenses` VALUES (835,'Quick books installation ','2025-03-04 00:00:00.000000',7000,112,'<p>By Hope&nbsp;</p>','Uwimbabazi Hope','2025-03-14 10:53:33',7,156);
INSERT INTO `expenses` VALUES (836,'Facilitation to Anthony ','2025-03-04 00:00:00.000000',6000,115,'<p>Daily&nbsp;</p>','Uwimbabazi Hope','2025-03-14 10:54:39',7,156);
INSERT INTO `expenses` VALUES (837,'Staff allowances ','2025-03-04 00:00:00.000000',358000,115,'<p>All members&nbsp;</p>','Uwimbabazi Hope','2025-03-14 10:55:34',7,156);
INSERT INTO `expenses` VALUES (838,'Transport ','2025-02-25 00:00:00.000000',7000,93,'<p>By Hope and Moreen&nbsp;</p>','Uwimbabazi Hope','2025-03-14 10:57:26',7,156);
INSERT INTO `expenses` VALUES (839,'Broker ','2025-03-05 00:00:00.000000',30000,110,'<p>By Rodgers and ambrose&nbsp;</p>','Uwimbabazi Hope','2025-03-14 10:58:32',7,156);
INSERT INTO `expenses` VALUES (840,'Facilitation to Anthony ','2025-03-05 00:00:00.000000',6000,115,'<p>By Hope&nbsp;</p>','Uwimbabazi Hope','2025-03-14 10:59:15',7,156);
INSERT INTO `expenses` VALUES (841,'Transport ','2025-03-05 00:00:00.000000',2000,93,'<p>By moreen&nbsp;</p>','Uwimbabazi Hope','2025-03-14 10:59:53',7,156);
INSERT INTO `expenses` VALUES (842,'Staff allowances ','2025-03-05 00:00:00.000000',284000,115,'<p>By Hope&nbsp;</p>','Uwimbabazi Hope','2025-03-14 11:00:35',7,156);
INSERT INTO `expenses` VALUES (843,'Broker ','2025-03-06 00:00:00.000000',10000,110,'<p>By Rodgers&nbsp;</p>','Uwimbabazi Hope','2025-03-14 11:01:20',7,156);
INSERT INTO `expenses` VALUES (844,'Facilitation to Anthony ','2025-03-06 00:00:00.000000',6000,115,'<p>By Hope&nbsp;</p>','Uwimbabazi Hope','2025-03-14 11:01:59',7,156);
INSERT INTO `expenses` VALUES (845,'Transport ','2025-03-06 00:00:00.000000',6000,93,'<p>By Hope and Moreen&nbsp;</p>','Uwimbabazi Hope','2025-03-14 11:11:40',7,156);
INSERT INTO `expenses` VALUES (846,'Cartridge refill ','2025-03-07 00:00:00.000000',20000,126,'<p>By Hope&nbsp;</p>','Uwimbabazi Hope','2025-03-14 11:12:49',7,156);
INSERT INTO `expenses` VALUES (847,'Ream of papers','2025-03-07 00:00:00.000000',32000,101,'<p>By Hope&nbsp;</p>','Uwimbabazi Hope','2025-03-14 11:13:31',7,156);
INSERT INTO `expenses` VALUES (848,'Transport ','2025-03-07 00:00:00.000000',2000,93,'<p>By moreen&nbsp;</p>','Uwimbabazi Hope','2025-03-14 11:14:12',7,156);
INSERT INTO `expenses` VALUES (849,'Facilitation to Anthony ','2025-03-07 00:00:00.000000',6000,115,'<p>By Hope&nbsp;</p>','Uwimbabazi Hope','2025-03-14 11:15:47',7,156);
INSERT INTO `expenses` VALUES (850,'Deposit charges','2025-03-08 00:00:00.000000',1000,125,'<p>By Rodgers&nbsp;</p>','Uwimbabazi Hope','2025-03-14 11:16:47',7,156);
INSERT INTO `expenses` VALUES (851,'Motorcycle wash ','2025-03-08 00:00:00.000000',7000,97,'<p>By Rodgers&nbsp;</p>','Uwimbabazi Hope','2025-03-14 11:18:50',7,156);
INSERT INTO `expenses` VALUES (852,'Broker ','2025-03-08 00:00:00.000000',20000,110,'<p>By Rodgers and ambrose&nbsp;</p>','Uwimbabazi Hope','2025-03-14 11:19:23',7,156);
INSERT INTO `expenses` VALUES (853,'Facilitation to Anthony ','2025-03-08 00:00:00.000000',6000,115,'<p>By Hope&nbsp;</p>','Uwimbabazi Hope','2025-03-14 11:19:58',7,156);
INSERT INTO `expenses` VALUES (854,'Transport ','2025-03-08 00:00:00.000000',10000,93,'<p>By Moreen, kellen and Bravor&nbsp;</p>','Uwimbabazi Hope','2025-03-14 11:21:19',7,156);
INSERT INTO `expenses` VALUES (855,'Sunday allowance ','2025-03-09 00:00:00.000000',10000,111,'<p>By Rodgers and ambrose&nbsp;</p>','Uwimbabazi Hope','2025-03-14 11:22:09',7,156);
INSERT INTO `expenses` VALUES (856,'Allowance','2025-03-09 00:00:00.000000',30000,115,'<p>To Dickson sent from kellen&nbsp;</p>','Uwimbabazi Hope','2025-03-14 11:23:27',7,156);
INSERT INTO `expenses` VALUES (857,'Motorcycle repair &wash','2025-03-09 00:00:00.000000',10000,97,'<p>By Rodgers and ambrose&nbsp;</p>','Uwimbabazi Hope','2025-03-14 11:24:12',7,156);
INSERT INTO `expenses` VALUES (858,'Meeting refreshments ','2025-03-10 00:00:00.000000',5000,127,'<p>For chapatis only&nbsp;</p>','Uwimbabazi Hope','2025-03-14 11:25:09',7,156);
INSERT INTO `expenses` VALUES (859,'Broker ','2025-03-10 00:00:00.000000',100000,110,'<p>By Hope (Ojok)</p>','Uwimbabazi Hope','2025-03-14 11:26:02',7,156);
INSERT INTO `expenses` VALUES (860,'Eviction costs','2025-03-10 00:00:00.000000',100000,144,'By kellen (Joab)','Uwimbabazi Hope','2025-03-14 11:27:20',7,156);
INSERT INTO `expenses` VALUES (861,'Panga sharpening ','2025-03-10 00:00:00.000000',2000,106,'<p>By moreen&nbsp;</p>','Uwimbabazi Hope','2025-03-14 11:28:52',7,156);
INSERT INTO `expenses` VALUES (862,'Facilitation to Anthony ','2025-03-10 00:00:00.000000',6000,115,'<p>By Hope&nbsp;</p>','Uwimbabazi Hope','2025-03-14 11:29:31',7,156);
INSERT INTO `expenses` VALUES (863,'Transport ','2025-03-10 00:00:00.000000',7000,93,'<p>By Moreen and Hope&nbsp;</p>','Uwimbabazi Hope','2025-03-14 11:30:28',7,156);
INSERT INTO `expenses` VALUES (864,'Staff allowances ','2025-03-11 00:00:00.000000',348000,115,'<p>All staff members&nbsp;</p>','Uwimbabazi Hope','2025-03-14 11:31:25',7,156);
INSERT INTO `expenses` VALUES (865,'Washroom repairs','2025-03-11 00:00:00.000000',25000,97,'<p>MBADIFA&nbsp;</p>','Uwimbabazi Hope','2025-03-14 11:32:14',7,156);
INSERT INTO `expenses` VALUES (866,'Motorcycle repair ','2025-03-11 00:00:00.000000',10000,97,'<p>By ambrose&nbsp;</p>','Uwimbabazi Hope','2025-03-14 11:32:47',7,156);
INSERT INTO `expenses` VALUES (867,'Garbage fee','2025-03-11 00:00:00.000000',1000,106,'<p>Shoplex&nbsp;</p>','Uwimbabazi Hope','2025-03-14 11:33:31',7,156);
INSERT INTO `expenses` VALUES (868,'Meeting refreshments ','2025-03-11 00:00:00.000000',5000,127,'<p>For tea</p>','Uwimbabazi Hope','2025-03-14 11:34:04',7,156);
INSERT INTO `expenses` VALUES (869,'Facilitation to Anthony ','2025-03-11 00:00:00.000000',6000,115,'<p>By Hope&nbsp;</p>','Uwimbabazi Hope','2025-03-14 11:34:40',7,156);
INSERT INTO `expenses` VALUES (870,'A pen','2025-03-11 00:00:00.000000',500,101,'<p>By kellen&nbsp;</p>','Uwimbabazi Hope','2025-03-14 11:35:16',7,156);
INSERT INTO `expenses` VALUES (871,'Transport ','2025-03-11 00:00:00.000000',6000,93,'<p>By Hope and Moreen&nbsp;</p>','Uwimbabazi Hope','2025-03-14 11:35:55',7,156);
INSERT INTO `expenses` VALUES (872,'Meeting refreshments ','2025-03-12 00:00:00.000000',130000,92,'<p>A meeting for field officers&nbsp;</p>','Uwimbabazi Hope','2025-03-14 11:36:45',7,156);
INSERT INTO `expenses` VALUES (873,'Postal address renewal ','2025-03-12 00:00:00.000000',80000,129,'<p>By Kerebu&nbsp;</p>','Uwimbabazi Hope','2025-03-14 11:38:40',7,156);
INSERT INTO `expenses` VALUES (874,'Transport ','2025-03-12 00:00:00.000000',10000,93,'<p>For transporting shelves</p>','Uwimbabazi Hope','2025-03-14 11:39:17',7,156);
INSERT INTO `expenses` VALUES (875,'Facilitation to Anthony ','2025-03-12 00:00:00.000000',6000,115,'<p>By Hope&nbsp;</p>','Uwimbabazi Hope','2025-03-14 11:39:46',7,156);
INSERT INTO `expenses` VALUES (876,'Motorcycle repair ','2025-03-13 00:00:00.000000',10000,97,'<p>By ambrose&nbsp;</p>','Uwimbabazi Hope','2025-03-14 11:40:17',7,156);
INSERT INTO `expenses` VALUES (877,'Facilitation to Anthony ','2025-03-13 00:00:00.000000',6000,115,'<p>By Hope&nbsp;</p>','Uwimbabazi Hope','2025-03-14 11:40:52',7,156);
INSERT INTO `expenses` VALUES (878,'Transport ','2025-03-13 00:00:00.000000',2000,93,'<p>By Moreen&nbsp;</p>','Uwimbabazi Hope','2025-03-14 11:41:40',7,156);
INSERT INTO `expenses` VALUES (879,'Transport ','2025-03-14 00:00:00.000000',2000,93,'<p>By Bravor&nbsp;</p>','Uwimbabazi Hope','2025-03-14 11:42:16',7,156);
INSERT INTO `expenses` VALUES (880,'Filing data ','2025-03-14 00:00:00.000000',20000,137,'<p>By Hope&nbsp;</p>','Uwimbabazi Hope','2025-03-18 08:07:53',7,156);
INSERT INTO `expenses` VALUES (881,'NSSF ','2025-03-14 00:00:00.000000',285000,136,'<p>By Hope&nbsp;</p>','Uwimbabazi Hope','2025-03-18 08:08:36',7,156);
INSERT INTO `expenses` VALUES (882,'URA ','2025-03-14 00:00:00.000000',172000,121,'<p>By Hope&nbsp;</p>','Uwimbabazi Hope','2025-03-18 08:09:47',7,156);
INSERT INTO `expenses` VALUES (883,'Bank charges','2025-03-14 00:00:00.000000',2000,117,'<p>For URA&nbsp;</p>','Uwimbabazi Hope','2025-03-18 08:10:24',7,156);
INSERT INTO `expenses` VALUES (884,'Water','2025-03-14 00:00:00.000000',1000,123,'<p>To landlord lamech</p>','Uwimbabazi Hope','2025-03-18 08:11:18',7,156);
INSERT INTO `expenses` VALUES (885,'Broker ','2025-03-14 00:00:00.000000',20000,110,'<p>By ambrose&nbsp;</p>','Uwimbabazi Hope','2025-03-18 08:11:57',7,156);
INSERT INTO `expenses` VALUES (886,'Facilitation to Anthony ','2025-03-14 00:00:00.000000',6000,115,'<p>By Hope&nbsp;</p>','Uwimbabazi Hope','2025-03-18 08:12:30',7,156);
INSERT INTO `expenses` VALUES (887,'Transport ','2025-03-14 00:00:00.000000',4000,93,'<p>By Hope and Bravor&nbsp;</p>','Uwimbabazi Hope','2025-03-18 08:13:36',7,156);
INSERT INTO `expenses` VALUES (888,'Rent','2025-03-15 00:00:00.000000',100000,108,'<p>For the store&nbsp;</p>','Uwimbabazi Hope','2025-03-18 08:15:31',7,156);
INSERT INTO `expenses` VALUES (889,'Motorcycle repair ','2025-03-15 00:00:00.000000',108000,97,'<p>By Rodgers&nbsp;</p>','Uwimbabazi Hope','2025-03-18 08:16:07',7,156);
INSERT INTO `expenses` VALUES (890,'Office electricity ','2025-03-15 00:00:00.000000',20000,94,'<p>By Hope&nbsp;</p>','Uwimbabazi Hope','2025-03-18 08:17:13',7,156);
INSERT INTO `expenses` VALUES (891,'C.P.U repair ','2025-03-15 00:00:00.000000',70000,97,'<p>By Hope&nbsp;</p>','Uwimbabazi Hope','2025-03-18 08:17:53',7,156);
INSERT INTO `expenses` VALUES (892,'Facilitation to Anthony ','2025-03-15 00:00:00.000000',6000,115,'<p>By Hope&nbsp;</p>','Uwimbabazi Hope','2025-03-18 08:18:41',7,156);
INSERT INTO `expenses` VALUES (893,'Transport ','2025-03-15 00:00:00.000000',3000,93,'<p>By Hope&nbsp;</p>','Uwimbabazi Hope','2025-03-18 08:19:37',7,156);
INSERT INTO `expenses` VALUES (894,'Sunday allowance ','2025-03-16 00:00:00.000000',5000,111,'<p>By ambrose&nbsp;</p>','Uwimbabazi Hope','2025-03-18 08:20:22',7,156);
INSERT INTO `expenses` VALUES (895,'Motorcycle repair ','2025-03-16 00:00:00.000000',15000,97,'<p>By ambrose&nbsp;</p>','Uwimbabazi Hope','2025-03-18 08:20:55',7,156);
INSERT INTO `expenses` VALUES (896,'Padlock ','2025-03-17 00:00:00.000000',2000,124,'<p>By Rodgers&nbsp;</p>','Uwimbabazi Hope','2025-03-28 08:07:32',7,156);
INSERT INTO `expenses` VALUES (897,'Broker ','2025-03-17 00:00:00.000000',20000,110,'<p>By Rodgers&nbsp;</p>','Uwimbabazi Hope','2025-03-28 08:08:54',7,156);
INSERT INTO `expenses` VALUES (898,'Motorcycle repair ','2025-03-17 00:00:00.000000',10000,97,'<p>By ambrose&nbsp;</p>','Uwimbabazi Hope','2025-03-28 08:09:37',7,156);
INSERT INTO `expenses` VALUES (899,'Transport ','2025-03-17 00:00:00.000000',1000,93,'<p>By moreen&nbsp;</p>','Uwimbabazi Hope','2025-03-28 08:10:22',7,156);
INSERT INTO `expenses` VALUES (900,'Facilitation to Anthony ','2025-03-18 00:00:00.000000',6000,115,'<p>By kellen&nbsp;</p>','Uwimbabazi Hope','2025-03-28 08:11:28',7,156);
INSERT INTO `expenses` VALUES (901,'Staff allowances ','2025-03-18 00:00:00.000000',252000,115,'<p>By kellen&nbsp;</p>','Uwimbabazi Hope','2025-03-28 08:12:51',7,156);
INSERT INTO `expenses` VALUES (902,'Broker ','2025-03-18 00:00:00.000000',15000,110,'<p>By Rodgers&nbsp;</p>','Uwimbabazi Hope','2025-03-28 08:13:45',7,156);
INSERT INTO `expenses` VALUES (903,'Shelves ','2025-03-18 00:00:00.000000',90000,140,'<p>By ambrose&nbsp;</p>','Uwimbabazi Hope','2025-03-28 08:14:55',7,156);
INSERT INTO `expenses` VALUES (904,'Motorcycle repair ','2025-03-18 00:00:00.000000',31000,97,'<p>By Ambrose&nbsp;</p>','Uwimbabazi Hope','2025-03-28 08:17:06',7,156);
INSERT INTO `expenses` VALUES (905,'Transport ','2025-03-18 00:00:00.000000',10000,93,'<p>Transportation of shelves</p>','Uwimbabazi Hope','2025-03-28 08:17:49',7,156);
INSERT INTO `expenses` VALUES (906,'Facilitation to Anthony ','2025-03-19 00:00:00.000000',6000,115,'<p>By ambrose&nbsp;</p>','Uwimbabazi Hope','2025-03-28 08:21:03',7,156);
INSERT INTO `expenses` VALUES (907,'Staff allowances ','2025-03-19 00:00:00.000000',130000,115,'<p>By ambrose and Bravor&nbsp;</p>','Uwimbabazi Hope','2025-03-28 08:21:47',7,156);
INSERT INTO `expenses` VALUES (908,'Transport ','2025-03-19 00:00:00.000000',5000,93,'<p>By moreen&nbsp;</p>','Uwimbabazi Hope','2025-03-28 08:22:46',7,156);
INSERT INTO `expenses` VALUES (909,'Motorcycle repair ','2025-03-20 00:00:00.000000',3000,97,'<p>By ambrose&nbsp;</p>','Uwimbabazi Hope','2025-03-28 08:23:42',7,156);
INSERT INTO `expenses` VALUES (910,'CRS','2025-03-20 00:00:00.000000',200000,98,'<p>Thanksgiving to Kananura Martin</p>','Uwimbabazi Hope','2025-03-28 08:26:04',7,156);
INSERT INTO `expenses` VALUES (911,'Broker ','2025-03-21 00:00:00.000000',20000,110,'<p>By ambrose&nbsp;</p>','Uwimbabazi Hope','2025-03-28 08:27:49',7,156);
INSERT INTO `expenses` VALUES (912,'Withdraw charges','2025-03-21 00:00:00.000000',3500,102,'<p>By ambrose&nbsp;</p>','Uwimbabazi Hope','2025-03-28 08:28:34',7,156);
INSERT INTO `expenses` VALUES (913,'Facilitation to Anthony ','2025-03-21 00:00:00.000000',12000,115,'<p>For 2 days ( 20th and 21st)</p>','Uwimbabazi Hope','2025-03-28 08:31:17',7,156);
INSERT INTO `expenses` VALUES (914,'Motorcycle repair ','2025-03-21 00:00:00.000000',2000,97,'<p>By ambrose&nbsp;</p>','Uwimbabazi Hope','2025-03-28 08:31:56',7,156);
INSERT INTO `expenses` VALUES (915,'Transport ','2025-03-21 00:00:00.000000',2000,93,'<p>By moreen&nbsp;</p>','Uwimbabazi Hope','2025-03-28 08:32:33',7,156);
INSERT INTO `expenses` VALUES (916,'Facilitation to Anthony ','2025-03-22 00:00:00.000000',6000,115,'<p>By Rodgers&nbsp;</p>','Uwimbabazi Hope','2025-03-28 08:33:12',7,156);
INSERT INTO `expenses` VALUES (917,'Sunday allowance ','2025-03-23 00:00:00.000000',10000,111,'<p>By Rodgers and ambrose&nbsp;</p>','Uwimbabazi Hope','2025-03-28 08:33:58',7,156);
INSERT INTO `expenses` VALUES (918,'Motorcycle repair ','2025-03-23 00:00:00.000000',9000,97,'<p>By ambrose&nbsp;</p>','Uwimbabazi Hope','2025-03-28 08:34:43',7,156);
INSERT INTO `expenses` VALUES (919,'Facilitation to Anthony ','2025-03-24 00:00:00.000000',6000,115,'<p>By Hope&nbsp;</p>','Uwimbabazi Hope','2025-03-28 08:39:20',7,156);
INSERT INTO `expenses` VALUES (920,'Broker ','2025-03-24 00:00:00.000000',15000,110,'<p>By Bravor&nbsp;</p>','Uwimbabazi Hope','2025-03-28 09:31:58',7,156);
INSERT INTO `expenses` VALUES (921,'Staff allowances ','2025-03-24 00:00:00.000000',388000,110,'<p>By Hope&nbsp;</p>','Uwimbabazi Hope','2025-03-28 09:32:35',7,156);
INSERT INTO `expenses` VALUES (922,'Transport ','2025-03-24 00:00:00.000000',4000,93,'<p>By moreen&nbsp;</p>','Uwimbabazi Hope','2025-03-28 09:33:08',7,156);
INSERT INTO `expenses` VALUES (923,'Withdraw charges','2025-03-25 00:00:00.000000',1000,102,'<p>By Rodgers&nbsp;</p>','Uwimbabazi Hope','2025-03-28 09:34:39',7,156);
INSERT INTO `expenses` VALUES (924,'Toilet fee','2025-03-25 00:00:00.000000',20000,152,'<p>Shoplex&nbsp;</p>','Uwimbabazi Hope','2025-03-28 09:35:22',7,156);
INSERT INTO `expenses` VALUES (925,'Facilitation to Anthony ','2025-03-25 00:00:00.000000',6000,115,'<p>By Hope&nbsp;</p>','Uwimbabazi Hope','2025-03-28 09:38:25',7,156);
INSERT INTO `expenses` VALUES (926,'Transport ','2025-03-25 00:00:00.000000',4000,93,'<p>By Hope&nbsp;</p>','Uwimbabazi Hope','2025-03-28 09:39:04',7,156);
INSERT INTO `expenses` VALUES (927,'Trading license ','2025-03-26 00:00:00.000000',287500,98,'<p>By Hope&nbsp;</p>','Uwimbabazi Hope','2025-03-28 10:29:15',7,156);
INSERT INTO `expenses` VALUES (928,'Bank charges','2025-03-26 00:00:00.000000',3000,117,'<p>For the trading license&nbsp;</p>','Uwimbabazi Hope','2025-03-28 10:30:02',7,156);
INSERT INTO `expenses` VALUES (929,'Facilitation to Anthony ','2025-03-26 00:00:00.000000',6000,115,'<p>By Hope&nbsp;</p>','Uwimbabazi Hope','2025-03-28 10:30:36',7,156);
INSERT INTO `expenses` VALUES (930,'Motorcycle repair ','2025-03-26 00:00:00.000000',2000,97,'<p>By Rodgers&nbsp;</p>','Uwimbabazi Hope','2025-03-28 10:31:12',7,156);
INSERT INTO `expenses` VALUES (931,'Transport ','2025-03-26 00:00:00.000000',4000,93,'<p>Moreen&nbsp;</p>','Uwimbabazi Hope','2025-03-28 10:31:57',7,156);
INSERT INTO `expenses` VALUES (932,'Withdraw charges','2025-03-27 00:00:00.000000',6500,102,'<p>By Rodgers and ambrose&nbsp;</p>','Uwimbabazi Hope','2025-03-29 09:01:06',7,156);
INSERT INTO `expenses` VALUES (933,'Bank statement fee','2025-03-27 00:00:00.000000',20000,98,'Ankole bank statements','Uwimbabazi Hope','2025-03-29 09:01:58',7,156);
INSERT INTO `expenses` VALUES (934,'Transport ','2025-03-27 00:00:00.000000',4000,93,'<p>By Hope&nbsp;</p>','Uwimbabazi Hope','2025-03-29 09:02:28',7,156);
INSERT INTO `expenses` VALUES (935,'Transport ','2025-03-28 00:00:00.000000',4000,93,'<p>By Moreen and Bravor&nbsp;</p>','Uwimbabazi Hope','2025-03-29 09:03:07',7,156);
INSERT INTO `expenses` VALUES (936,'Facilitation to Anthony ','2025-03-28 00:00:00.000000',12000,115,'<p>For 27th and 28th</p>','Uwimbabazi Hope','2025-03-29 09:05:38',7,156);
INSERT INTO `expenses` VALUES (937,'Motorcycle repair ','2025-03-28 00:00:00.000000',15000,97,'<p>By Rodgers&nbsp;</p>','Uwimbabazi Hope','2025-03-29 09:06:07',7,156);
INSERT INTO `expenses` VALUES (938,'Motorcycle repair ','2025-04-29 00:00:00.000000',5000,97,'<p>By ambrose&nbsp;</p>','Uwimbabazi Hope','2025-04-02 12:57:43',7,156);
INSERT INTO `expenses` VALUES (939,'Facilitation to Anthony ','2025-04-29 00:00:00.000000',6000,115,'<p>By Hope&nbsp;</p>','Uwimbabazi Hope','2025-04-02 13:01:30',7,156);
INSERT INTO `expenses` VALUES (940,'Transport ','2025-04-29 00:00:00.000000',5000,93,'<p>By moreen and hope&nbsp;</p>','Uwimbabazi Hope','2025-04-02 13:03:02',7,156);
INSERT INTO `expenses` VALUES (941,'Sunday allowance ','2025-03-30 00:00:00.000000',5000,111,'<p>By Rodgers&nbsp;</p>','Uwimbabazi Hope','2025-04-02 13:04:05',7,156);
INSERT INTO `expenses` VALUES (942,'Broker ','2025-03-31 00:00:00.000000',20000,110,'<p>By Bravor&nbsp;</p>','Uwimbabazi Hope','2025-04-02 13:05:41',7,156);
INSERT INTO `expenses` VALUES (943,'Meeting refreshments ','2025-03-31 00:00:00.000000',8000,127,'<p>By Rodgers&nbsp;</p>','Uwimbabazi Hope','2025-04-02 13:14:11',7,156);
INSERT INTO `expenses` VALUES (944,'Fa','2025-03-31 00:00:00.000000',6000,115,'<p>By Hope&nbsp;</p>','Uwimbabazi Hope','2025-04-02 13:15:47',7,156);
INSERT INTO `expenses` VALUES (945,'Transport ','2025-03-31 00:00:00.000000',1000,93,'<p>By Hope&nbsp;</p>','Uwimbabazi Hope','2025-04-02 13:16:45',7,156);
INSERT INTO `expenses` VALUES (946,'Shelve partitioning','2025-04-01 00:00:00.000000',50000,114,'<p>By Rodgers&nbsp;</p>','Uwimbabazi Hope','2025-04-02 13:22:48',7,156);
INSERT INTO `expenses` VALUES (947,'Motorcycle repair &wash','2025-04-01 00:00:00.000000',70000,97,'<p>By Rodgers&nbsp;</p>','Uwimbabazi Hope','2025-04-02 13:26:31',7,156);
INSERT INTO `expenses` VALUES (948,'Staff allowances ','2025-04-01 00:00:00.000000',120000,113,'<p>Fuel (ambrose, rodgers)</p>','Uwimbabazi Hope','2025-04-02 13:28:09',7,156);
INSERT INTO `expenses` VALUES (949,'Facilitation to Anthony ','2025-04-01 00:00:00.000000',6000,115,'<p>By Hope&nbsp;</p>','Uwimbabazi Hope','2025-04-02 14:37:19',7,156);
INSERT INTO `expenses` VALUES (950,'Ream of papers','2025-04-02 00:00:00.000000',16000,101,'<p>One ...by Hope&nbsp;</p>','Uwimbabazi Hope','2025-04-03 08:27:03',7,156);
INSERT INTO `expenses` VALUES (951,'Transport ','2025-04-02 00:00:00.000000',2000,93,'<p>By Hope&nbsp;</p>','Uwimbabazi Hope','2025-04-03 08:28:01',7,156);
INSERT INTO `expenses` VALUES (952,'Airtime ','2025-04-02 00:00:00.000000',22000,112,'<p>Landline airtime&nbsp;</p>','Uwimbabazi Hope','2025-04-03 08:31:53',7,156);
INSERT INTO `expenses` VALUES (953,'Data','2025-04-02 00:00:00.000000',2000,112,'<p>For quick books installation&nbsp;</p>','Uwimbabazi Hope','2025-04-03 08:32:48',7,156);
INSERT INTO `expenses` VALUES (954,'Mortorcycle bulb','2025-04-02 00:00:00.000000',2000,97,'<p>By Rodgers&nbsp;</p>','Uwimbabazi Hope','2025-04-03 08:34:11',7,156);
INSERT INTO `expenses` VALUES (955,'Hospitality ','2025-04-02 00:00:00.000000',1000,123,'<p>Water for hadiijah</p>','Uwimbabazi Hope','2025-04-03 08:41:32',7,156);
INSERT INTO `expenses` VALUES (956,'Broker ','2025-04-02 00:00:00.000000',20000,110,'<p>By Ambrose and Bravor&nbsp;</p>','Uwimbabazi Hope','2025-04-03 08:42:43',7,156);
INSERT INTO `expenses` VALUES (957,'Facilitation to Anthony ','2025-04-02 00:00:00.000000',6000,115,'<p>By Hope&nbsp;</p>','Uwimbabazi Hope','2025-04-03 08:45:41',7,156);
INSERT INTO `expenses` VALUES (958,'Transport ','2025-04-02 00:00:00.000000',2000,93,'<p>By Hope&nbsp;</p>','Uwimbabazi Hope','2025-04-03 08:50:06',7,156);
INSERT INTO `expenses` VALUES (959,'Transport ','2025-04-03 00:00:00.000000',4000,93,'<p>By Hope and Moreen&nbsp;</p>','Uwimbabazi Hope','2025-04-03 08:51:31',7,156);
INSERT INTO `expenses` VALUES (960,'Windows installation ','2025-04-03 00:00:00.000000',30000,114,'<p>Done by Andy nobert</p>','Uwimbabazi Hope','2025-04-03 08:53:00',7,156);
INSERT INTO `expenses` VALUES (961,'Broker ','2025-04-04 00:00:00.000000',15000,110,'<p>By Bravor&nbsp;</p>','Uwimbabazi Hope','2025-04-07 06:01:27',7,156);
INSERT INTO `expenses` VALUES (962,'Withdraw charges','2025-04-04 00:00:00.000000',2000,102,'<p>By ambrose&nbsp;</p>','Uwimbabazi Hope','2025-04-07 06:03:11',7,156);
INSERT INTO `expenses` VALUES (963,'Trip cards','2025-04-04 00:00:00.000000',50000,98,'<p>For 12 people&nbsp;</p>','Uwimbabazi Hope','2025-04-07 06:04:46',7,156);
INSERT INTO `expenses` VALUES (964,'Staff allowances ','2025-04-04 00:00:00.000000',528000,115,'<p>By Hope&nbsp;</p>','Uwimbabazi Hope','2025-04-07 06:06:46',7,156);
INSERT INTO `expenses` VALUES (965,'Expense book ','2025-04-04 00:00:00.000000',10000,114,'<p>2 books&nbsp;</p>','Uwimbabazi Hope','2025-04-07 06:07:58',7,156);
INSERT INTO `expenses` VALUES (966,'Facilitation to Anthony ','2025-04-04 00:00:00.000000',6000,115,'<p>By Hope&nbsp;</p>','Uwimbabazi Hope','2025-04-07 06:09:10',7,156);
INSERT INTO `expenses` VALUES (967,'Transport ','2025-04-04 00:00:00.000000',5000,93,'1k by kellen and 4k for the person who brought the trip cards&nbsp;','Uwimbabazi Hope','2025-04-07 06:12:26',7,156);
INSERT INTO `expenses` VALUES (968,'Trip ','2025-04-05 00:00:00.000000',1545000,98,'<p>Drinks-160,000.transportation-300,000.entrance fee-119,000.lunch-280,000.boat cruise -420,000.after party-144,000.Tips-30,000. Cake-40,000. Withdraw charges -8,475.sending fee-2,000, fuel -40,000</p>','Uwimbabazi Hope','2025-04-08 07:39:32',7,156);
INSERT INTO `expenses` VALUES (969,'Broker ','2025-04-05 00:00:00.000000',10000,110,'<p>By ambrose&nbsp;</p>','Uwimbabazi Hope','2025-04-08 07:45:53',7,156);
INSERT INTO `expenses` VALUES (970,'Motorcycle wash ','2025-04-05 00:00:00.000000',5000,97,'<p>By ambrose&nbsp;</p>','Uwimbabazi Hope','2025-04-08 07:46:59',7,156);
INSERT INTO `expenses` VALUES (971,'Broker ','2025-04-06 00:00:00.000000',30000,110,'<p>By Rodgers&nbsp;</p>','Uwimbabazi Hope','2025-04-08 07:50:18',7,156);
INSERT INTO `expenses` VALUES (972,'Sunday allowance ','2025-04-06 00:00:00.000000',5000,111,'<p>By Rodgers&nbsp;</p>','Uwimbabazi Hope','2025-04-08 07:51:33',7,156);
INSERT INTO `expenses` VALUES (973,'Broker ','2025-04-07 00:00:00.000000',15000,110,'<p>By Bravor&nbsp;</p>','Uwimbabazi Hope','2025-04-08 07:55:01',7,156);
INSERT INTO `expenses` VALUES (974,'Meeting refreshments ','2025-04-07 00:00:00.000000',7000,127,'<p>By Hope&nbsp;</p>','Uwimbabazi Hope','2025-04-08 08:05:44',7,156);
INSERT INTO `expenses` VALUES (975,'Motorcycle repair ','2025-04-07 00:00:00.000000',15000,97,'<p>By Rodgers&nbsp;</p>','Uwimbabazi Hope','2025-04-08 08:06:38',7,156);
INSERT INTO `expenses` VALUES (976,'Transport ','2025-04-07 00:00:00.000000',2000,93,'<p>By moreen and Bravor&nbsp;</p>','Uwimbabazi Hope','2025-04-08 08:07:24',7,156);
INSERT INTO `expenses` VALUES (977,'Transport ','2025-04-08 00:00:00.000000',2000,93,'<p>By Hope&nbsp;</p>','Uwimbabazi Hope','2025-04-08 08:08:01',7,156);
INSERT INTO `expenses` VALUES (978,'Broker ','2025-04-08 00:00:00.000000',10000,110,'<p>By Rodgers&nbsp;</p>','Uwimbabazi Hope','2025-04-09 13:18:06',7,156);
INSERT INTO `expenses` VALUES (979,'Receipt papers ','2025-04-08 00:00:00.000000',30000,101,'<p>By Bravor&nbsp;</p>','Uwimbabazi Hope','2025-04-09 13:18:56',7,156);
INSERT INTO `expenses` VALUES (980,'Transport ','2025-04-08 00:00:00.000000',4000,93,'<p>By Hope&nbsp;</p>','Uwimbabazi Hope','2025-04-09 13:19:36',7,156);
INSERT INTO `expenses` VALUES (981,'Staff allowances ','2025-04-09 00:00:00.000000',367000,115,'<p>All</p>','Uwimbabazi Hope','2025-04-25 15:15:49',7,156);
INSERT INTO `expenses` VALUES (982,'Transport ','2025-04-09 00:00:00.000000',4000,93,'<p>By Hope and Moreen&nbsp;</p>','Uwimbabazi Hope','2025-04-25 15:16:43',7,156);
INSERT INTO `expenses` VALUES (983,'Broker ','2025-04-09 00:00:00.000000',20000,110,'<p>By Bravor&nbsp;</p>','Uwimbabazi Hope','2025-04-25 15:18:43',7,156);
INSERT INTO `expenses` VALUES (984,'Transport ','2025-04-09 00:00:00.000000',2000,93,'<p>By Hope&nbsp;</p>','Uwimbabazi Hope','2025-04-25 15:19:09',7,156);
INSERT INTO `expenses` VALUES (985,'Office electricity ','2025-04-11 00:00:00.000000',20000,114,'<p>By Hope&nbsp;</p>','Uwimbabazi Hope','2025-04-25 15:20:18',7,156);
INSERT INTO `expenses` VALUES (986,'Withdraw charges','2025-04-11 00:00:00.000000',3000,102,'<p>By ambrose&nbsp;</p>','Uwimbabazi Hope','2025-04-25 15:21:24',7,156);
INSERT INTO `expenses` VALUES (987,'Cleaning water','2025-04-11 00:00:00.000000',1000,92,'<p>By Moreen&nbsp;</p>','Uwimbabazi Hope','2025-04-25 15:22:18',7,156);
INSERT INTO `expenses` VALUES (988,'Transport ','2025-04-11 00:00:00.000000',12000,93,'<p>By Hope kellen and moreen&nbsp;</p>','Uwimbabazi Hope','2025-04-25 15:46:04',7,156);
INSERT INTO `expenses` VALUES (989,'Withdraw charges','2025-04-12 00:00:00.000000',2000,102,'<p>By Rodgers&nbsp;</p>','Uwimbabazi Hope','2025-04-30 11:17:58',7,156);
INSERT INTO `expenses` VALUES (990,'Transport ','2025-04-12 00:00:00.000000',4000,93,'<p>By kellen&nbsp;</p>','Uwimbabazi Hope','2025-04-30 11:18:47',7,156);
INSERT INTO `expenses` VALUES (991,'Sunday allowance ','2025-04-13 00:00:00.000000',10000,111,'<p>By rodgers and ambrose&nbsp;</p>','Uwimbabazi Hope','2025-04-30 11:19:34',7,156);
INSERT INTO `expenses` VALUES (992,'Broker ','2025-04-13 00:00:00.000000',15000,110,'<p>By rodgers&nbsp;</p>','Uwimbabazi Hope','2025-04-30 11:20:25',7,156);
INSERT INTO `expenses` VALUES (993,'File','2025-04-14 00:00:00.000000',6000,101,'<p>For Laban</p>','Uwimbabazi Hope','2025-04-30 11:21:14',7,156);
INSERT INTO `expenses` VALUES (994,'Withdraw charges','2025-04-14 00:00:00.000000',3000,102,'<p>By rodgers&nbsp;</p>','Uwimbabazi Hope','2025-04-30 11:21:46',7,156);
INSERT INTO `expenses` VALUES (995,'Condolence','2025-04-15 00:00:00.000000',10000,123,'<p>By rodgers for Asha omari</p>','Uwimbabazi Hope','2025-04-30 11:22:41',7,156);
INSERT INTO `expenses` VALUES (996,'Staff allowances ','2025-04-15 00:00:00.000000',351000,115,'<p>By kellen&nbsp;</p>','Uwimbabazi Hope','2025-04-30 11:23:21',7,156);
INSERT INTO `expenses` VALUES (997,'NSSF ','2025-04-15 00:00:00.000000',285000,136,'<p>By kellen&nbsp;</p>','Uwimbabazi Hope','2025-04-30 11:24:23',7,156);
INSERT INTO `expenses` VALUES (998,'Paye','2025-04-15 00:00:00.000000',172000,121,'<p>By kellen for march&nbsp;</p>','Uwimbabazi Hope','2025-04-30 11:25:20',7,156);
INSERT INTO `expenses` VALUES (999,'Bank charges','2025-04-15 00:00:00.000000',3100,117,'<p>For ura returns&nbsp;</p>','Uwimbabazi Hope','2025-04-30 11:26:05',7,156);
INSERT INTO `expenses` VALUES (1000,'Broker ','2025-04-15 00:00:00.000000',10000,110,'<p>By ambrose&nbsp;</p>','Uwimbabazi Hope','2025-04-30 11:26:53',7,156);
INSERT INTO `expenses` VALUES (1001,'Transport ','2025-04-16 00:00:00.000000',4000,93,'<p>By moreen&nbsp;</p>','Uwimbabazi Hope','2025-04-30 11:28:32',7,156);
INSERT INTO `expenses` VALUES (1002,'Withdraw charges','2025-04-16 00:00:00.000000',2000,102,'<p>By ambrose&nbsp;</p>','Uwimbabazi Hope','2025-04-30 11:29:39',7,156);
INSERT INTO `expenses` VALUES (1003,'Garbage fee','2025-04-16 00:00:00.000000',1000,106,'<p>By kellen&nbsp;</p>','Uwimbabazi Hope','2025-04-30 11:30:18',7,156);
INSERT INTO `expenses` VALUES (1004,'Ream of papers','2025-04-17 00:00:00.000000',16000,101,'<p>By kellen&nbsp;</p>','Uwimbabazi Hope','2025-04-30 11:30:46',7,156);
INSERT INTO `expenses` VALUES (1005,'Allowance','2025-04-17 00:00:00.000000',21000,115,'<p>For Frank&nbsp;</p>','Uwimbabazi Hope','2025-04-30 11:31:19',7,156);
INSERT INTO `expenses` VALUES (1006,'Fuel','2025-04-17 00:00:00.000000',600000,113,'<p>For Kerebu&nbsp;</p>','Uwimbabazi Hope','2025-04-30 11:31:52',7,156);
INSERT INTO `expenses` VALUES (1007,'Rent','2025-04-17 00:00:00.000000',500000,108,'<p>Partial</p>','Uwimbabazi Hope','2025-04-30 11:32:31',7,156);
INSERT INTO `expenses` VALUES (1008,'Computer repair ','2025-04-17 00:00:00.000000',70000,97,'<p>By kellen&nbsp;</p>','Uwimbabazi Hope','2025-04-30 11:33:48',7,156);
INSERT INTO `expenses` VALUES (1009,'Withdraw charges','2025-04-18 00:00:00.000000',8000,102,'<p>By ambrose&nbsp;</p>','Uwimbabazi Hope','2025-04-30 11:34:32',7,156);
INSERT INTO `expenses` VALUES (1010,'Facilitation to Anthony ','2025-04-18 00:00:00.000000',6000,115,'<p>By rodgers&nbsp;</p>','Uwimbabazi Hope','2025-04-30 11:35:20',7,156);
INSERT INTO `expenses` VALUES (1011,'Motorcycle repair ','2025-04-18 00:00:00.000000',45000,97,'<p>By ambrose&nbsp;</p>','Uwimbabazi Hope','2025-04-30 11:36:16',7,156);
INSERT INTO `expenses` VALUES (1012,'Padlock ','2025-04-18 00:00:00.000000',5000,129,'<p>By ambrose&nbsp;</p>','Uwimbabazi Hope','2025-04-30 11:36:55',7,156);
INSERT INTO `expenses` VALUES (1013,'Sunday allowance ','2025-04-18 00:00:00.000000',5000,111,'<p>By rodgers&nbsp;</p>','Uwimbabazi Hope','2025-04-30 11:37:42',7,156);
INSERT INTO `expenses` VALUES (1014,'Transport ','2025-04-21 00:00:00.000000',4000,93,'<p>By kellen&nbsp;</p>','Uwimbabazi Hope','2025-04-30 11:38:13',7,156);
INSERT INTO `expenses` VALUES (1015,'Staff allowances ','2025-04-22 00:00:00.000000',378000,115,'<p>All</p>','Uwimbabazi Hope','2025-04-30 11:39:00',7,156);
INSERT INTO `expenses` VALUES (1016,'Filing data ','2025-04-22 00:00:00.000000',20000,137,'<p>By Hope&nbsp;</p>','Uwimbabazi Hope','2025-04-30 11:39:53',7,156);
INSERT INTO `expenses` VALUES (1017,'Withdraw charges','2025-04-22 00:00:00.000000',1000,93,'<p>By rodgers&nbsp;</p>','Uwimbabazi Hope','2025-04-30 11:40:47',7,156);
INSERT INTO `expenses` VALUES (1018,'Transport ','2025-04-22 00:00:00.000000',14000,93,'<p>By kellen, Bravor and Hope&nbsp;</p>','Uwimbabazi Hope','2025-04-30 11:41:26',7,156);
INSERT INTO `expenses` VALUES (1019,'Facilitation to kerebu','2025-04-23 00:00:00.000000',100000,93,'<p>For property acquisition&nbsp;</p>','Uwimbabazi Hope','2025-04-30 11:42:49',7,156);
INSERT INTO `expenses` VALUES (1020,'Motorcycle repair ','2025-04-23 00:00:00.000000',6000,97,'<p>By rodgers&nbsp;</p>','Uwimbabazi Hope','2025-04-30 11:43:26',7,156);
INSERT INTO `expenses` VALUES (1021,'Transport ','2025-04-23 00:00:00.000000',1000,93,'<p>By moreen&nbsp;</p>','Uwimbabazi Hope','2025-04-30 11:43:58',7,156);
INSERT INTO `expenses` VALUES (1022,'Meeting refreshments ','2025-04-23 00:00:00.000000',5000,127,'<p>By Hope&nbsp;</p>','Uwimbabazi Hope','2025-04-30 11:44:39',7,156);
INSERT INTO `expenses` VALUES (1023,'Cleaning water','2025-04-24 00:00:00.000000',1000,106,'<p>By moreen&nbsp;</p>','Uwimbabazi Hope','2025-04-30 11:45:18',7,156);
INSERT INTO `expenses` VALUES (1024,'Motorcycle repair ','2025-04-24 00:00:00.000000',4000,97,'<p>By ambrose&nbsp;</p>','Uwimbabazi Hope','2025-04-30 11:46:18',7,156);
INSERT INTO `expenses` VALUES (1025,'Parking fee','2025-04-24 00:00:00.000000',14000,98,'<p>By ambrose&nbsp;</p>','Uwimbabazi Hope','2025-04-30 11:47:04',7,156);
INSERT INTO `expenses` VALUES (1026,'Transport ','2025-04-24 00:00:00.000000',9000,93,'<p>By kellen and Moreen and Hope&nbsp;</p>','Uwimbabazi Hope','2025-04-30 11:47:43',7,156);
INSERT INTO `expenses` VALUES (1027,'Withdraw charges','2025-04-25 00:00:00.000000',2000,102,'<p>By ambrose&nbsp;</p>','Uwimbabazi Hope','2025-04-30 11:51:37',7,156);
INSERT INTO `expenses` VALUES (1028,'Allowance','2025-04-25 00:00:00.000000',3000,115,'<p>For javan</p>','Uwimbabazi Hope','2025-04-30 11:52:11',7,156);
INSERT INTO `expenses` VALUES (1029,'Broker ','2025-04-25 00:00:00.000000',10000,110,'<p>By rodgers&nbsp;</p>','Uwimbabazi Hope','2025-04-30 11:53:04',7,156);
INSERT INTO `expenses` VALUES (1030,'Padlock ','2025-04-25 00:00:00.000000',5000,129,'<p>By Bravor&nbsp;</p>','Uwimbabazi Hope','2025-04-30 11:53:51',7,156);
INSERT INTO `expenses` VALUES (1031,'Transport ','2025-04-25 00:00:00.000000',5000,93,'<p>By Bravor&nbsp;</p>','Uwimbabazi Hope','2025-04-30 11:54:24',7,156);
INSERT INTO `expenses` VALUES (1032,'Rent','2025-04-26 00:00:00.000000',550000,108,'<p>The remainder&nbsp;</p>','Uwimbabazi Hope','2025-04-30 11:55:07',7,156);
INSERT INTO `expenses` VALUES (1033,'Motorcycle wash ','2025-04-26 00:00:00.000000',7000,97,'<p>By rodgers&nbsp;</p>','Uwimbabazi Hope','2025-04-30 11:56:03',7,156);
INSERT INTO `expenses` VALUES (1034,'Withdraw charges','2025-04-26 00:00:00.000000',1000,102,'<p>By rodgers&nbsp;</p>','Uwimbabazi Hope','2025-04-30 11:56:31',7,156);
INSERT INTO `expenses` VALUES (1035,'Transport ','2025-04-26 00:00:00.000000',5000,93,'<p>By moreen and kellen&nbsp;</p>','Uwimbabazi Hope','2025-04-30 11:57:13',7,156);
INSERT INTO `expenses` VALUES (1036,'Airtime ','2025-04-27 00:00:00.000000',20000,112,'<p>Kerebu&nbsp;</p>','Uwimbabazi Hope','2025-05-22 09:22:22',7,156);
INSERT INTO `expenses` VALUES (1037,'Allowance','2025-04-27 00:00:00.000000',3000,115,'<p>Javan&nbsp;</p>','Uwimbabazi Hope','2025-05-22 09:24:19',7,156);
INSERT INTO `expenses` VALUES (1038,'Motorcycle repair ','2025-04-27 00:00:00.000000',80000,97,'<p>Ambrose&nbsp;</p>','Uwimbabazi Hope','2025-05-22 09:27:07',7,156);
INSERT INTO `expenses` VALUES (1039,'Broker ','2025-04-27 00:00:00.000000',25000,110,'<p>Rodger and ambrose&nbsp;</p>','Uwimbabazi Hope','2025-05-22 09:28:08',7,156);
INSERT INTO `expenses` VALUES (1040,'Box file','2025-04-27 00:00:00.000000',5000,101,'<p>Philemon Kampala&nbsp;</p>','Uwimbabazi Hope','2025-05-22 09:30:57',7,156);
INSERT INTO `expenses` VALUES (1041,'Sunday allowance ','2025-04-27 00:00:00.000000',5000,111,'<p>Ambrose&nbsp;</p>','Uwimbabazi Hope','2025-05-22 09:32:12',7,156);
INSERT INTO `expenses` VALUES (1042,'Rent','2025-04-27 00:00:00.000000',100000,108,'<p>Store</p>','Uwimbabazi Hope','2025-05-22 09:32:42',7,156);
INSERT INTO `expenses` VALUES (1043,'Omo','2025-04-27 00:00:00.000000',500,106,'<p>Moreen&nbsp;</p>','Uwimbabazi Hope','2025-05-22 09:33:21',7,156);
INSERT INTO `expenses` VALUES (1044,'Ream of papers','2025-04-27 00:00:00.000000',16000,101,'<p>Hope&nbsp;</p>','Uwimbabazi Hope','2025-05-22 09:34:43',7,156);
INSERT INTO `expenses` VALUES (1045,'Meeting refreshments ','2025-04-27 00:00:00.000000',5000,127,'<p>5 members&nbsp;</p>','Uwimbabazi Hope','2025-05-22 09:35:48',7,156);
INSERT INTO `expenses` VALUES (1046,'Staff allowances ','2025-04-30 00:00:00.000000',413000,115,'<p>All</p>','Uwimbabazi Hope','2025-05-22 09:36:46',7,156);
INSERT INTO `expenses` VALUES (1047,'Allowance','2025-04-30 00:00:00.000000',6000,115,'<p>Javan&nbsp;</p>','Uwimbabazi Hope','2025-05-22 09:37:16',7,156);
INSERT INTO `expenses` VALUES (1048,'Motorcycle repair ','2025-04-30 00:00:00.000000',12000,97,'<p>Ambrose&nbsp;</p>','Uwimbabazi Hope','2025-05-22 09:38:44',7,156);
INSERT INTO `expenses` VALUES (1049,'Transport ','2025-04-30 00:00:00.000000',8000,93,'<p>Hope and moreen&nbsp;</p>','Uwimbabazi Hope','2025-05-22 09:39:40',7,156);
INSERT INTO `expenses` VALUES (1050,'Padlock ','2025-05-01 00:00:00.000000',4000,124,'<p>Store&nbsp;</p>','Uwimbabazi Hope','2025-05-22 09:43:47',7,156);
INSERT INTO `expenses` VALUES (1051,'Staff salaries ','2025-05-01 00:00:00.000000',2267500,109,'<p>Hope&nbsp;</p>','Uwimbabazi Hope','2025-05-22 09:45:00',7,156);
INSERT INTO `expenses` VALUES (1052,'Withdraw charges','2025-05-01 00:00:00.000000',3000,102,'<p>Bravor and ambrose&nbsp;</p>','Uwimbabazi Hope','2025-05-22 09:59:06',7,156);
INSERT INTO `expenses` VALUES (1053,'Broker ','2025-05-01 00:00:00.000000',40000,110,'<p>Rodgers&nbsp;</p>','Uwimbabazi Hope','2025-05-22 09:59:37',7,156);
INSERT INTO `expenses` VALUES (1054,'Transport ','2025-05-01 00:00:00.000000',4000,93,'Kellen&nbsp;','Uwimbabazi Hope','2025-05-22 10:00:18',7,156);
INSERT INTO `expenses` VALUES (1055,'Office files','2025-05-01 00:00:00.000000',12000,101,'<p>12</p>','Uwimbabazi Hope','2025-05-22 10:00:52',7,156);
INSERT INTO `expenses` VALUES (1056,'Parking fee','2025-05-01 00:00:00.000000',50000,97,'<p>Rodger and ambrose&nbsp;</p>','Uwimbabazi Hope','2025-05-22 10:01:46',7,156);
INSERT INTO `expenses` VALUES (1057,'Withdraw charges','2025-05-02 00:00:00.000000',8000,102,'<p>Ambrose&nbsp;</p>','Uwimbabazi Hope','2025-05-22 10:02:24',7,156);
INSERT INTO `expenses` VALUES (1058,'Broker ','2025-05-02 00:00:00.000000',10000,110,'<p>Ambrose&nbsp;</p>','Uwimbabazi Hope','2025-05-22 10:03:10',7,156);
INSERT INTO `expenses` VALUES (1059,'Transport ','2025-05-02 00:00:00.000000',7000,93,'<p>Hope, moreen and kellen&nbsp;</p>','Uwimbabazi Hope','2025-05-22 10:04:41',7,156);
INSERT INTO `expenses` VALUES (1060,'Broker ','2025-05-03 00:00:00.000000',10000,110,'<p>Ambrose&nbsp;</p>','Uwimbabazi Hope','2025-05-22 10:05:13',7,156);
INSERT INTO `expenses` VALUES (1061,'Transport ','2025-05-03 00:00:00.000000',3000,93,'<p>Moreen&nbsp;</p>','Uwimbabazi Hope','2025-05-22 10:05:49',7,156);
INSERT INTO `expenses` VALUES (1062,'Liquid soap ','2025-05-03 00:00:00.000000',43000,106,'<p>Materials&nbsp;</p>','Uwimbabazi Hope','2025-05-22 10:06:46',7,156);
INSERT INTO `expenses` VALUES (1063,'Broker ','2025-05-04 00:00:00.000000',20000,110,'<p>Rodgers and Bravor&nbsp;</p>','Uwimbabazi Hope','2025-05-22 10:07:42',7,156);
INSERT INTO `expenses` VALUES (1064,'Sunday allowance ','2025-05-04 00:00:00.000000',5000,111,'<p>Rodgers&nbsp;</p>','Uwimbabazi Hope','2025-05-22 10:08:18',7,156);
INSERT INTO `expenses` VALUES (1065,'Transport ','2025-05-05 00:00:00.000000',14000,93,'<p>Kellen and Bravor&nbsp;</p>','Uwimbabazi Hope','2025-05-22 10:09:16',7,156);
INSERT INTO `expenses` VALUES (1066,'Withdraw charges','2025-05-05 00:00:00.000000',1000,102,'<p>Rodgers&nbsp;</p>','Uwimbabazi Hope','2025-05-22 10:09:52',7,156);
INSERT INTO `expenses` VALUES (1067,'Withdraw charges','2025-05-06 00:00:00.000000',1000,102,'<p>Rodgers&nbsp;</p>','Uwimbabazi Hope','2025-05-22 10:10:26',7,156);
INSERT INTO `expenses` VALUES (1068,'Broker ','2025-05-06 00:00:00.000000',15000,110,'<p>Rodgers&nbsp;</p>','Uwimbabazi Hope','2025-05-22 10:11:09',7,156);
INSERT INTO `expenses` VALUES (1069,'Staff salaries ','2025-05-06 00:00:00.000000',600000,109,'<p>Dickson&nbsp;</p>','Uwimbabazi Hope','2025-05-22 10:11:51',7,156);
INSERT INTO `expenses` VALUES (1070,'Transport ','2025-05-06 00:00:00.000000',7000,93,'<p>Hope moreen and kellen&nbsp;</p>','Uwimbabazi Hope','2025-05-22 10:12:36',7,156);
INSERT INTO `expenses` VALUES (1071,'Ream of papers','2025-05-07 00:00:00.000000',16000,101,'<p>1</p>','Uwimbabazi Hope','2025-05-22 10:13:46',7,156);
INSERT INTO `expenses` VALUES (1072,'Staff allowances ','2025-05-07 00:00:00.000000',543000,115,'<p>All</p>','Uwimbabazi Hope','2025-05-22 10:15:33',7,156);
INSERT INTO `expenses` VALUES (1073,'Withdraw charges','2025-05-07 00:00:00.000000',2000,102,'<p>Ambrose&nbsp;</p>','Uwimbabazi Hope','2025-05-22 10:17:10',7,156);
INSERT INTO `expenses` VALUES (1074,'Motorcycle repair ','2025-05-07 00:00:00.000000',23000,97,'<p>Ambrose and Rodgers&nbsp;</p>','Uwimbabazi Hope','2025-05-22 10:18:08',7,156);
INSERT INTO `expenses` VALUES (1075,'Airtime ','2025-05-07 00:00:00.000000',20000,112,'<p>Landline&nbsp;</p>','Uwimbabazi Hope','2025-05-22 10:18:52',7,156);
INSERT INTO `expenses` VALUES (1076,'Broker ','2025-05-07 00:00:00.000000',20000,110,'<p>Bravor&nbsp;</p>','Uwimbabazi Hope','2025-05-22 10:41:15',7,156);
INSERT INTO `expenses` VALUES (1077,'Cleaning water','2025-05-07 00:00:00.000000',1000,106,'<p>Moreen&nbsp;</p>','Uwimbabazi Hope','2025-05-22 10:41:58',7,156);
INSERT INTO `expenses` VALUES (1078,'Padlock ','2025-05-07 00:00:00.000000',15000,124,'<p>Rodgers&nbsp;</p>','Uwimbabazi Hope','2025-05-22 10:42:55',7,156);
INSERT INTO `expenses` VALUES (1079,'Transport ','2025-05-07 00:00:00.000000',5000,93,'<p>Hope and moreen&nbsp;</p>','Uwimbabazi Hope','2025-05-22 10:43:31',7,156);
INSERT INTO `expenses` VALUES (1080,'Office electricity ','2025-05-07 00:00:00.000000',20000,118,'<p>Hope&nbsp;</p>','Uwimbabazi Hope','2025-05-22 10:44:16',7,156);
INSERT INTO `expenses` VALUES (1081,'Withdraw charges','2025-05-07 00:00:00.000000',7300,102,'<p>Ambrose and kellen and Bravor&nbsp;</p>','Uwimbabazi Hope','2025-05-22 10:46:54',7,156);
INSERT INTO `expenses` VALUES (1082,'Broker ','2025-05-09 00:00:00.000000',15000,110,'<p>Ambrose&nbsp;</p>','Uwimbabazi Hope','2025-05-22 10:48:19',7,156);
INSERT INTO `expenses` VALUES (1083,'Transport ','2025-05-09 00:00:00.000000',2000,93,'<p>Moreen&nbsp;</p>','Uwimbabazi Hope','2025-05-22 10:49:29',7,156);
INSERT INTO `expenses` VALUES (1084,'Withdraw charges','2025-05-10 00:00:00.000000',1000,102,'<p>Kellen&nbsp;</p>','Uwimbabazi Hope','2025-05-23 05:49:53',7,156);
INSERT INTO `expenses` VALUES (1085,'Broker ','2025-05-10 00:00:00.000000',10000,110,'<p>Rodgers&nbsp;</p>','Uwimbabazi Hope','2025-05-23 13:35:31',7,156);
INSERT INTO `expenses` VALUES (1086,'Broker ','2025-05-10 00:00:00.000000',10000,110,'<p>Rodgers&nbsp;</p>','Uwimbabazi Hope','2025-05-23 13:37:05',7,156);
INSERT INTO `expenses` VALUES (1087,'Motorcycle repair ','2025-05-10 00:00:00.000000',4000,97,'<p>Ambrose&nbsp;</p>','Uwimbabazi Hope','2025-05-23 13:37:40',7,156);
INSERT INTO `expenses` VALUES (1088,'Sunday allowance ','2025-05-11 00:00:00.000000',5000,111,'<p>Ambrose&nbsp;</p>','Uwimbabazi Hope','2025-05-23 13:38:22',7,156);
INSERT INTO `expenses` VALUES (1089,'Kampala expenditure ','2025-05-12 00:00:00.000000',200000,129,'<p>Philemon\'s property in Kampala&nbsp;</p>','Uwimbabazi Hope','2025-05-23 13:41:08',7,156);
INSERT INTO `expenses` VALUES (1090,'Meeting refreshments ','2025-05-12 00:00:00.000000',5000,127,'<p>5 members&nbsp;</p>','Uwimbabazi Hope','2025-05-23 13:41:47',7,156);
INSERT INTO `expenses` VALUES (1091,'Receipt books ','2025-05-12 00:00:00.000000',26000,101,'<p>2 receipt books&nbsp;</p>','Uwimbabazi Hope','2025-05-23 13:42:41',7,156);
INSERT INTO `expenses` VALUES (1092,'Broker ','2025-05-12 00:00:00.000000',35000,110,'<p>By rodgers and ambrose&nbsp;</p>','Uwimbabazi Hope','2025-05-23 13:43:37',7,156);
INSERT INTO `expenses` VALUES (1093,'Transport ','2025-05-12 00:00:00.000000',4000,93,'<p>Hope and moreen&nbsp;</p>','Uwimbabazi Hope','2025-05-23 13:44:46',7,156);
INSERT INTO `expenses` VALUES (1094,'Garbage fee','2025-05-12 00:00:00.000000',1000,106,'<p>Shoplex&nbsp;</p>','Uwimbabazi Hope','2025-05-23 13:45:24',7,156);
INSERT INTO `expenses` VALUES (1095,'Broker ','2025-05-13 00:00:00.000000',10000,110,'<p>By rodgers&nbsp;</p>','Uwimbabazi Hope','2025-05-23 13:47:00',7,156);
INSERT INTO `expenses` VALUES (1096,'Transport ','2025-05-13 00:00:00.000000',6000,93,'<p>By moreen and kellen&nbsp;</p>','Uwimbabazi Hope','2025-05-23 13:47:44',7,156);
INSERT INTO `expenses` VALUES (1097,'Staples ','2025-05-13 00:00:00.000000',1000,101,'<p>One packet&nbsp;</p>','Uwimbabazi Hope','2025-05-23 13:48:28',7,156);
INSERT INTO `expenses` VALUES (1098,'Withdraw charges','2025-05-13 00:00:00.000000',2000,102,'<p>By ambrose&nbsp;</p>','Uwimbabazi Hope','2025-05-23 13:49:51',7,156);
INSERT INTO `expenses` VALUES (1099,'Staff allowances ','2025-05-14 00:00:00.000000',140000,115,'<p>All</p>','Uwimbabazi Hope','2025-05-23 13:51:12',7,156);
INSERT INTO `expenses` VALUES (1100,'Fuel ','2025-05-14 00:00:00.000000',120000,113,'<p>For Rodgers and ambrose&nbsp;</p>','Uwimbabazi Hope','2025-05-23 13:52:06',7,156);
INSERT INTO `expenses` VALUES (1101,'Withdraw charges','2025-05-14 00:00:00.000000',3000,102,'<p>By rodgers&nbsp;</p>','Uwimbabazi Hope','2025-05-23 13:53:35',7,156);
INSERT INTO `expenses` VALUES (1102,'Motorcycle repair ','2025-05-14 00:00:00.000000',10000,97,'<p>By ambrose&nbsp;</p>','Uwimbabazi Hope','2025-05-23 13:55:16',7,156);
INSERT INTO `expenses` VALUES (1103,'Rent','2025-05-14 00:00:00.000000',500000,108,'Half','Uwimbabazi Hope','2025-05-23 13:55:55',7,156);
INSERT INTO `expenses` VALUES (1104,'Toilet fee','2025-05-14 00:00:00.000000',40000,152,'<p>By Hope for two months&nbsp;</p>','Uwimbabazi Hope','2025-05-23 13:56:39',7,156);
INSERT INTO `expenses` VALUES (1105,'Transport ','2025-05-14 00:00:00.000000',4000,93,'<p>By Hope&nbsp;</p>','Uwimbabazi Hope','2025-05-23 13:58:23',7,156);
INSERT INTO `expenses` VALUES (1106,'Rent','2025-05-15 00:00:00.000000',100000,108,'<p>For the store</p>','Uwimbabazi Hope','2025-05-23 13:59:52',7,156);
INSERT INTO `expenses` VALUES (1107,'Broker ','2025-05-15 00:00:00.000000',20000,110,'<p>By kellen&nbsp;</p>','Uwimbabazi Hope','2025-05-23 14:00:30',7,156);
INSERT INTO `expenses` VALUES (1108,'Paye','2025-05-15 00:00:00.000000',172000,121,'<p>For April&nbsp;</p>','Uwimbabazi Hope','2025-05-23 14:03:03',7,156);
INSERT INTO `expenses` VALUES (1109,'NSSF ','2025-05-15 00:00:00.000000',285000,121,'<p>For April&nbsp;</p>','Uwimbabazi Hope','2025-05-23 14:05:02',7,156);
INSERT INTO `expenses` VALUES (1110,'Bank charges','2025-05-15 00:00:00.000000',2300,117,'<p>On paye</p>','Uwimbabazi Hope','2025-05-23 14:06:06',7,156);
INSERT INTO `expenses` VALUES (1111,'Transport ','2025-05-15 00:00:00.000000',8000,93,'<p>By Hope kellen and Moreen&nbsp;</p>','Uwimbabazi Hope','2025-05-23 14:09:17',7,156);
INSERT INTO `expenses` VALUES (1112,'Kampala expenditure ','2025-05-16 00:00:00.000000',24000,114,'<p>Sign posts</p>','Uwimbabazi Hope','2025-05-23 14:14:18',7,156);
INSERT INTO `expenses` VALUES (1113,'Kampala expenditure ','2025-05-16 00:00:00.000000',73000,129,'<p>Travel to Philemon\'s property in Kampala&nbsp;</p>','Uwimbabazi Hope','2025-05-23 14:24:58',7,156);
INSERT INTO `expenses` VALUES (1114,'Airtime and data','2025-05-16 00:00:00.000000',20000,112,'<p>Iculet</p>','Uwimbabazi Hope','2025-05-23 14:26:22',7,156);
INSERT INTO `expenses` VALUES (1115,'Broker ','2025-05-16 00:00:00.000000',25000,110,'<p>By rodgers and ambrose&nbsp;</p>','Uwimbabazi Hope','2025-05-23 14:27:09',7,156);
INSERT INTO `expenses` VALUES (1116,'Withdraw charges','2025-05-17 00:00:00.000000',1000,102,'<p>1000</p>','Uwimbabazi Hope','2025-05-23 14:28:18',7,156);
INSERT INTO `expenses` VALUES (1117,'Motorcycle repair ','2025-05-17 00:00:00.000000',55000,97,'<p>Rodgers&nbsp;</p>','Uwimbabazi Hope','2025-05-23 14:30:14',7,156);
INSERT INTO `expenses` VALUES (1118,'Transport ','2025-05-17 00:00:00.000000',4000,93,'<p>By moreen and hope&nbsp;</p>','Uwimbabazi Hope','2025-05-23 14:55:19',7,156);
INSERT INTO `expenses` VALUES (1119,'Motorcycle wash ','2025-05-18 00:00:00.000000',5000,97,'<p>By ambrose&nbsp;</p>','Uwimbabazi Hope','2025-05-23 14:56:22',7,156);
INSERT INTO `expenses` VALUES (1120,'Meeting refreshments ','2025-05-19 00:00:00.000000',5000,127,'<p>By Hope&nbsp;</p>','Uwimbabazi Hope','2025-05-23 14:56:55',7,156);
INSERT INTO `expenses` VALUES (1121,'Fuel','2025-05-19 00:00:00.000000',10000,113,'<p>By rodgers&nbsp;</p>','Uwimbabazi Hope','2025-05-23 14:57:24',7,156);
INSERT INTO `expenses` VALUES (1122,'Sunday allowance ','2025-05-19 00:00:00.000000',3000,111,'<p>By ambrose&nbsp;</p>','Uwimbabazi Hope','2025-05-23 14:57:54',7,156);
INSERT INTO `expenses` VALUES (1123,'Motorcycle repair ','2025-05-19 00:00:00.000000',4000,97,'<p>By ambrose&nbsp;</p>','Uwimbabazi Hope','2025-05-23 14:58:26',7,156);
INSERT INTO `expenses` VALUES (1124,'Withdraw charges','2025-05-19 00:00:00.000000',4000,102,'<p>By ambrose&nbsp;</p>','Uwimbabazi Hope','2025-05-23 15:00:03',7,156);
INSERT INTO `expenses` VALUES (1125,'Transport ','2025-05-20 00:00:00.000000',2000,93,'<p>By Hope&nbsp;</p>','Uwimbabazi Hope','2025-05-23 15:01:13',7,156);
INSERT INTO `expenses` VALUES (1126,'Staff allowances ','2025-05-21 00:00:00.000000',236000,115,'<p>By Hope&nbsp;</p>','Uwimbabazi Hope','2025-05-23 15:07:00',7,156);
INSERT INTO `expenses` VALUES (1127,'Withdraw charges ','2025-05-21 00:00:00.000000',2000,102,'<p>By rodgers&nbsp;</p>','Uwimbabazi Hope','2025-05-23 15:08:46',7,156);
INSERT INTO `expenses` VALUES (1128,'MTN line re activation ','2025-05-21 00:00:00.000000',3000000,129,'<p>3 lines</p>','Uwimbabazi Hope','2025-05-23 15:10:25',7,156);
INSERT INTO `expenses` VALUES (1129,'Rubber band ','2025-05-21 00:00:00.000000',2000,101,'<p>1 packet</p>','Uwimbabazi Hope','2025-05-23 15:11:57',7,156);
INSERT INTO `expenses` VALUES (1130,'Motorcycle repair ','2025-05-21 00:00:00.000000',21000,97,'<p>By ambrose&nbsp;</p>','Uwimbabazi Hope','2025-05-23 15:12:54',7,156);
INSERT INTO `expenses` VALUES (1131,'Transport ','2025-05-21 00:00:00.000000',17000,93,'<p>By Kerebu, Hope, Moreen&nbsp;</p>','Uwimbabazi Hope','2025-05-23 15:15:43',7,156);
INSERT INTO `expenses` VALUES (1132,'Staff allowances ','2025-05-22 00:00:00.000000',28000,102,'<p>By rodgers&nbsp;</p>','Uwimbabazi Hope','2025-05-23 15:16:51',7,156);
INSERT INTO `expenses` VALUES (1133,'Broker ','2025-05-22 00:00:00.000000',10000,110,'<p>By rodgers&nbsp;</p>','Uwimbabazi Hope','2025-05-23 15:17:33',7,156);
INSERT INTO `expenses` VALUES (1134,'Padlock ','2025-05-22 00:00:00.000000',5000,124,'<p>For Kampala\'s toilet&nbsp;</p>','Uwimbabazi Hope','2025-05-23 15:18:26',7,156);
INSERT INTO `expenses` VALUES (1135,'Transport ','2025-05-22 00:00:00.000000',10000,93,'<p>For Iculet&nbsp;</p>','Uwimbabazi Hope','2025-05-23 15:19:03',7,156);
INSERT INTO `expenses` VALUES (1136,'Transport ','2025-05-22 00:00:00.000000',40000,93,'<p>Moreen and Hope&nbsp;</p>','Uwimbabazi Hope','2025-05-23 15:19:30',7,156);
INSERT INTO `expenses` VALUES (1137,'Motorcycle repair ','2025-05-23 00:00:00.000000',1000,97,'<p>By rodgers&nbsp;</p>','Uwimbabazi Hope','2025-05-26 14:03:32',7,156);
INSERT INTO `expenses` VALUES (1138,'Withdraw charges','2025-05-23 00:00:00.000000',1000,102,'<p>By rodgers&nbsp;</p>','Uwimbabazi Hope','2025-05-26 14:04:12',7,156);
INSERT INTO `expenses` VALUES (1139,'Token to c/m','2025-05-23 00:00:00.000000',4000,129,'<p>By ambrose&nbsp;</p>','Uwimbabazi Hope','2025-05-26 14:05:01',7,156);
INSERT INTO `expenses` VALUES (1140,'Withdraw charges','2025-05-24 00:00:00.000000',2000,102,'<p>By ambrose&nbsp;</p>','Uwimbabazi Hope','2025-05-26 14:05:58',7,156);
INSERT INTO `expenses` VALUES (1141,'Motorcycle repair ','2025-05-24 00:00:00.000000',2000,97,'<p>By ambrose&nbsp;</p>','Uwimbabazi Hope','2025-05-26 14:06:29',7,156);
INSERT INTO `expenses` VALUES (1142,'Withdraw charges','2025-05-26 00:00:00.000000',7000,102,'<p>By ambrose and Bravor&nbsp;</p>','Uwimbabazi Hope','2025-05-28 06:33:05',7,156);
INSERT INTO `expenses` VALUES (1143,'Motorcycle repair ','2025-05-26 00:00:00.000000',3000,97,'<p>By ambrose&nbsp;</p>','Uwimbabazi Hope','2025-05-28 06:35:20',7,156);
INSERT INTO `expenses` VALUES (1144,'Transport ','2025-05-26 00:00:00.000000',7000,93,'<p>By Hope and Moreen and kellen&nbsp;</p>','Uwimbabazi Hope','2025-05-28 06:39:32',7,156);
INSERT INTO `expenses` VALUES (1145,'Staff allowances ','2025-05-26 00:00:00.000000',96000,115,'<p>By Hope&nbsp;</p>','Uwimbabazi Hope','2025-05-28 06:41:10',7,156);
INSERT INTO `expenses` VALUES (1146,'Meeting refreshments ','2025-05-27 00:00:00.000000',5000,127,'<p>5 members&nbsp;</p>','Uwimbabazi Hope','2025-05-31 09:32:37',7,156);
INSERT INTO `expenses` VALUES (1147,'Staff allowances ','2025-05-27 00:00:00.000000',190000,115,'<p>Hope</p>','Uwimbabazi Hope','2025-05-31 09:33:20',7,156);
INSERT INTO `expenses` VALUES (1148,'Ream of papers','2025-05-27 00:00:00.000000',16000,101,'<p>By Hope&nbsp;</p>','Uwimbabazi Hope','2025-05-31 09:34:08',7,156);
INSERT INTO `expenses` VALUES (1149,'Motorcycle repair ','2025-05-27 00:00:00.000000',20000,97,'<p>By ambrose&nbsp;</p>','Uwimbabazi Hope','2025-05-31 09:34:53',7,156);
INSERT INTO `expenses` VALUES (1150,'Transport ','2025-05-27 00:00:00.000000',4000,93,'<p>By Hope&nbsp;</p>','Uwimbabazi Hope','2025-05-31 09:35:30',7,156);
INSERT INTO `expenses` VALUES (1151,'Cleaning materials ','2025-05-28 00:00:00.000000',31000,106,'<p>MBADIFA&nbsp;</p>','Uwimbabazi Hope','2025-05-31 09:36:12',7,156);
INSERT INTO `expenses` VALUES (1152,'Withdraw charges','2025-05-28 00:00:00.000000',3000,102,'<p>By rodgers and ambrose&nbsp;</p>','Uwimbabazi Hope','2025-05-31 09:37:02',7,156);
INSERT INTO `expenses` VALUES (1153,'Motorcycle repair ','2025-05-28 00:00:00.000000',8000,97,'<p>By ambrose&nbsp;</p>','Uwimbabazi Hope','2025-05-31 09:37:41',7,156);
INSERT INTO `expenses` VALUES (1154,'Transport ','2025-05-28 00:00:00.000000',6000,93,'<p>By moreen and kellen and hope&nbsp;</p>','Uwimbabazi Hope','2025-05-31 09:40:36',7,156);
INSERT INTO `expenses` VALUES (1155,'Photocopying ','2025-05-29 00:00:00.000000',500,101,'<p>Trade license copies&nbsp;</p>','Uwimbabazi Hope','2025-05-31 09:41:49',7,156);
INSERT INTO `expenses` VALUES (1156,'Withdraw charges','2025-05-29 00:00:00.000000',500,102,'By Hope&nbsp;','Uwimbabazi Hope','2025-05-31 09:42:22',7,156);
INSERT INTO `expenses` VALUES (1157,'Transport ','2025-05-29 00:00:00.000000',7000,93,'<p>By kellen, moreen and hope&nbsp;</p>','Uwimbabazi Hope','2025-05-31 09:43:10',7,156);
INSERT INTO `expenses` VALUES (1158,'Motorcycle repair ','2025-05-30 00:00:00.000000',10000,97,'<p>By rodgers&nbsp;</p>','Uwimbabazi Hope','2025-05-31 11:10:48',7,156);
INSERT INTO `expenses` VALUES (1159,'Withdraw charges','2025-05-30 00:00:00.000000',4000,102,'<p>By ambrose and hope&nbsp;</p>','Uwimbabazi Hope','2025-05-31 11:11:26',7,156);
INSERT INTO `expenses` VALUES (1160,'Transport ','2025-05-30 00:00:00.000000',6000,93,'<p>Hope, Kerebu and moreen&nbsp;</p>','Uwimbabazi Hope','2025-05-31 11:12:26',7,156);
INSERT INTO `expenses` VALUES (1161,'Transport ','2025-05-30 00:00:00.000000',6000,93,'<p>Hope, Kerebu and moreen&nbsp;</p>','Uwimbabazi Hope','2025-05-31 11:14:04',7,156);
INSERT INTO `expenses` VALUES (1162,'Broker ','2025-05-31 00:00:00.000000',20000,110,'<p>By Bravor&nbsp;</p>','Uwimbabazi Hope','2025-06-03 09:15:57',7,156);
INSERT INTO `expenses` VALUES (1163,'Cleaning water','2025-05-31 00:00:00.000000',1000,106,'<p>By moreen&nbsp;</p>','Uwimbabazi Hope','2025-06-03 09:17:47',7,156);
INSERT INTO `expenses` VALUES (1164,'Box file','2025-05-31 00:00:00.000000',5000,101,'<p>By ambrose&nbsp;</p>','Uwimbabazi Hope','2025-06-03 09:18:42',7,156);
INSERT INTO `expenses` VALUES (1165,'Transport ','2025-05-31 00:00:00.000000',1000,93,'<p>By Hope&nbsp;</p>','Uwimbabazi Hope','2025-06-03 09:19:53',7,156);
INSERT INTO `expenses` VALUES (1166,'Motorcycle repair ','2025-06-01 00:00:00.000000',6000,97,'<p>By ambrose&nbsp;</p>','Uwimbabazi Hope','2025-06-03 09:20:52',7,156);
INSERT INTO `expenses` VALUES (1167,'Withdraw charges','2025-06-01 00:00:00.000000',3000,102,'<p>By ambrose&nbsp;</p>','Uwimbabazi Hope','2025-06-03 09:21:29',7,156);
INSERT INTO `expenses` VALUES (1168,'Withdraw charges','2025-06-02 00:00:00.000000',3000,102,'<p>By rodgers&nbsp;</p>','Uwimbabazi Hope','2025-06-03 09:22:56',7,156);
INSERT INTO `expenses` VALUES (1169,'Paper receipts ','2025-06-02 00:00:00.000000',30000,101,'<p>By Bravor&nbsp;</p>','Uwimbabazi Hope','2025-06-03 09:23:34',7,156);
INSERT INTO `expenses` VALUES (1170,'Staff salaries ','2025-06-02 00:00:00.000000',2927500,109,'<p>By Hope&nbsp;</p>','Uwimbabazi Hope','2025-06-03 09:24:44',7,156);
INSERT INTO `expenses` VALUES (1171,'Sunday allowance ','2025-06-02 00:00:00.000000',5000,111,'<p>By rodgers&nbsp;</p>','Uwimbabazi Hope','2025-06-03 09:25:41',7,156);
INSERT INTO `expenses` VALUES (1172,'Fuel','2025-06-02 00:00:00.000000',20000,113,'<p>By rodgers&nbsp;</p>','Uwimbabazi Hope','2025-06-03 09:26:26',7,156);
INSERT INTO `expenses` VALUES (1173,'Transport ','2025-06-02 00:00:00.000000',3000,93,'<p>By moreen&nbsp;</p>','Uwimbabazi Hope','2025-06-03 09:27:01',7,156);
INSERT INTO `expenses` VALUES (1174,'Transport ','2025-06-02 00:00:00.000000',3000,93,'<p>By moreen&nbsp;</p>','Uwimbabazi Hope','2025-06-03 09:29:35',7,156);
INSERT INTO `expenses` VALUES (1175,'URSB','2025-06-02 00:00:00.000000',40000,129,'<p>For MTN lines</p>','Uwimbabazi Hope','2025-06-04 07:05:54',7,156);
INSERT INTO `expenses` VALUES (1176,'Paper receipts ','2025-06-02 00:00:00.000000',30000,101,'<p>By Bravor&nbsp;</p>','Uwimbabazi Hope','2025-06-04 07:07:27',7,156);
INSERT INTO `expenses` VALUES (1177,'Broker ','2025-06-03 00:00:00.000000',20000,110,'<p>By ambrose&nbsp;</p>','Uwimbabazi Hope','2025-06-04 07:09:04',7,156);
INSERT INTO `expenses` VALUES (1178,'Parking fee','2025-06-03 00:00:00.000000',50000,98,'<p>For 2 motorcycles&nbsp;</p>','Uwimbabazi Hope','2025-06-04 07:11:56',7,156);
INSERT INTO `expenses` VALUES (1179,'Transport ','2025-06-03 00:00:00.000000',5000,93,'<p>By Hope and Moreen&nbsp;</p>','Uwimbabazi Hope','2025-06-04 07:13:28',7,156);
INSERT INTO `expenses` VALUES (1180,'Stationery ','2025-06-03 00:00:00.000000',10000,101,'<p>Attendance book and glue</p>','Uwimbabazi Hope','2025-06-04 07:15:24',7,156);
INSERT INTO `expenses` VALUES (1181,'A sack ','2025-06-03 00:00:00.000000',1000,129,'<p>Moreen&nbsp;</p>','Uwimbabazi Hope','2025-06-04 07:16:17',7,156);
INSERT INTO `expenses` VALUES (1182,'Meeting refreshments ','2025-06-04 00:00:00.000000',6000,127,'<p>Hope&nbsp;</p>','Uwimbabazi Hope','2025-06-05 15:40:04',7,156);
INSERT INTO `expenses` VALUES (1183,'Motorcycle repair ','2025-06-04 00:00:00.000000',21500,97,'<p>Seat cover and repair&nbsp;</p>','Uwimbabazi Hope','2025-06-05 15:41:20',7,156);
INSERT INTO `expenses` VALUES (1184,'Withdraw charges','2025-06-04 00:00:00.000000',3000,102,'<p>By ambrose&nbsp;</p>','Uwimbabazi Hope','2025-06-05 15:42:02',7,156);
INSERT INTO `expenses` VALUES (1185,'Hospitality ','2025-06-04 00:00:00.000000',500,123,'<p>Kazenga&nbsp;</p>','Uwimbabazi Hope','2025-06-05 15:42:32',7,156);
INSERT INTO `expenses` VALUES (1186,'Staff allowances ','2025-06-04 00:00:00.000000',166000,115,'<p>Only lunch&nbsp;</p>','Uwimbabazi Hope','2025-06-05 15:43:26',7,156);
INSERT INTO `expenses` VALUES (1187,'Airtime and data','2025-06-04 00:00:00.000000',270000,112,'<p>For all</p>','Uwimbabazi Hope','2025-06-05 15:44:05',7,156);
INSERT INTO `expenses` VALUES (1188,'Fuel ','2025-06-04 00:00:00.000000',100000,113,'<p>For 2 motorcycles&nbsp;</p>','Uwimbabazi Hope','2025-06-05 15:44:48',7,156);
INSERT INTO `expenses` VALUES (1189,'Inspection fuel ','2025-06-04 00:00:00.000000',100000,113,'<p>For Kerebu&nbsp;</p>','Uwimbabazi Hope','2025-06-05 15:45:27',7,156);
INSERT INTO `expenses` VALUES (1190,'Transport ','2025-06-04 00:00:00.000000',7000,93,'<p>By Hope&nbsp;</p>','Uwimbabazi Hope','2025-06-05 15:46:24',7,156);
INSERT INTO `expenses` VALUES (1191,'Broker ','2025-06-05 00:00:00.000000',15000,110,'<p>By Bravor&nbsp;</p>','Uwimbabazi Hope','2025-06-05 15:46:55',7,156);
INSERT INTO `expenses` VALUES (1192,'Ream of papers','2025-06-05 00:00:00.000000',16000,101,'<p>By Hope&nbsp;</p>','Uwimbabazi Hope','2025-06-05 15:47:28',7,156);
INSERT INTO `expenses` VALUES (1193,'Transport ','2025-06-05 00:00:00.000000',1000,93,'<p>By Bright&nbsp;</p>','Uwimbabazi Hope','2025-06-05 15:48:03',7,156);
INSERT INTO `expenses` VALUES (1194,'Transport ','2025-06-06 00:00:00.000000',1000,93,'<p>Hope&nbsp;</p>','Uwimbabazi Hope','2025-06-07 12:40:25',7,156);
INSERT INTO `expenses` VALUES (1195,'Withdraw charges','2025-06-06 00:00:00.000000',3500,102,'<p>By ambrose and Bravor&nbsp;</p>','Uwimbabazi Hope','2025-06-07 12:42:33',7,156);
INSERT INTO `expenses` VALUES (1196,'Transport ','2025-06-07 00:00:00.000000',6000,93,'<p>By Hope&nbsp;</p>','Uwimbabazi Hope','2025-06-11 06:26:58',7,156);
INSERT INTO `expenses` VALUES (1197,'Hospitality ','2025-06-07 00:00:00.000000',3000,123,'Dickson, Kerebu, and a visitor&nbsp;','Uwimbabazi Hope','2025-06-11 06:28:02',7,156);
INSERT INTO `expenses` VALUES (1198,'File','2025-06-07 00:00:00.000000',5000,101,'<p>By Hope&nbsp;</p>','Uwimbabazi Hope','2025-06-11 06:28:51',7,156);
INSERT INTO `expenses` VALUES (1199,'Withdraw charges','2025-06-07 00:00:00.000000',2000,102,'<p>By ambrose and kellen&nbsp;</p>','Uwimbabazi Hope','2025-06-11 06:29:52',7,156);
INSERT INTO `expenses` VALUES (1200,'Bailiff','2025-06-09 00:00:00.000000',150000,129,'<p>By Kerebu&nbsp;</p>','Uwimbabazi Hope','2025-06-11 06:31:03',7,156);
INSERT INTO `expenses` VALUES (1201,'Meeting refreshments ','2025-06-09 00:00:00.000000',7000,127,'<p>By Hope&nbsp;</p>','Uwimbabazi Hope','2025-06-11 06:32:42',7,156);
INSERT INTO `expenses` VALUES (1202,'Garbage fee','2025-06-09 00:00:00.000000',1000,106,'<p>By Hope&nbsp;</p>','Uwimbabazi Hope','2025-06-11 06:33:28',7,156);
INSERT INTO `expenses` VALUES (1203,'Transport ','2025-06-09 00:00:00.000000',2000,93,'<p>By bright</p>','Uwimbabazi Hope','2025-06-11 06:35:02',7,156);
INSERT INTO `expenses` VALUES (1204,'Airtime ','2025-06-09 00:00:00.000000',5000,112,'<p>By Dickson&nbsp;</p>','Uwimbabazi Hope','2025-06-11 06:36:14',7,156);
INSERT INTO `expenses` VALUES (1205,'Photocopying ','2025-06-09 00:00:00.000000',1000,101,'<p>By rodgers&nbsp;</p>','Uwimbabazi Hope','2025-06-11 06:37:44',7,156);
INSERT INTO `expenses` VALUES (1206,'Withdraw charges','2025-06-09 00:00:00.000000',7000,102,'<p>By ambrose and kellen&nbsp;</p>','Uwimbabazi Hope','2025-06-11 06:39:07',7,156);
INSERT INTO `expenses` VALUES (1207,'Staff lunch ','2025-06-10 00:00:00.000000',149000,115,'All staff members&nbsp;','Uwimbabazi Hope','2025-06-11 06:43:31',7,156);
INSERT INTO `expenses` VALUES (1208,'Fuel ','2025-06-10 00:00:00.000000',120000,113,'Rodgers and ambrose&nbsp;','Uwimbabazi Hope','2025-06-11 06:44:48',7,156);
INSERT INTO `expenses` VALUES (1209,'Airtime and data','2025-06-10 00:00:00.000000',20000,112,'<p>Iculet&nbsp;</p>','Uwimbabazi Hope','2025-06-11 06:45:48',7,156);
INSERT INTO `expenses` VALUES (1210,'Sunday allowance ','2025-06-10 00:00:00.000000',5000,111,'<p>By ambrose&nbsp;</p>','Uwimbabazi Hope','2025-06-11 06:46:28',7,156);
INSERT INTO `expenses` VALUES (1211,'Motorcycle wash','2025-06-10 00:00:00.000000',5000,97,'<p>By ambrose&nbsp;</p>','Uwimbabazi Hope','2025-06-11 06:47:17',7,156);
INSERT INTO `expenses` VALUES (1212,'Transport ','2025-06-10 00:00:00.000000',4000,93,'<p>By Hope&nbsp;</p>','Uwimbabazi Hope','2025-06-11 06:47:59',7,156);
INSERT INTO `expenses` VALUES (1213,'Transport ','2025-06-11 00:00:00.000000',3000,93,'<p>Kellen and hope&nbsp;</p>','Uwimbabazi Hope','2025-06-12 06:41:00',7,156);
INSERT INTO `expenses` VALUES (1214,'Shelve repair ','2025-06-11 00:00:00.000000',5000,97,'<p>By kellen&nbsp;</p>','Uwimbabazi Hope','2025-06-12 06:45:26',7,156);
INSERT INTO `expenses` VALUES (1215,'Ankole ','2025-06-11 00:00:00.000000',130000,134,'<p>By ambrose&nbsp;</p>','Uwimbabazi Hope','2025-06-12 06:46:11',7,156);
INSERT INTO `expenses` VALUES (1216,'Transport ','2025-06-12 00:00:00.000000',4000,93,'<p>By Hope&nbsp;</p>','Uwimbabazi Hope','2025-06-16 06:47:02',7,156);
INSERT INTO `expenses` VALUES (1217,'Withdraw charges','2025-06-12 00:00:00.000000',2000,102,'<p>By Bravor&nbsp;</p>','Uwimbabazi Hope','2025-06-16 06:47:39',7,156);
INSERT INTO `expenses` VALUES (1218,'Facilitation to kerebu','2025-06-13 00:00:00.000000',100000,93,'<p>To Kampala&nbsp;</p>','Uwimbabazi Hope','2025-06-16 06:48:53',7,156);
INSERT INTO `expenses` VALUES (1219,'Ankole ','2025-06-12 00:00:00.000000',200000,134,'<p>By rodgers&nbsp;</p>','Uwimbabazi Hope','2025-06-16 06:54:09',7,156);
INSERT INTO `expenses` VALUES (1220,'Transport ','2025-06-12 00:00:00.000000',3000,93,'<p>By Hope and kellen&nbsp;</p>','Uwimbabazi Hope','2025-06-16 06:54:53',7,156);
INSERT INTO `expenses` VALUES (1221,'Bucket ','2025-06-13 00:00:00.000000',10000,106,'<p>For MBADIFA&nbsp;</p>','Uwimbabazi Hope','2025-06-16 06:56:50',7,156);
INSERT INTO `expenses` VALUES (1222,'Transport ','2025-06-14 00:00:00.000000',2000,93,'<p>By Hope&nbsp;</p>','Uwimbabazi Hope','2025-06-16 06:57:16',7,156);
INSERT INTO `expenses` VALUES (1223,'Withdraw charges','2025-06-14 00:00:00.000000',2000,102,'<p>By Bravor&nbsp;</p>','Uwimbabazi Hope','2025-06-16 06:58:32',7,156);
INSERT INTO `expenses` VALUES (1224,'Motorcycle repair ','2025-06-14 00:00:00.000000',15000,97,'<p>By rodgers&nbsp;</p>','Uwimbabazi Hope','2025-06-16 06:59:02',7,156);
INSERT INTO `expenses` VALUES (1225,'NSSF ','2025-06-14 00:00:00.000000',285000,136,'<p>By Hope&nbsp;</p>','Uwimbabazi Hope','2025-06-16 06:59:38',7,156);
INSERT INTO `expenses` VALUES (1226,'Paye','2025-06-14 00:00:00.000000',172000,121,'<p>Paye</p>','Uwimbabazi Hope','2025-06-16 07:01:51',7,156);
INSERT INTO `expenses` VALUES (1227,'Bank charges','2025-06-14 00:00:00.000000',4000,117,'<p>Returns</p>','Uwimbabazi Hope','2025-06-16 07:03:18',7,156);
INSERT INTO `expenses` VALUES (1228,'Transport ','2025-06-16 00:00:00.000000',14000,93,'<p>By Hope, kellen and Bright</p>','Uwimbabazi Hope','2025-06-16 15:03:14',7,156);
INSERT INTO `expenses` VALUES (1229,'Meeting refreshments ','2025-06-16 00:00:00.000000',5000,127,'<p>Hope&nbsp;</p>','Uwimbabazi Hope','2025-06-16 15:05:00',7,156);
INSERT INTO `expenses` VALUES (1230,'Ankole ','2025-06-16 00:00:00.000000',150000,134,'<p>By Hope&nbsp;</p>','Uwimbabazi Hope','2025-06-16 15:06:33',7,156);
INSERT INTO `expenses` VALUES (1231,'Motorcycle punch','2025-06-16 00:00:00.000000',2000,97,'<p>By rodgers&nbsp;</p>','Uwimbabazi Hope','2025-06-17 07:35:17',7,156);
INSERT INTO `expenses` VALUES (1232,'Sunday allowance ','2025-06-15 00:00:00.000000',8000,111,'<p>Rodgers and ambrose&nbsp;</p>','Uwimbabazi Hope','2025-06-17 07:38:50',7,156);
INSERT INTO `expenses` VALUES (1233,'Withdraw charges','2025-06-15 00:00:00.000000',4000,102,'<p>Rodgers and ambrose&nbsp;</p>','Uwimbabazi Hope','2025-06-17 07:39:17',7,156);
INSERT INTO `expenses` VALUES (1234,'Rent','2025-06-15 00:00:00.000000',100000,108,'<p>For the store&nbsp;</p>','Uwimbabazi Hope','2025-06-17 07:39:53',7,156);
INSERT INTO `expenses` VALUES (1235,'Rent','2025-06-15 00:00:00.000000',550000,108,'<p>For office&nbsp;</p>','Uwimbabazi Hope','2025-06-17 07:40:32',7,156);
INSERT INTO `expenses` VALUES (1236,'Transport ','2025-06-17 00:00:00.000000',2000,93,'<p>By Bright&nbsp;</p>','Uwimbabazi Hope','2025-06-18 05:39:12',7,156);
INSERT INTO `expenses` VALUES (1237,'Broker ','2025-06-17 00:00:00.000000',60000,110,'<p>By ambrose and Kerebu&nbsp;</p>','Uwimbabazi Hope','2025-06-18 05:40:31',7,156);
INSERT INTO `expenses` VALUES (1238,'Kampala expenditure ','2025-06-17 00:00:00.000000',25000,118,'<p>Transport, and printing fee by vanessa</p>','Uwimbabazi Hope','2025-06-18 05:42:14',7,156);
INSERT INTO `expenses` VALUES (1239,'Withdraw charges','2025-06-17 00:00:00.000000',7000,102,'<p>By ambrose and Rodgers&nbsp;</p>','Uwimbabazi Hope','2025-06-18 05:43:00',7,156);
INSERT INTO `expenses` VALUES (1240,'Staff allowances ','2025-06-18 00:00:00.000000',158000,115,'<p>All</p>','Uwimbabazi Hope','2025-06-20 07:33:43',7,156);
INSERT INTO `expenses` VALUES (1241,'Fuel','2025-06-18 00:00:00.000000',120000,113,'<p>Rodgers and ambrose&nbsp;</p>','Uwimbabazi Hope','2025-06-20 07:34:22',7,156);
INSERT INTO `expenses` VALUES (1242,'Motorcycle oil','2025-06-18 00:00:00.000000',20000,97,'<p>By rodgers&nbsp;</p>','Uwimbabazi Hope','2025-06-20 07:35:09',7,156);
INSERT INTO `expenses` VALUES (1243,'Airtime ','2025-06-18 00:00:00.000000',20000,112,'<p>For the landline&nbsp;</p>','Uwimbabazi Hope','2025-06-20 07:35:56',7,156);
INSERT INTO `expenses` VALUES (1244,'Broker ','2025-06-18 00:00:00.000000',90000,110,'<p>By Kerebu&nbsp;</p>','Uwimbabazi Hope','2025-06-20 07:36:41',7,156);
INSERT INTO `expenses` VALUES (1245,'Motorcycle repair ','2025-06-18 00:00:00.000000',28000,97,'<p>By ambrose&nbsp;</p>','Uwimbabazi Hope','2025-06-20 07:37:13',7,156);
INSERT INTO `expenses` VALUES (1246,'Inspection fuel ','2025-06-19 00:00:00.000000',70000,113,'<p>Inspection by Dickson (Kampala)</p>','Uwimbabazi Hope','2025-06-20 07:41:07',7,156);
INSERT INTO `expenses` VALUES (1247,'Ream of papers','2025-06-19 00:00:00.000000',16000,101,'<p>By Hope&nbsp;</p>','Uwimbabazi Hope','2025-06-20 07:41:42',7,156);
INSERT INTO `expenses` VALUES (1248,'Motorcycle repair ','2025-06-19 00:00:00.000000',2000,97,'<p>Motorcycle punch by Rodgers&nbsp;</p>','Uwimbabazi Hope','2025-06-20 07:42:27',7,156);
INSERT INTO `expenses` VALUES (1249,'Transport ','2025-06-21 00:00:00.000000',4000,93,'<p>By Hope&nbsp;</p>','Uwimbabazi Hope','2025-06-23 09:11:57',7,156);
INSERT INTO `expenses` VALUES (1250,'Withdraw charges','2025-06-21 00:00:00.000000',5000,102,'<p>By ambrose</p>','Uwimbabazi Hope','2025-06-23 09:12:48',7,156);
INSERT INTO `expenses` VALUES (1251,'Motorcycle wash ','2025-06-21 00:00:00.000000',7000,119,'<p>By Rodgers&nbsp;</p>','Uwimbabazi Hope','2025-06-23 09:13:22',7,156);
INSERT INTO `expenses` VALUES (1252,'Toilet fee','2025-06-21 00:00:00.000000',20000,152,'<p>By Hope&nbsp;</p>','Uwimbabazi Hope','2025-06-23 09:13:50',7,156);
INSERT INTO `expenses` VALUES (1253,'Ankole ','2025-06-21 00:00:00.000000',1110000,134,'<p>Banked on Ankole by Hope&nbsp;</p>','Uwimbabazi Hope','2025-06-23 09:15:05',7,156);
INSERT INTO `expenses` VALUES (1254,'Sunday allowance ','2025-06-22 00:00:00.000000',10000,111,'<p>By ambrose and Rodgers&nbsp;</p>','Uwimbabazi Hope','2025-06-23 09:15:38',7,156);
INSERT INTO `expenses` VALUES (1255,'Broker ','2025-06-22 00:00:00.000000',20000,110,'<p>By ambrose&nbsp;</p>','Uwimbabazi Hope','2025-06-23 09:16:44',7,156);
INSERT INTO `expenses` VALUES (1256,'Broker ','2025-06-23 00:00:00.000000',10000,110,'<p>By Hope&nbsp;</p>','Uwimbabazi Hope','2025-06-25 06:10:55',7,156);
INSERT INTO `expenses` VALUES (1257,'Meeting refreshments ','2025-06-23 00:00:00.000000',6000,127,'<p>By Hope&nbsp;</p>','Uwimbabazi Hope','2025-06-25 06:12:01',7,156);
INSERT INTO `expenses` VALUES (1258,'Transport ','2025-06-23 00:00:00.000000',4000,93,'<p>By Hope&nbsp;</p>','Uwimbabazi Hope','2025-06-25 06:12:30',7,156);
INSERT INTO `expenses` VALUES (1259,'Filing data','2025-06-23 00:00:00.000000',15000,137,'<p>By Hope&nbsp;</p>','Uwimbabazi Hope','2025-06-25 06:13:20',7,156);
INSERT INTO `expenses` VALUES (1260,'Fuel ','2025-06-23 00:00:00.000000',120000,113,'<p>By ambrose and Rodgers&nbsp;</p>','Uwimbabazi Hope','2025-06-25 06:15:43',7,156);
INSERT INTO `expenses` VALUES (1261,'Transport ','2025-06-24 00:00:00.000000',2000,93,'<p>By Hope&nbsp;</p>','Uwimbabazi Hope','2025-06-25 06:16:54',7,156);
INSERT INTO `expenses` VALUES (1262,'Token to c/m','2025-06-24 00:00:00.000000',10000,96,'<p>By kellen&nbsp;</p>','Uwimbabazi Hope','2025-06-25 06:17:37',7,156);
INSERT INTO `expenses` VALUES (1263,'Token to oc','2025-06-24 00:00:00.000000',10000,96,'<p>By kellen&nbsp;</p>','Uwimbabazi Hope','2025-06-25 06:18:42',7,156);
INSERT INTO `expenses` VALUES (1264,'Withdraw charges','2025-06-24 00:00:00.000000',3000,102,'<p>By ambrose&nbsp;</p>','Uwimbabazi Hope','2025-06-25 06:20:26',7,156);
INSERT INTO `expenses` VALUES (1265,'Transport ','2025-06-25 00:00:00.000000',2000,93,'<p>By Hope&nbsp;</p>','Uwimbabazi Hope','2025-06-26 06:50:55',7,156);
INSERT INTO `expenses` VALUES (1266,'Withdraw charges','2025-06-25 00:00:00.000000',4500,102,'<p>By ambrose, Rodgers and kellen&nbsp;</p>','Uwimbabazi Hope','2025-06-26 06:51:41',7,156);
INSERT INTO `expenses` VALUES (1267,'Staff allowances ','2025-06-25 00:00:00.000000',158000,115,'<p>By Hope&nbsp;</p>','Uwimbabazi Hope','2025-06-26 06:52:16',7,156);
INSERT INTO `expenses` VALUES (1268,'Transport ','2025-06-26 00:00:00.000000',6000,93,'<p>By Hope and kellen&nbsp;</p>','Uwimbabazi Hope','2025-06-27 05:44:49',7,156);
INSERT INTO `expenses` VALUES (1269,'Hospitality ','2025-06-26 00:00:00.000000',1000,123,'<p>To Kazenga&nbsp;</p>','Uwimbabazi Hope','2025-06-27 05:45:23',7,156);
INSERT INTO `expenses` VALUES (1270,'Ankole ','2025-06-26 00:00:00.000000',500000,134,'<p>By Rodgers&nbsp;</p>','Uwimbabazi Hope','2025-06-27 05:46:03',7,156);
INSERT INTO `expenses` VALUES (1271,'Transport ','2025-06-27 00:00:00.000000',3000,93,'<p>By Bright&nbsp;</p>','Uwimbabazi Hope','2025-06-28 21:09:31',7,156);
INSERT INTO `expenses` VALUES (1272,'Drinking water ','2025-06-27 00:00:00.000000',45000,92,'<p>Jibu</p>','Uwimbabazi Hope','2025-06-28 21:10:34',7,156);
INSERT INTO `expenses` VALUES (1273,'Transport ','2025-06-28 00:00:00.000000',4000,93,'<p>By Hope and kellen&nbsp;</p>','Uwimbabazi Hope','2025-06-28 21:11:06',7,156);
INSERT INTO `expenses` VALUES (1274,'Cash book','2025-06-28 00:00:00.000000',12000,101,'<p>By Hope&nbsp;</p>','Uwimbabazi Hope','2025-06-28 21:11:38',7,156);
INSERT INTO `expenses` VALUES (1275,'Withdraw charges','2025-06-28 00:00:00.000000',2000,102,'<p>By kellen&nbsp;</p>','Uwimbabazi Hope','2025-06-28 21:13:19',7,156);
INSERT INTO `expenses` VALUES (1276,'Motorcycle seat cover ','2025-06-28 00:00:00.000000',10000,97,'<p>By Rodgers&nbsp;</p>','Uwimbabazi Hope','2025-06-28 21:14:10',7,156);
INSERT INTO `expenses` VALUES (1277,'Inspection fuel ','2025-06-28 00:00:00.000000',100000,113,'<p>By Kerebu&nbsp;</p>','Uwimbabazi Hope','2025-06-28 21:14:48',7,156);
INSERT INTO `expenses` VALUES (1278,'Token to c/m','2025-06-28 00:00:00.000000',20000,132,'<p>To c/m Rubiri&nbsp;</p>','Uwimbabazi Hope','2025-06-28 21:15:49',7,156);
INSERT INTO `expenses` VALUES (1279,'Staff salaries ','2025-06-30 00:00:00.000000',2645000,109,'<p>All</p>','Uwimbabazi Hope','2025-07-07 12:06:59',7,156);
INSERT INTO `expenses` VALUES (1280,'Condolence','2025-06-30 00:00:00.000000',15000,129,'<p>By Kerebu&nbsp;</p>','Uwimbabazi Hope','2025-07-07 12:07:49',7,156);
INSERT INTO `expenses` VALUES (1281,'Motorcycle repair ','2025-06-30 00:00:00.000000',2000,97,'<p>By Rodgers&nbsp;</p>','Uwimbabazi Hope','2025-07-07 12:08:52',7,156);
INSERT INTO `expenses` VALUES (1282,'Meeting refreshments ','2025-06-30 00:00:00.000000',5000,127,'5 members&nbsp;','Uwimbabazi Hope','2025-07-07 12:09:35',7,156);
INSERT INTO `expenses` VALUES (1283,'Fuel ','2025-06-30 00:00:00.000000',120000,113,'<p>By ambrose and Rodgers&nbsp;</p>','Uwimbabazi Hope','2025-07-07 12:10:15',7,156);
INSERT INTO `expenses` VALUES (1284,'Staff allowances ','2025-07-01 00:00:00.000000',438000,115,'<p>Lunch and airtime and data&nbsp;</p>','Uwimbabazi Hope','2025-07-07 12:14:20',7,156);
INSERT INTO `expenses` VALUES (1285,'Staff salaries ','2025-07-01 00:00:00.000000',41000,109,'<p>The balance&nbsp;</p>','Uwimbabazi Hope','2025-07-07 12:14:57',7,156);
INSERT INTO `expenses` VALUES (1286,'Office electricity ','2025-07-01 00:00:00.000000',20000,94,'<p>By Hope&nbsp;</p>','Uwimbabazi Hope','2025-07-07 12:15:41',7,156);
INSERT INTO `expenses` VALUES (1287,'Broker ','2025-07-01 00:00:00.000000',10000,110,'<p>By ambrose&nbsp;</p>','Uwimbabazi Hope','2025-07-07 12:16:19',7,156);
INSERT INTO `expenses` VALUES (1288,'Stationery ','2025-07-01 00:00:00.000000',25000,101,'<p>Ream, big box file and small</p>','Uwimbabazi Hope','2025-07-07 12:17:24',7,156);
INSERT INTO `expenses` VALUES (1289,'Transport ','2025-08-01 00:00:00.000000',5000,93,'<p>By Hope&nbsp;</p>','Uwimbabazi Hope','2025-07-07 12:17:52',7,156);
INSERT INTO `expenses` VALUES (1290,'Cleaning water','2025-07-01 00:00:00.000000',500,106,'<p>By Hope&nbsp;</p>','Uwimbabazi Hope','2025-07-07 12:18:21',7,156);
INSERT INTO `expenses` VALUES (1291,'Parcels ','2025-07-02 00:00:00.000000',3000,101,'<p>By Hope&nbsp;</p>','Uwimbabazi Hope','2025-07-07 12:19:00',7,156);
INSERT INTO `expenses` VALUES (1292,'Facilitation to Reverend ','2025-07-02 00:00:00.000000',100000,132,'<p>By Hope&nbsp;</p>','Uwimbabazi Hope','2025-07-07 12:19:42',7,156);
INSERT INTO `expenses` VALUES (1293,'Office cable ','2025-07-02 00:00:00.000000',12000,118,'<p>By Hope&nbsp;</p>','Uwimbabazi Hope','2025-07-07 12:20:28',7,156);
INSERT INTO `expenses` VALUES (1294,'Transport ','2025-07-02 00:00:00.000000',3000,93,'<p>By Hope&nbsp;</p>','Uwimbabazi Hope','2025-07-07 12:21:01',7,156);
INSERT INTO `expenses` VALUES (1295,'Seals','2025-07-03 00:00:00.000000',15000,129,'<p>By Rodgers&nbsp;</p>','Uwimbabazi Hope','2025-07-07 12:21:43',7,156);
INSERT INTO `expenses` VALUES (1296,'Withdraw charges','2025-07-03 00:00:00.000000',3000,102,'<p>By rodgers&nbsp;</p>','Uwimbabazi Hope','2025-07-07 12:22:21',7,156);
INSERT INTO `expenses` VALUES (1297,'Parking fee','2025-07-03 00:00:00.000000',50000,129,'<p>By ambrose&nbsp;</p>','Uwimbabazi Hope','2025-07-09 06:23:14',7,156);
INSERT INTO `expenses` VALUES (1298,'Garbage fee','2025-07-03 00:00:00.000000',2000,106,'<p>By Hope&nbsp;</p>','Uwimbabazi Hope','2025-07-09 06:24:00',7,156);
INSERT INTO `expenses` VALUES (1299,'Transport ','2025-07-03 00:00:00.000000',5000,93,'<p>By Hope&nbsp;</p>','Uwimbabazi Hope','2025-07-09 06:25:48',7,156);
INSERT INTO `expenses` VALUES (1300,'Withdraw charges','2025-07-04 00:00:00.000000',2000,102,'<p>By Rodgers&nbsp;</p>','Uwimbabazi Hope','2025-07-09 06:36:37',7,156);
INSERT INTO `expenses` VALUES (1301,'Rent','2025-07-04 00:00:00.000000',400000,108,'<p>Kampala&nbsp;</p>','Uwimbabazi Hope','2025-07-09 06:37:12',7,156);
INSERT INTO `expenses` VALUES (1302,'Withdraw charges','2025-07-05 00:00:00.000000',2000,102,'<p>By Rodgers&nbsp;</p>','Uwimbabazi Hope','2025-07-09 06:49:00',7,156);
INSERT INTO `expenses` VALUES (1303,'Padlock ','2025-07-05 00:00:00.000000',3000,124,'<p>By ambrose&nbsp;</p>','Uwimbabazi Hope','2025-07-09 06:49:41',7,156);
INSERT INTO `expenses` VALUES (1304,'Withdraw charges','2025-07-07 00:00:00.000000',6000,102,'<p>By ambrose&nbsp;</p>','Uwimbabazi Hope','2025-07-09 06:51:08',7,156);
INSERT INTO `expenses` VALUES (1305,'Sunday allowance ','2025-07-07 00:00:00.000000',5000,111,'<p>By ambrose&nbsp;</p>','Uwimbabazi Hope','2025-07-09 06:52:31',7,156);
INSERT INTO `expenses` VALUES (1306,'Fuel','2025-07-07 00:00:00.000000',120000,113,'<p>By ambrose and Rodgers&nbsp;</p>','Uwimbabazi Hope','2025-07-09 06:53:23',7,156);
INSERT INTO `expenses` VALUES (1307,'Staff allowances ','2025-07-08 00:00:00.000000',162000,115,'<p>By Hope&nbsp;</p>','Uwimbabazi Hope','2025-07-09 07:01:49',7,156);
INSERT INTO `expenses` VALUES (1308,'Salary','2025-07-08 00:00:00.000000',100000,109,'<p>Dickson advance&nbsp;</p>','Uwimbabazi Hope','2025-07-09 07:02:36',7,156);
INSERT INTO `expenses` VALUES (1309,'Broker ','2025-07-08 00:00:00.000000',10000,110,'<p>By ambrose&nbsp;</p>','Uwimbabazi Hope','2025-07-09 07:07:40',7,156);
INSERT INTO `expenses` VALUES (1310,'Toilet fee','2025-07-08 00:00:00.000000',20000,152,'<p>By Hope&nbsp;</p>','Uwimbabazi Hope','2025-07-09 07:08:23',7,156);
INSERT INTO `expenses` VALUES (1311,'Transport ','2025-07-08 00:00:00.000000',8000,93,'<p>By Hope and kellen&nbsp;</p>','Uwimbabazi Hope','2025-07-09 07:08:54',7,156);
INSERT INTO `expenses` VALUES (1312,'Meeting refreshments ','2025-07-08 00:00:00.000000',6000,127,'<p>By Hope&nbsp;</p>','Uwimbabazi Hope','2025-07-09 07:09:56',7,156);
INSERT INTO `expenses` VALUES (1313,'Inspection fuel ','2025-07-09 00:00:00.000000',80000,113,'To Kerebu&nbsp;','Uwimbabazi Hope','2025-07-10 14:56:33',7,156);
INSERT INTO `expenses` VALUES (1314,'Motorcycle repair ','2025-07-09 00:00:00.000000',98000,97,'<p>By Hope&nbsp;</p>','Uwimbabazi Hope','2025-07-10 14:57:07',7,156);
INSERT INTO `expenses` VALUES (1315,'Paper receipts ','2025-07-09 00:00:00.000000',30000,101,'<p>By Bravor&nbsp;</p>','Uwimbabazi Hope','2025-07-10 14:59:05',7,156);
INSERT INTO `expenses` VALUES (1316,'Broker ','2025-07-09 00:00:00.000000',10000,110,'<p>By ambrose&nbsp;</p>','Uwimbabazi Hope','2025-07-10 14:59:38',7,156);
INSERT INTO `expenses` VALUES (1317,'Water refill ','2025-07-09 00:00:00.000000',9000,92,'<p>By ambrose&nbsp;</p>','Uwimbabazi Hope','2025-07-10 15:00:14',7,156);
INSERT INTO `expenses` VALUES (1318,'Transport ','2025-07-09 00:00:00.000000',2000,93,'<p>By Hope&nbsp;</p>','Uwimbabazi Hope','2025-07-10 15:01:59',7,156);
INSERT INTO `expenses` VALUES (1319,'Subscription fee','2025-07-10 00:00:00.000000',200000,98,'<p>For Dickson and Kerebu&nbsp;</p>','Uwimbabazi Hope','2025-07-12 14:12:47',7,156);
INSERT INTO `expenses` VALUES (1320,'Advance to Dickson ','2025-07-10 00:00:00.000000',25000,122,'<p>By Dickson&nbsp;</p>','Uwimbabazi Hope','2025-07-12 14:13:30',7,156);
INSERT INTO `expenses` VALUES (1321,'Ream of papers','2025-07-10 00:00:00.000000',16000,101,'<p>By Hope&nbsp;</p>','Uwimbabazi Hope','2025-07-12 14:14:20',7,156);
INSERT INTO `expenses` VALUES (1322,'Transport ','2025-07-10 00:00:00.000000',9000,93,'<p>By kellen, hope and Osbert&nbsp;</p>','Uwimbabazi Hope','2025-07-12 14:15:06',7,156);
INSERT INTO `expenses` VALUES (1323,'Sack','2025-07-10 00:00:00.000000',1000,106,'<p>By rodgers&nbsp;</p>','Uwimbabazi Hope','2025-07-12 14:15:59',7,156);
INSERT INTO `expenses` VALUES (1324,'Withdraw charges','2025-07-10 00:00:00.000000',2000,102,'<p>By ambrose&nbsp;</p>','Uwimbabazi Hope','2025-07-12 14:16:41',7,156);
INSERT INTO `expenses` VALUES (1325,'Broker ','2025-07-10 00:00:00.000000',10000,110,'<p>By ambrose&nbsp;</p>','Uwimbabazi Hope','2025-07-12 14:17:08',7,156);
INSERT INTO `expenses` VALUES (1326,'Withdraw charges','2025-07-11 00:00:00.000000',6000,102,'<p>By ambrose and Rodgers&nbsp;</p>','Uwimbabazi Hope','2025-07-12 14:18:44',7,156);
INSERT INTO `expenses` VALUES (1327,'Advances','2025-07-11 00:00:00.000000',400000,122,'<p>Kerebu 300k and Dickson 100k</p>','Uwimbabazi Hope','2025-07-12 14:19:32',7,156);
INSERT INTO `expenses` VALUES (1328,'Transport ','2025-07-12 00:00:00.000000',4000,93,'<p>By Hope and Osbert&nbsp;</p>','Uwimbabazi Hope','2025-07-12 14:20:03',7,156);
DELIMITER ;;
/*!50003 CREATE*/ /*!50017 DEFINER=`estatesmanager`@`localhost`*/ /*!50003 TRIGGER `update_liability` BEFORE INSERT ON `expenses` FOR EACH ROW BEGIN
  IF NEW.liability IS NULL THEN
    SET NEW.liability = 7;
  END IF;
END */;;
DELIMITER ;

--
